000
CXUS52 KTAE 010800
CF6TLH
PRELIMINARY LOCAL CLIMATOLOGICAL DATA (WS FORM: F-6)
STATION: TALLAHASSEE
MONTH: SEPTEMBER
YEAR: 2021
LATITUDE: 30 22 N
LONGITUDE: 84 22 W
TEMPERATURE IN F: :PCPN: SNOW: WIND :SUNSHINE: SKY :PK WND
================================================================================
1 2 3 4 5 6A 6B 7 8 9 10 11 12 13 14 15 16 17 18
12Z AVG MX 2MIN
DY MAX MIN AVG DEP HDD CDD WTR SNW DPTH SPD SPD DIR MIN PSBL S-S WX SPD DR
================================================================================
1 88 74 81 0 0 16 0.82 0.0 M 6.2 15 230 M M 5 13 20 230
2 92 72 82 1 0 17 0.00 0.0 M 5.2 22 280 M M 4 26 280
3 91 73 82 1 0 17 0.00 0.0 0 5.9 14 100 M M 4 18 120
4 90 70 80 -1 0 15 0.00 0.0 0 4.9 13 80 M M 2 15 80
5 91 67 79 -2 0 14 0.00 0.0 M 2.5 10 200 M M 3 13 350
6 90 70 80 -1 0 15 0.00 0.0 0 3.4 14 180 M M 3 18 150
7 90 71 81 0 0 16 0.25 M M 2.8 15 200 M M 4 3 19 190
8 76 72 74 -7 0 9 2.80 M M 5.8 30 340 M M 7 13 40 340
9 89 71 80 0 0 15 0.33 0.0 0 7.5 26 340 M M 8 1 35 350
10 89 69 79 -1 0 14 0.00 0.0 M 3.2 10 10 M M 4 14 350
11 88 71 80 0 0 15 0.41 0.0 0 6.8 18 130 M M 6 3 24 150
12 89 72 81 1 0 16 T 0.0 0 5.0 14 110 M M 6 17 90
13 89 72 81 1 0 16 0.00 0.0 0 3.8 10 90 M M 4 17 110
14 86 70 78 -2 0 13 0.02 0.0 0 3.0 14 350 M M 5 3 17 340
15 86 74 80 0 0 15 1.02 0.0 0 5.7 18 220 M M 7 1 22 220
16 85 72 79 0 0 14 0.22 0.0 0 4.8 14 160 M M 7 1 19 160
17 83 74 79 0 0 14 T 0.0 0 4.1 10 100 M M 7 12 130
18 89 74 82 3 0 17 0.86 0.0 0 3.3 24 150 M M 4 3 31 150
19 85 74 80 1 0 15 0.10 0.0 M 4.0 15 140 M M 9 1 19 140
20 86 74 80 2 0 15 0.01 0.0 M 4.2 17 190 M M 7 3 20 200
21 89 72 81 3 0 16 1.42 0.0 0 2.1 29 230 M M 4 13 34 230
22 91 70 81 3 0 16 T 0.0 0 6.3 22 320 M M 7 1 29 310
23 81 58 70 -8 0 5 0.00 0.0 0 6.6 15 360 M M 1 19 360
24 83 55 69 -9 0 4 0.00 0.0 0 3.6 10 30 M M 1 17 60
25 86 64 75 -2 0 10 0.00 0.0 M 2.9 10 100 M M 4 12 100
26 87 64 76 -1 0 11 0.00 0.0 M 2.9 10 110 M M 3 14 110
27 90 65 78 1 0 13 0.00 0.0 M 3.0 12 180 M M 3 14 180
28 89 66 78 2 0 13 0.00 0.0 0 2.0 12 170 M M 6 14 180
29 90 65 78 2 0 13 0.00 0.0 0 1.4 12 140 M M 3 14 130
30 89 64 77 1 0 12 0.00 M 0 2.3 9 60 M M 4 14 40
================================================================================
SM 2627 2079 0 411 8.26 0.0 125.2 M 142
================================================================================
AV 87.6 69.3 4.2 FASTST M M 5 MAX(MPH)
MISC ----> 30 340 40 340
================================================================================
NOTES:
# LAST OF SEVERAL OCCURRENCES
COLUMN 17 PEAK WIND IN M.P.H.
PRELIMINARY LOCAL CLIMATOLOGICAL DATA (WS FORM: F-6) , PAGE 2
STATION: TALLAHASSEE
MONTH: SEPTEMBER
YEAR: 2021
LATITUDE: 30 22 N
LONGITUDE: 84 22 W
[TEMPERATURE DATA] [PRECIPITATION DATA] SYMBOLS USED IN COLUMN 16
AVERAGE MONTHLY: 78.4 TOTAL FOR MONTH: 8.26 1 = FOG OR MIST
DPTR FM NORMAL: -0.7 DPTR FM NORMAL: 3.35 2 = FOG REDUCING VISIBILITY
HIGHEST: 92 ON 2 GRTST 24HR 3.13 ON 8- 9 TO 1/4 MILE OR LESS
LOWEST: 55 ON 24 3 = THUNDER
SNOW, ICE PELLETS, HAIL 4 = ICE PELLETS
TOTAL MONTH: 0.0 INCH 5 = HAIL
GRTST 24HR 0.0 6 = FREEZING RAIN OR DRIZZLE
GRTST DEPTH: 0 7 = DUSTSTORM OR SANDSTORM:
VSBY 1/2 MILE OR LESS
8 = SMOKE OR HAZE
[NO. OF DAYS WITH] [WEATHER - DAYS WITH] 9 = BLOWING SNOW
X = TORNADO
MAX 32 OR BELOW: 0 0.01 INCH OR MORE: 12
MAX 90 OR ABOVE: 9 0.10 INCH OR MORE: 10
MIN 32 OR BELOW: 0 0.50 INCH OR MORE: 5
MIN 0 OR BELOW: 0 1.00 INCH OR MORE: 3
[HDD (BASE 65) ]
TOTAL THIS MO. 0 CLEAR (SCALE 0-3) 6
DPTR FM NORMAL 0 PTCLDY (SCALE 4-7) 23
TOTAL FM JUL 1 0 CLOUDY (SCALE 8-10) 1
DPTR FM NORMAL 0
[CDD (BASE 65) ]
TOTAL THIS MO. 411
DPTR FM NORMAL -12 [PRESSURE DATA]
TOTAL FM JAN 1 2472 HIGHEST SLP M ON M
DPTR FM NORMAL -21 LOWEST SLP 29.66 ON 8
[REMARKS]
#FINAL-09-21#