000
CXUS52 KTAE 011335
CLMTLH
CLIMATE REPORT
NATIONAL WEATHER SERVICE TALLAHASSEE FL
935 AM EDT FRI SEP 01 2023
...................................
...THE TALLAHASSEE CLIMATE SUMMARY FOR THE MONTH OF AUGUST 2023...
CLIMATE NORMAL PERIOD 1991 TO 2020
CLIMATE RECORD PERIOD 1896 TO 2023
WEATHER OBSERVED NORMAL DEPART LAST YEAR`S
VALUE DATE(S) VALUE FROM VALUE DATE(S)
NORMAL
................................................................
TEMPERATURE (F)
RECORD
HIGH 103 08/15/1995
LOW 57 08/23/1997
HIGHEST 102 08/25 MM MM 96 08/17
LOWEST 71 08/18 MM MM 70 08/15
AVG. MAXIMUM 96.8 91.5 5.3 90.8
AVG. MINIMUM 75.9 73.2 2.7 73.0
MEAN 86.4 82.4 4.0 81.9
DAYS MAX >= 90 30 23.8 6.2 26
DAYS MAX <= 32 0 0.0 0.0 0
DAYS MIN <= 32 0 0.0 0.0 0
DAYS MIN <= 0 0 0.0 0.0 0
PRECIPITATION (INCHES)
RECORD
MAXIMUM 16.52 2008
MINIMUM 2.03 2011
TOTALS 5.20 7.60 -2.40 8.47
SNOWFALL (INCHES)
RECORDS
TOTAL MM MM
TOTALS 0.0 MM MM MM
SINCE 7/1 MM MM MM MM
DEGREE DAYS
HEATING TOTAL 0 0 0 0
SINCE 7/1 0 0 0 MM
COOLING TOTAL 671 538 133 533
SINCE 1/1 2557 2070 487 MM
................................................................
WIND (MPH)
AVERAGE WIND SPEED 5.1
RESULTANT WIND SPEED/DIRECTION 1/040
HIGHEST WIND SPEED/DIRECTION 33/090 DATE 08/25
33/340 08/30
HIGHEST GUST SPEED/DIRECTION 54/130 DATE 08/25
SKY COVER
POSSIBLE SUNSHINE (PERCENT) MM
AVERAGE SKY COVER 0.37
NUMBER OF DAYS FAIR 14
NUMBER OF DAYS PC 17
NUMBER OF DAYS CLOUDY 0
AVERAGE RH (PERCENT) 71
WEATHER CONDITIONS. NUMBER OF DAYS WITH
THUNDERSTORM 19 MIXED PRECIP 0
HEAVY RAIN 7 RAIN 7
LIGHT RAIN 12 FREEZING RAIN 0
LT FREEZING RAIN 0 HAIL 0
HEAVY SNOW 0 SNOW 0
LIGHT SNOW 0 SLEET 0
FOG 14 FOG W/VIS <= 1/4 MILE 0
HAZE 1
- INDICATES NEGATIVE NUMBERS.
R INDICATES RECORD WAS SET OR TIED.
MM INDICATES DATA IS MISSING.
T INDICATES TRACE AMOUNT.
$$