000
CXUS51 KCLE 021842
CLSTOL
CLIMATE REPORT
NATIONAL WEATHER SERVICE CLEVELAND, OH
242 PM EDT THU SEP 02 2021
...................................
...THE TOLEDO OH CLIMATE SUMMARY FOR THE SEASON, FROM
6/1/2021 TO 8/31/2021...
CLIMATE NORMAL PERIOD 1991 TO 2020
CLIMATE RECORD PERIOD 1873 TO 2021
WEATHER OBSERVED NORMAL DEPART
VALUE DATE(S) VALUE FROM
NORMAL
................................................
TEMPERATURE (F)
RECORD
HIGH 105 07/14/1936
LOW 32 06/11/1972
HIGHEST 95 08/24
LOWEST 47 06/22
AVG. MAXIMUM 85.2 84.5 0.7
AVG. MINIMUM 65.7 62.5 3.2
MEAN 75.4 73.5 1.9
DAYS MAX >= 90 24 15.7
DAYS MAX <= 32 0 0.0
DAYS MIN <= 32 0 0.0
DAYS MIN <= 0 0 0.0
PRECIPITATION (INCHES)
RECORD
MAXIMUM 16.64 1989
MINIMUM 2.78 1894
TOTALS 12.25 9.87 2.38
DAYS >= .01 32 29.5
DAYS >= .10 20 17.8
DAYS >= .50 10 6.7
DAYS >= 1.00 4 2.3
SNOWFALL (INCHES)
RECORDS
TOTAL T 2012
TOTALS 0.0 0.0
DAYS >= TRACE 0
DAYS >= 1.0 0 0.0
DEGREE DAYS
HEATING TOTAL 10 25 -15
COOLING TOTAL 991 805 186
................................................
WIND (MPH)
HIGHEST GUST SPEED/DIRECTION 50/240 DATE 06/20
SKY COVER
POSSIBLE SUNSHINE (PERCENT) MM
NUMBER OF DAYS FAIR 63
NUMBER OF DAYS PC 22
NUMBER OF DAYS CLOUDY 7
WEATHER CONDITIONS. NUMBER OF DAYS WITH
THUNDERSTORM 23 MIXED PRECIP 0
HEAVY RAIN 18 RAIN 23
LIGHT RAIN 34 FREEZING RAIN 0
LT FREEZING RAIN 0 HAIL 0
HEAVY SNOW 0 SNOW 0
LIGHT SNOW 0 SLEET 0
FOG 46 FOG W/VIS <= 1/4 MILE 4
HAZE 29
- INDICATES NEGATIVE NUMBERS.
R INDICATES RECORD WAS SET OR TIED.
MM INDICATES DATA IS MISSING.
T INDICATES TRACE AMOUNT.
$$