000
CXUS53 KTOP 010910
CF6TOP
PRELIMINARY LOCAL CLIMATOLOGICAL DATA (WS FORM: F-6)
STATION: TOPEKA KS
MONTH: FEBRUARY
YEAR: 2024
LATITUDE: 39 4 N
LONGITUDE: 95 38 W
TEMPERATURE IN F: :PCPN: SNOW: WIND :SUNSHINE: SKY :PK WND
================================================================================
1 2 3 4 5 6A 6B 7 8 9 10 11 12 13 14 15 16 17 18
12Z AVG MX 2MIN
DY MAX MIN AVG DEP HDD CDD WTR SNW DPTH SPD SPD DIR MIN PSBL S-S WX SPD DR
================================================================================
1 70 42 56 25 9 0 0.00 0.0 0 5.7 13 180 M M 1 17 180
2 71 43 57 25 8 0 0.00 0.0 0 10.6 25 110 M M 2 31 110
3 53 43 48 16 17 0 0.48 0.0 0 11.3 21 80 M M 9 18 27 80
4 50 39 45 13 20 0 0.35 0.0 0 8.1 16 20 M M 8 18 21 10
5 52 31 42 10 23 0 0.00 0.0 0 4.3 15 260 M M 0 18 20 250
6 60 28 44 12 21 0 0.00 0.0 0 3.7 13 140 M M 4 128 18 290
7 61 42 52 19 13 0 0.00 0.0 0 11.8 21 170 M M 0 33 160
8 66 39 53 20 12 0 0.00 0.0 0 13.1 25 210 M M 1 43 180
9 61 33 47 14 18 0 0.00 0.0 0 6.8 17 360 M M 0 24 10
10 45 27 36 3 29 0 0.00 0.0 0 6.2 17 40 M M 3 1 23 40
11 46 30 38 4 27 0 0.00 0.0 0 6.5 14 20 M M 2 19 10
12 57 23 40 6 25 0 0.00 0.0 0 4.1 17 310 M M 0 18 25 300
13 66 27 47 13 18 0 0.00 0.0 0 5.3 21 220 M M 1 31 220
14 69 27 48 14 17 0 T 0.0 0 7.8 25 150 M M 1 34 160
15 55 33 44 9 21 0 0.00 0.0 0 9.5 24 310 M M 4 35 350
16 37 19 28 -7 37 0 0.02 0.3 0 13.2 23 350 M M 8 18 32 360
17 35 11 23 -13 42 0 0.00 0.0 0 8.1 22 350 M M 0 29 340
18 57 21 39 3 26 0 0.00 0.0 0 4.1 13 270 M M 0 18 260
19 59 24 42 6 23 0 0.00 0.0 0 5.5 20 190 M M 0 29 210
20 71 25 48 12 17 0 0.00 0.0 0 3.4 15 180 M M 0 1 29 190
21 71 34 53 16 12 0 0.00 0.0 0 4.3 14 150 M M 0 20 160
22 69 40 55 18 10 0 0.00 0.0 0 9.3 21 350 M M 1 1 28 350
23 68 35 52 14 13 0 0.00 0.0 0 10.3 29 310 M M 1 41 320
24 68 27 48 10 17 0 0.00 0.0 0 6.9 18 230 M M 0 18 28 240
25 76 31 54 16 11 0 0.00 0.0 0 3.5 17 270 M M 0 24 260
26 83 32 58 19 7 0 0.00 0.0 0 3.8 14 250 M M 0 21 210
27 75 22 49 10 16 0 0.05 0.5 0 12.1 31 340 M M 2 53 310
28 40 14 27 -13 38 0 0.00 0.0 T 8.2 24 330 M M 1 35 320
29 58 25 42 2 23 0 0.00 0.0 0 10.3 25 160 M M 1 40 170
================================================================================
SM 1749 867 570 0 0.90 0.8 217.8 M 50
================================================================================
AV 60.3 29.9 7.5 FASTST M M 2 MAX(MPH)
MISC ----> 31 340 53 310
================================================================================
NOTES:
# LAST OF SEVERAL OCCURRENCES
COLUMN 17 PEAK WIND IN M.P.H.
PRELIMINARY LOCAL CLIMATOLOGICAL DATA (WS FORM: F-6) , PAGE 2
STATION: TOPEKA KS
MONTH: FEBRUARY
YEAR: 2024
LATITUDE: 39 4 N
LONGITUDE: 95 38 W
[TEMPERATURE DATA] [PRECIPITATION DATA] SYMBOLS USED IN COLUMN 16
AVERAGE MONTHLY: 45.1 TOTAL FOR MONTH: 0.90 1 = FOG OR MIST
DPTR FM NORMAL: 10.2 DPTR FM NORMAL: -0.41 2 = FOG REDUCING VISIBILITY
HIGHEST: 83 ON 26 GRTST 24HR 0.75 ON 3- 4 TO 1/4 MILE OR LESS
LOWEST: 11 ON 17 3 = THUNDER
SNOW, ICE PELLETS, HAIL 4 = ICE PELLETS
TOTAL MONTH: 0.8 INCH 5 = HAIL
GRTST 24HR 0.5 ON 27-27 6 = FREEZING RAIN OR DRIZZLE
GRTST DEPTH: T 7 = DUSTSTORM OR SANDSTORM:
VSBY 1/2 MILE OR LESS
8 = SMOKE OR HAZE
[NO. OF DAYS WITH] [WEATHER - DAYS WITH] 9 = BLOWING SNOW
X = TORNADO
MAX 32 OR BELOW: 0 0.01 INCH OR MORE: 4
MAX 90 OR ABOVE: 0 0.10 INCH OR MORE: 2
MIN 32 OR BELOW: 18 0.50 INCH OR MORE: 0
MIN 0 OR BELOW: 0 1.00 INCH OR MORE: 0
[HDD (BASE 65) ]
TOTAL THIS MO. 570 CLEAR (SCALE 0-3) 24
DPTR FM NORMAL -271 PTCLDY (SCALE 4-7) 3
TOTAL FM JUL 1 3313 CLOUDY (SCALE 8-10) 2
DPTR FM NORMAL -581
[CDD (BASE 65) ]
TOTAL THIS MO. 0
DPTR FM NORMAL 0 [PRESSURE DATA]
TOTAL FM JAN 1 0 HIGHEST SLP 30.52 ON 17
DPTR FM NORMAL 0 LOWEST SLP 29.31 ON 27
[REMARKS]
#FINAL-02-24#