000
CXUS53 KTOP 010810
CF6TOP
PRELIMINARY LOCAL CLIMATOLOGICAL DATA (WS FORM: F-6)
STATION: TOPEKA KS
MONTH: JULY
YEAR: 2021
LATITUDE: 39 4 N
LONGITUDE: 95 38 W
TEMPERATURE IN F: :PCPN: SNOW: WIND :SUNSHINE: SKY :PK WND
================================================================================
1 2 3 4 5 6A 6B 7 8 9 10 11 12 13 14 15 16 17 18
12Z AVG MX 2MIN
DY MAX MIN AVG DEP HDD CDD WTR SNW DPTH SPD SPD DIR MIN PSBL S-S WX SPD DR
================================================================================
1 86 69 78 -1 0 13 0.00 0.0 0 5.4 13 30 M M 2 1 18 10
2 88 66 77 -2 0 12 0.00 0.0 0 2.6 9 80 M M 0 1 12 80
3 90 66 78 -1 0 13 0.00 0.0 0 1.9 7 60 M M 0 1 10 70
4 89 68 79 0 0 14 0.00 0.0 0 3.7 13 160 M M 1 18 18 180
5 89 68 79 0 0 14 0.00 0.0 0 4.1 12 160 M M 0 18 17 150
6 88 66 77 -2 0 12 0.00 0.0 0 4.2 14 140 M M 1 19 180
7 87 68 78 -1 0 13 0.01 0.0 0 5.6 17 340 M M 5 1 25 330
8 86 61 74 -5 0 9 0.00 0.0 0 2.9 12 160 M M 1 15 110
9 96 70 83 3 0 18 0.00 0.0 0 9.5 21 190 M M 0 33 170
10 86 66 76 -4 0 11 0.77 0.0 0 7.3 32 270 M M 5 138 57 300
11 80 66 73 -7 0 8 0.01 0.0 0 8.1 18 350 M M 9 1 25 320
12 82 64 73 -7 0 8 0.00 0.0 0 4.5 12 350 M M 4 16 310
13 90 61 76 -4 0 11 0.00 0.0 0 7.1 16 160 M M 1 1 24 170
14 91 76 84 4 0 19 0.00 0.0 0 12.5 22 180 M M 0 30 180
15 81 69 75 -5 0 10 1.12 0.0 0 4.3 17 200 M M 7 13 27 200
16 85 69 77 -3 0 12 0.00 0.0 0 2.6 8 100 M M 6 1 11 40
17 86 69 78 -2 0 13 0.02 0.0 0 5.4 15 160 M M 2 13 20 120
18 85 68 77 -3 0 12 0.00 0.0 0 5.0 12 60 M M 1 17 60
19 85 66 76 -4 0 11 0.00 0.0 0 4.2 14 60 M M 1 2 19 50
20 87 64 76 -4 0 11 0.00 0.0 0 2.3 9 80 M M 1 12 15 30
21 88 64 76 -4 0 11 0.00 0.0 0 2.4 8 140 M M 2 12 11 150
22 88 66 77 -3 0 12 0.00 0.0 0 5.1 15 170 M M 1 1 21 160
23 93 69 81 1 0 16 0.00 0.0 0 7.1 15 160 M M 1 18 22 210
24 96 74 85 5 0 20 0.00 0.0 0 4.8 12 180 M M 1 17 180
25 89 71 80 0 0 15 1.02 0.0 0 4.0 26 350 M M 3 13 37 350
26 90 70 80 0 0 15 0.00 0.0 0 4.4 14 120 M M 0 19 130
27 94 69 82 2 0 17 0.00 0.0 0 2.1 9 80 M M 0 1 12 70
28 96 72 84 4 0 19 0.00 0.0 0 5.3 14 160 M M 0 1 20 170
29 100 73 87 7 0 22 0.00 0.0 0 3.5 13 240 M M 0 17 270
30 98 74 86 6 0 21 0.00 0.0 0 3.8 13 160 M M 0 17 140
31 87 71 79 -1 0 14 0.01 0.0 0 7.0 17 350 M M 3 18 23 10
================================================================================
SM 2756 2113 0 426 2.96 0.0 152.7 M 58
================================================================================
AV 88.9 68.2 4.9 FASTST M M 2 MAX(MPH)
MISC ----> 32 270 57 300
================================================================================
NOTES:
# LAST OF SEVERAL OCCURRENCES
COLUMN 17 PEAK WIND IN M.P.H.
PRELIMINARY LOCAL CLIMATOLOGICAL DATA (WS FORM: F-6) , PAGE 2
STATION: TOPEKA KS
MONTH: JULY
YEAR: 2021
LATITUDE: 39 4 N
LONGITUDE: 95 38 W
[TEMPERATURE DATA] [PRECIPITATION DATA] SYMBOLS USED IN COLUMN 16
AVERAGE MONTHLY: 78.5 TOTAL FOR MONTH: 2.96 1 = FOG OR MIST
DPTR FM NORMAL: -1.3 DPTR FM NORMAL: -1.03 2 = FOG REDUCING VISIBILITY
HIGHEST: 100 ON 29 GRTST 24HR 1.12 ON 15-15 TO 1/4 MILE OR LESS
LOWEST: 61 ON 13, 8 3 = THUNDER
SNOW, ICE PELLETS, HAIL 4 = ICE PELLETS
TOTAL MONTH: 0.0 INCH 5 = HAIL
GRTST 24HR 0.0 6 = FREEZING RAIN OR DRIZZLE
GRTST DEPTH: 0 7 = DUSTSTORM OR SANDSTORM:
VSBY 1/2 MILE OR LESS
8 = SMOKE OR HAZE
[NO. OF DAYS WITH] [WEATHER - DAYS WITH] 9 = BLOWING SNOW
X = TORNADO
MAX 32 OR BELOW: 0 0.01 INCH OR MORE: 7
MAX 90 OR ABOVE: 11 0.10 INCH OR MORE: 3
MIN 32 OR BELOW: 0 0.50 INCH OR MORE: 3
MIN 0 OR BELOW: 0 1.00 INCH OR MORE: 2
[HDD (BASE 65) ]
TOTAL THIS MO. 0 CLEAR (SCALE 0-3) 24
DPTR FM NORMAL 0 PTCLDY (SCALE 4-7) 6
TOTAL FM JUL 1 0 CLOUDY (SCALE 8-10) 1
DPTR FM NORMAL 0
[CDD (BASE 65) ]
TOTAL THIS MO. 426
DPTR FM NORMAL -31 [PRESSURE DATA]
TOTAL FM JAN 1 913 HIGHEST SLP M ON M
DPTR FM NORMAL -8 LOWEST SLP 29.77 ON 9
[REMARKS]
#FINAL-07-21#