000
CXUS55 KCYS 022220 CCA
CF6TOR
PRELIMINARY LOCAL CLIMATOLOGICAL DATA (WS FORM: F-6)...CORRECTED
STATION: TORRINGTON WY AIRPORT
MONTH: FEBRUARY
YEAR: 2023
LATITUDE: 42 3 N
LONGITUDE: 104 9 W
TEMPERATURE IN F: :PCPN: SNOW: WIND :SUNSHINE: SKY :PK WND
================================================================================
1 2 3 4 5 6A 6B 7 8 9 10 11 12 13 14 15 16 17 18
12Z AVG MX 2MIN
DY MAX MIN AVG DEP HDD CDD WTR SNW DPTH SPD SPD DIR MIN PSBL S-S WX SPD DR
================================================================================
1 37 19 28 -1 37 0 0.00 M M 9.8 23 280 M M 0 33 280
2 36 15 26 -3 39 0 0.00 M M 6.2 16 300 M M 0 22 300
3 47 30 39 10 26 0 0.00 M M 14.7 30 260 M M 0 44 280
4 45 33 39 10 26 0 0.00 M M 15.2 26 260 M M 0 37 270
5 45 23 34 5 31 0 0.00 M M 8.5 21 140 M M 0 26 130
6 39 26 33 4 32 0 0.00 M M 13.3 28 310 M M 3 41 310
7 46 24 35 6 30 0 0.00 M M 6.2 15 300 M M 0 20 300
8 47 22 35 6 30 0 T M M 13.1 26 340 M M 2 39 330
9 33 18 26 -3 39 0 T M M 16.3 31 340 M M 5 45 320
10 49 9 29 -1 36 0 0.00 M M 5.4 16 260 M M 0 22 250
11 58 18 38 8 27 0 0.00 M M 3.8 15 20 M M 0 20 260
12 47 22 35 5 30 0 0.00 M M 6.1 15 340 M M 0 19 340
13 60 17 39 9 26 0 0.00 M M 5.6 15 250 M M 0 20 250
14 45 17 31 1 34 0 0.00 M M 18.0 33 320 M M 3 48 310
15 18 10 14 -16 51 0 T M M 12.1 26 340 M M 7 8 43 330
16 35 5 20 -10 45 0 0.00 M M 9.5 18 280 M M 0 27 300
17 51 11 31 0 34 0 0.00 M M 11.8 31 270 M M 0 43 270
18 51 31 41 10 24 0 0.00 M M 11.6 30 260 M M 0 40 280
19 44 26 35 4 30 0 0.00 M M 16.6 37 270 M M 2 49 270
20 53 24 39 8 26 0 T M M 19.6 39 270 M M 3 58 250
21 50 6 28 -4 37 0 M M M 17.5 37 30 M M 7 1 51 40
22 6 -11 -2 -34 67 0 M M M 12.4 20 360 M M 10 8 26 30
23 3 -23 -10 -42 75 0 0.00 M M 5.8 20 110 M M 2 26 120
24 16 -3 7 -25 58 0 0.00 M M 8.6 20 130 M M 1 26 110
25 48 4 26 -7 39 0 0.00 M M 6.9 18 290 M M 0 26 280
26 49 23 36 3 29 0 0.00 M M 9.4 33 290 M M 1 50 300
27 50 30 40 7 25 0 0.00 M M 17.1 32 280 M M 0 49 300
28 48 26 37 3 28 0 0.00 M M 17.5 47 260 M M 2 60 260
================================================================================
SM 1156 452 1011 0 T M 318.6 M 48
================================================================================
AV 41.3 16.1 11.4 FASTST M M 2 MAX(MPH)
MISC ----> 47 260 60 260
================================================================================
NOTES:
# LAST OF SEVERAL OCCURRENCES
COLUMN 17 PEAK WIND IN M.P.H.
PRELIMINARY LOCAL CLIMATOLOGICAL DATA (WS FORM: F-6) , PAGE 2
STATION: TORRINGTON WY AIRPORT
MONTH: FEBRUARY
YEAR: 2023
LATITUDE: 42 3 N
LONGITUDE: 104 9 W
[TEMPERATURE DATA] [PRECIPITATION DATA] SYMBOLS USED IN COLUMN 16
AVERAGE MONTHLY: 28.7 TOTAL FOR MONTH: T 1 = FOG OR MIST
DPTR FM NORMAL: -1.9 DPTR FM NORMAL: -0.29 2 = FOG REDUCING VISIBILITY
HIGHEST: 60 ON 13 GRTST 24HR T ON 8- 8 TO 1/4 MILE OR LESS
LOWEST: -23 ON 23 3 = THUNDER
SNOW, ICE PELLETS, HAIL 4 = ICE PELLETS
TOTAL MONTH: M 5 = HAIL
GRTST 24HR M ON M 6 = FREEZING RAIN OR DRIZZLE
GRTST DEPTH: M ON M 7 = DUSTSTORM OR SANDSTORM:
VSBY 1/2 MILE OR LESS
8 = SMOKE OR HAZE
[NO. OF DAYS WITH] [WEATHER - DAYS WITH] 9 = BLOWING SNOW
X = TORNADO
MAX 32 OR BELOW: 4 0.01 INCH OR MORE: 0
MAX 90 OR ABOVE: 0 0.10 INCH OR MORE: 0
MIN 32 OR BELOW: 27 0.50 INCH OR MORE: 0
MIN 0 OR BELOW: 3 1.00 INCH OR MORE: 0
[HDD (BASE 65) ]
TOTAL THIS MO. 1011 CLEAR (SCALE 0-3) 23
DPTR FM NORMAL 48 PTCLDY (SCALE 4-7) 4
TOTAL FM JUL 1 4999 CLOUDY (SCALE 8-10) 1
DPTR FM NORMAL 234
[CDD (BASE 65) ]
TOTAL THIS MO. 0
DPTR FM NORMAL 0 [PRESSURE DATA]
TOTAL FM JAN 1 0 HIGHEST SLP 30.56 ON 9
DPTR FM NORMAL 0 LOWEST SLP 29.19 ON 14
[REMARKS]
#FINAL-02-23#
INVALIDATED ASOS PRECIPITATION FOR FEBRUARY 21-22.
ASOS MEASUREMENT OF TRACE DID NOT ALIGN WITH NEARBY HUMAN REPORTS OF
ACCUMULATING SNOW ON EACH OF THESE DAYS.