000
CXUS55 KCYS 020226 CCA
CF6TOR
PRELIMINARY LOCAL CLIMATOLOGICAL DATA (WS FORM: F-6)...CORRECTED
STATION: TORRINGTON WY AIRPORT
MONTH: JANUARY
YEAR: 2023
LATITUDE: 42 3 N
LONGITUDE: 104 9 W
TEMPERATURE IN F: :PCPN: SNOW: WIND :SUNSHINE: SKY :PK WND
================================================================================
1 2 3 4 5 6A 6B 7 8 9 10 11 12 13 14 15 16 17 18
12Z AVG MX 2MIN
DY MAX MIN AVG DEP HDD CDD WTR SNW DPTH SPD SPD DIR MIN PSBL S-S WX SPD DR
================================================================================
1 36 31 34 6 31 0 0.06 M M 7.6 14 70 M M 10 1 19 50
2 32 26 29 1 36 0 T M M 11.1 18 80 M M 10 16 25 90
3 29 12 21 -7 44 0 T M M 3.5 10 10 M M 8 12 14 360
4 34 11 23 -5 42 0 0.00 M M 12.5 21 290 M M 0 29 290
5 32 2 17 -11 48 0 0.00 M M 4.8 10 110 M M 0 14 120
6 34 14 24 -4 41 0 T M M 3.0 10 10 M M 6 1 14 20
7 42 18 30 2 35 0 0.00 M M 5.4 16 290 M M 2 22 290
8 47 10 29 1 36 0 0.00 M M 6.6 22 260 M M 0 31 260
9 48 30 39 10 26 0 0.00 M M 11.5 26 300 M M 1 38 290
10 44 25 35 6 30 0 0.01 M M 3.6 13 40 M M 3 14 250
11 33 28 31 2 34 0 0.23 M M 5.0 13 100 M M 9 1 17 80
12 41 14 28 -1 37 0 0.00 M M 5.7 15 280 M M 3 12 21 290
13 48 16 32 3 33 0 0.00 M M 5.2 9 120 M M 0 13 250
14 57 25 41 12 24 0 0.00 M M 4.5 15 250 M M 1 21 340
15 44 27 36 7 29 0 0.02 M M 3.6 9 300 M M 7 12 140
16 46 26 36 7 29 0 0.00 M M 8.2 21 300 M M 2 26 300
17 42 23 33 4 32 0 T M M 7.3 15 70 M M 6 1 19 110
18 32 15 24 -5 41 0 M M M 11.0 20 310 M M 9 1 26 300
19 32 9 21 -8 44 0 0.00 M M 7.1 16 290 M M 0 22 290
20 28 7 18 -11 47 0 0.00 M M 6.1 13 300 M M 1 15 300
21 30 16 23 -6 42 0 0.00 M M 11.1 21 320 M M 8 27 310
22 37 25 31 2 34 0 T M M 3.9 14 310 M M 10 18 330
23 32 12 22 -7 43 0 T M M 6.1 14 300 M M 7 1 20 310
24 34 8 21 -8 44 0 0.00 M M 9.9 15 320 M M 3 27 320
25 32 23 28 -1 37 0 T M M 15.6 25 300 M M 9 128 36 320
26 33 23 28 -1 37 0 T M M 15.4 30 280 M M 8 44 280
27 39 29 34 5 31 0 0.00 M M 11.2 25 230 M M 7 1 35 270
28 31 2 17 -12 48 0 M M M 11.9 22 70 M M 9 18 28 70
29 3 -4 0 -29 65 0 M M M 7.3 17 360 M M 10 18 21 10
30 3 -15 -6 -35 71 0 T M M 4.6 13 280 M M 2 18 15 280
31 24 -23 1 -28 64 0 0.00 M M 8.1 24 280 M M 0 34 280
================================================================================
SM 1079 465 1235 0 0.32 M 238.4 M 151
================================================================================
AV 34.8 15.0 7.7 FASTST M M 5 MAX(MPH)
MISC ----> 30 280 44 280
================================================================================
NOTES:
# LAST OF SEVERAL OCCURRENCES
COLUMN 17 PEAK WIND IN M.P.H.
PRELIMINARY LOCAL CLIMATOLOGICAL DATA (WS FORM: F-6) , PAGE 2
STATION: TORRINGTON WY AIRPORT
MONTH: JANUARY
YEAR: 2023
LATITUDE: 42 3 N
LONGITUDE: 104 9 W
[TEMPERATURE DATA] [PRECIPITATION DATA] SYMBOLS USED IN COLUMN 16
AVERAGE MONTHLY: 24.9 TOTAL FOR MONTH: 0.32 1 = FOG OR MIST
DPTR FM NORMAL: -3.9 DPTR FM NORMAL: 0.09 2 = FOG REDUCING VISIBILITY
HIGHEST: 57 ON 14 GRTST 24HR 0.23 ON 11-11 TO 1/4 MILE OR LESS
LOWEST: -23 ON 31 3 = THUNDER
SNOW, ICE PELLETS, HAIL 4 = ICE PELLETS
TOTAL MONTH: M 5 = HAIL
GRTST 24HR M ON M 6 = FREEZING RAIN OR DRIZZLE
GRTST DEPTH: M ON M 7 = DUSTSTORM OR SANDSTORM:
VSBY 1/2 MILE OR LESS
8 = SMOKE OR HAZE
[NO. OF DAYS WITH] [WEATHER - DAYS WITH] 9 = BLOWING SNOW
X = TORNADO
MAX 32 OR BELOW: 13 0.01 INCH OR MORE: 4
MAX 90 OR ABOVE: 0 0.10 INCH OR MORE: 1
MIN 32 OR BELOW: 31 0.50 INCH OR MORE: 0
MIN 0 OR BELOW: 3 1.00 INCH OR MORE: 0
[HDD (BASE 65) ]
TOTAL THIS MO. 1235 CLEAR (SCALE 0-3) 14
DPTR FM NORMAL 111 PTCLDY (SCALE 4-7) 9
TOTAL FM JUL 1 3988 CLOUDY (SCALE 8-10) 8
DPTR FM NORMAL 189
[CDD (BASE 65) ]
TOTAL THIS MO. 0
DPTR FM NORMAL 0 [PRESSURE DATA]
TOTAL FM JAN 1 0 HIGHEST SLP 30.53 ON 29
DPTR FM NORMAL 0 LOWEST SLP 29.45 ON 15
[REMARKS]
JANUARY 18...PRECIPITATION MISSING.
JANUARY 28-29...PRECIPITATION MISSING.
#FINAL-01-23#