000
CXUS55 KCYS 241610
CF6TOR
PRELIMINARY LOCAL CLIMATOLOGICAL DATA (WS FORM: F-6)
STATION: TORRINGTON WY AIRPORT
MONTH: APRIL
YEAR: 2024
LATITUDE: 42 3 N
LONGITUDE: 104 9 W
TEMPERATURE IN F: :PCPN: SNOW: WIND :SUNSHINE: SKY :PK WND
================================================================================
1 2 3 4 5 6A 6B 7 8 9 10 11 12 13 14 15 16 17 18
12Z AVG MX 2MIN
DY MAX MIN AVG DEP HDD CDD WTR SNW DPTH SPD SPD DIR MIN PSBL S-S WX SPD DR
================================================================================
1 46 30 38 -6 27 0 T M M 10.3 25 360 M M 8 1 32 360
2 61 29 45 1 20 0 0.00 M M 13.3 29 310 M M 2 42 310
3 73 28 51 7 14 0 0.00 M M 7.9 24 310 M M 2 38 300
4 77 33 55 11 10 0 0.00 M M 10.8 25 180 M M 0 32 190
5 69 41 55 11 10 0 0.00 M M 16.9 32 120 M M 0 45 120
6 55 33 44 0 21 0 0.10 M M 22.6 44 310 M M 6 1 63 300
7 45 33 39 -6 26 0 0.03 M M 24.6 41 310 M M 10 1 62 330
8 49 31 40 -5 25 0 0.00 M M 12.3 31 300 M M 4 45 300
9 60 23 42 -3 23 0 0.00 M M 6.8 22 330 M M 2 32 330
10 54 29 42 -3 23 0 0.00 M M 12.8 28 320 M M 6 8 39 310
11 62 22 42 -3 23 0 0.00 M M 4.9 13 60 M M 0 17 40
12 78 27 53 7 12 0 0.00 M M 5.8 17 140 M M 0 22 140
13 83 36 60 14 5 0 0.00 M M 8.1 23 280 M M 0 32 270
14 83 39 61 15 4 0 0.00 M M 8.5 23 130 M M 0 31 130
15 78 47 63 17 2 0 T M M 14.7 51 290 M M 1 3 71 300
16 68 43 56 10 9 0 0.05 M M 19.1 40 320 M M 4 56 300
17 55 34 45 -1 20 0 0.03 M M 10.9 28 360 M M 7 38 330
18 47 30 39 -8 26 0 0.00 M M 8.6 20 300 M M 9 28 290
19 46 29 38 -9 27 0 0.00 M M 7.1 20 20 M M 9 24 10
20 45 22 34 -13 31 0 0.00 M M 6.6 12 150 M M 6 17 130
21 69 19 44 -3 21 0 0.00 M M 9.3 23 170 M M 0 1 31 190
22 69 46 58 10 7 0 0.00 M M 11.5 23 10 M M 1 30 320
23 65 35 50 2 15 0 0.00 M M 7.9 16 360 M M 2 21 350
================================================================================
SM 1437 739 401 0 0.21 M 261.3 M 79
================================================================================
AV 62.5 32.1 11.4 FASTST M M 3 MAX(MPH)
MISC ----> 51 290 71 300
================================================================================
NOTES:
# LAST OF SEVERAL OCCURRENCES
COLUMN 17 PEAK WIND IN M.P.H.
PRELIMINARY LOCAL CLIMATOLOGICAL DATA (WS FORM: F-6) , PAGE 2
STATION: TORRINGTON WY AIRPORT
MONTH: APRIL
YEAR: 2024
LATITUDE: 42 3 N
LONGITUDE: 104 9 W
[TEMPERATURE DATA] [PRECIPITATION DATA] SYMBOLS USED IN COLUMN 16
AVERAGE MONTHLY: 47.3 TOTAL FOR MONTH: 0.21 1 = FOG OR MIST
DPTR FM NORMAL: 1.7 DPTR FM NORMAL: -0.91 2 = FOG REDUCING VISIBILITY
HIGHEST: 83 ON 14,13 GRTST 24HR 0.44 ON 31- 1 TO 1/4 MILE OR LESS
LOWEST: 19 ON 21 3 = THUNDER
SNOW, ICE PELLETS, HAIL 4 = ICE PELLETS
TOTAL MONTH: M 5 = HAIL
GRTST 24HR M ON M 6 = FREEZING RAIN OR DRIZZLE
GRTST DEPTH: M ON M 7 = DUSTSTORM OR SANDSTORM:
VSBY 1/2 MILE OR LESS
8 = SMOKE OR HAZE
[NO. OF DAYS WITH] [WEATHER - DAYS WITH] 9 = BLOWING SNOW
X = TORNADO
MAX 32 OR BELOW: 0 0.01 INCH OR MORE: 4
MAX 90 OR ABOVE: 0 0.10 INCH OR MORE: 1
MIN 32 OR BELOW: 12 0.50 INCH OR MORE: 0
MIN 0 OR BELOW: 0 1.00 INCH OR MORE: 0
[HDD (BASE 65) ]
TOTAL THIS MO. 401 CLEAR (SCALE 0-3) 13
DPTR FM NORMAL -44 PTCLDY (SCALE 4-7) 7
TOTAL FM JUL 1 5561 CLOUDY (SCALE 8-10) 3
DPTR FM NORMAL -447
[CDD (BASE 65) ]
TOTAL THIS MO. 0
DPTR FM NORMAL 0 [PRESSURE DATA]
TOTAL FM JAN 1 0 HIGHEST SLP M ON M
DPTR FM NORMAL 0 LOWEST SLP 29.27 ON 15
[REMARKS]