000
CXUS52 KTBW 011000
CF6TPA
PRELIMINARY LOCAL CLIMATOLOGICAL DATA (WS FORM: F-6)
STATION: TAMPA
MONTH: OCTOBER
YEAR: 2022
LATITUDE: 27 58 N
LONGITUDE: 82 32 W
TEMPERATURE IN F: :PCPN: SNOW: WIND :SUNSHINE: SKY :PK WND
================================================================================
1 2 3 4 5 6A 6B 7 8 9 10 11 12 13 14 15 16 17 18
12Z AVG MX 2MIN
DY MAX MIN AVG DEP HDD CDD WTR SNW DPTH SPD SPD DIR MIN PSBL S-S WX SPD DR
================================================================================
1 82 68 75 -6 0 10 0.00 0.0 0 5.9 13 340 M M 3 22 290
2 86 67 77 -4 0 12 0.00 0.0 0 4.7 15 330 M M 1 23 270
3 84 66 75 -6 0 10 0.00 0.0 0 6.9 14 330 M M 4 24 290
4 83 63 73 -7 0 8 0.00 0.0 0 7.8 15 40 M M 6 21 20
5 83 64 74 -6 0 9 0.00 0.0 0 6.1 14 270 M M 5 28 260
6 84 67 76 -4 0 11 0.00 0.0 0 5.8 12 340 M M 4 22 270
7 87 67 77 -3 0 12 0.00 0.0 0 4.3 13 290 M M 2 19 290
8 88 65 77 -3 0 12 0.00 0.0 0 5.5 13 30 M M 0 22 300
9 90 66 78 -1 0 13 0.00 0.0 0 5.3 14 20 M M 3 20 60
10 90 74 82 3 0 17 T 0.0 0 6.8 12 360 M M 8 19 280
11 89 74 82 3 0 17 T 0.0 0 4.9 12 120 M M 6 16 120
12 85 74 80 1 0 15 0.02 0.0 0 3.3 17 170 M M 8 13 33 180
13 82 73 78 0 0 13 0.30 0.0 0 2.8 12 220 M M 7 13 17 290
14 88 71 80 2 0 15 0.00 0.0 0 4.4 12 110 M M 5 22 270
15 88 74 81 3 0 16 0.00 0.0 0 6.8 13 110 M M 5 3 22 100
16 90 71 81 3 0 16 0.00 0.0 0 6.0 12 350 M M 3 23 310
17 86 75 81 4 0 16 T 0.0 0 6.0 16 190 M M 6 23 200
18 81 64 73 -4 0 8 0.01 0.0 0 6.7 15 20 M M 7 24 270
19 68 53 61 -16 4 0 0.00 0.0 0 10.4 18 360 M M 6 37 350
20 73 49 61 -15 4 0 0.00 0.0 0 7.7 14 330 M M 4 23 280
21 77 54 66 -10 0 1 0.00 0.0 0 8.0 14 350 M M 1 25 280
22 82 55 69 -7 0 4 0.00 0.0 0 5.8 12 30 M M 1 17 30
23 86 63 75 -1 0 10 0.00 0.0 0 5.6 12 360 M M 2 15 310
24 86 66 76 1 0 11 0.00 0.0 0 5.8 14 110 M M 5 24 110
25 83 69 76 1 0 11 0.00 0.0 0 4.1 10 280 M M 4 17 300
26 83 69 76 1 0 11 0.00 0.0 0 7.0 15 180 M M 6 20 200
27 85 74 80 6 0 15 0.06 0.0 0 4.0 13 190 M M 7 18 17 210
28 87 72 80 6 0 15 0.71 0.0 0 5.7 21 330 M M 6 1 33 350
29 87 71 79 5 0 14 0.00 0.0 0 5.6 10 30 M M 6 18 40
30 87 71 79 5 0 14 0.00 0.0 0 5.1 12 110 M M 3 18 130
31 86 70 78 5 0 13 0.00 0.0 0 5.1 10 300 M M 1 19 300
================================================================================
SM 2616 2079 8 349 1.10 0.0 179.9 M 135
================================================================================
AV 84.4 67.1 5.8 FASTST M M 4 MAX(MPH)
MISC ----> 21 330 37 350
================================================================================
NOTES:
# LAST OF SEVERAL OCCURRENCES
COLUMN 17 PEAK WIND IN M.P.H.
PRELIMINARY LOCAL CLIMATOLOGICAL DATA (WS FORM: F-6) , PAGE 2
STATION: TAMPA
MONTH: OCTOBER
YEAR: 2022
LATITUDE: 27 58 N
LONGITUDE: 82 32 W
[TEMPERATURE DATA] [PRECIPITATION DATA] SYMBOLS USED IN COLUMN 16
AVERAGE MONTHLY: 75.7 TOTAL FOR MONTH: 1.10 1 = FOG OR MIST
DPTR FM NORMAL: -1.7 DPTR FM NORMAL: -1.24 2 = FOG REDUCING VISIBILITY
HIGHEST: 90 ON 16,10 GRTST 24HR 0.71 ON 28-28 TO 1/4 MILE OR LESS
LOWEST: 49 ON 20 3 = THUNDER
SNOW, ICE PELLETS, HAIL 4 = ICE PELLETS
TOTAL MONTH: 0.0 INCH 5 = HAIL
GRTST 24HR 0.0 6 = FREEZING RAIN OR DRIZZLE
GRTST DEPTH: 0 7 = DUSTSTORM OR SANDSTORM:
VSBY 1/2 MILE OR LESS
8 = SMOKE OR HAZE
[NO. OF DAYS WITH] [WEATHER - DAYS WITH] 9 = BLOWING SNOW
X = TORNADO
MAX 32 OR BELOW: 0 0.01 INCH OR MORE: 5
MAX 90 OR ABOVE: 3 0.10 INCH OR MORE: 2
MIN 32 OR BELOW: 0 0.50 INCH OR MORE: 1
MIN 0 OR BELOW: 0 1.00 INCH OR MORE: 0
[HDD (BASE 65) ]
TOTAL THIS MO. 8 CLEAR (SCALE 0-3) 9
DPTR FM NORMAL 5 PTCLDY (SCALE 4-7) 22
TOTAL FM JUL 1 8 CLOUDY (SCALE 8-10) 0
DPTR FM NORMAL 8
[CDD (BASE 65) ]
TOTAL THIS MO. 349
DPTR FM NORMAL -39 [PRESSURE DATA]
TOTAL FM JAN 1 4197 HIGHEST SLP 30.17 ON 29
DPTR FM NORMAL 549 LOWEST SLP 29.78 ON 18
[REMARKS]
#FINAL-10-22#