000
CXUS52 KTBW 061144
CF6TPA
PRELIMINARY LOCAL CLIMATOLOGICAL DATA (WS FORM: F-6)
STATION: TAMPA
MONTH: DECEMBER
YEAR: 2023
LATITUDE: 27 58 N
LONGITUDE: 82 32 W
TEMPERATURE IN F: :PCPN: SNOW: WIND :SUNSHINE: SKY :PK WND
================================================================================
1 2 3 4 5 6A 6B 7 8 9 10 11 12 13 14 15 16 17 18
12Z AVG MX 2MIN
DY MAX MIN AVG DEP HDD CDD WTR SNW DPTH SPD SPD DIR MIN PSBL S-S WX SPD DR
================================================================================
1 81 62 72 5 0 7 0.00 0.0 0 4.2 10 210 M M 7 15 170
2 82 71 77 10 0 12 0.00 0.0 0 7.0 14 200 M M 6 1 19 190
3 81 70 76 9 0 11 0.44 0.0 0 5.5 12 200 M M 8 123 16 180
4 81 64 73 6 0 8 0.00 0.0 0 4.7 18 350 M M 7 12 26 310
5 74 59 67 1 0 2 0.00 0.0 0 4.7 13 320 M M 6 25 270
6 66 52 59 -7 6 0 0.00 0.0 0 7.9 22 330 M M 5 31 340
7 71 46 59 -7 6 0 0.00 0.0 0 4.0 13 30 M M 5 16 30
8 77 56 67 1 0 2 0.00 0.0 0 5.4 13 110 M M 8 20 140
9 81 64 73 7 0 8 0.00 0.0 0 4.6 13 160 M M 4 21 130
10 79 63 71 5 0 6 0.50 0.0 0 8.8 23 180 M M 7 13 37 190
11 66 49 58 -8 7 0 0.00 0.0 0 10.0 21 330 M M 7 27 330
12 71 47 59 -7 6 0 0.00 0.0 0 8.7 15 30 M M 7 25 40
13 73 58 66 1 0 1 0.00 0.0 0 10.5 17 20 M M 7 29 20
14 73 62 68 3 0 3 0.00 0.0 0 10.1 17 50 M M 7 34 60
15 74 63 69 4 0 4 0.00 0.0 0 8.9 18 80 M M 9 34 110
16 69 64 67 2 0 2 2.04 0.0 0 8.8 18 110 M M 10 1 39 110
17 73 61 67 2 0 2 0.92 0.0 0 16.0 28 180 M M 9 18 46 180
18 65 54 60 -5 5 0 T 0.0 0 9.4 20 290 M M 3 31 290
19 63 49 56 -8 9 0 0.00 0.0 0 6.5 14 10 M M 0 23 360
20 68 47 58 -6 7 0 0.00 0.0 0 7.2 13 30 M M 5 21 20
21 73 56 65 1 0 0 0.00 0.0 0 8.0 15 40 M M 7 25 50
22 74 55 65 1 0 0 0.00 0.0 0 5.1 10 50 M M 8 15 50
23 77 59 68 4 0 3 0.00 0.0 0 5.5 13 110 M M 4 23 50
24 73 58 66 2 0 1 0.00 0.0 0 7.0 13 80 M M 9 23 100
25 73 68 71 7 0 6 0.17 0.0 0 7.7 16 120 M M 9 1 27 130
26 75 62 69 6 0 4 0.00 0.0 0 4.5 15 280 M M 8 25 270
27 71 59 65 2 0 0 0.03 0.0 0 5.4 14 290 M M 9 27 300
28 66 56 61 -2 4 0 0.49 0.0 0 4.4 15 140 M M 8 1 24 140
29 62 51 57 -6 8 0 0.00 0.0 0 7.4 16 330 M M 6 23 280
30 63 49 56 -7 9 0 0.00 0.0 0 3.2 14 290 M M 6 21 270
31 67 49 58 -5 7 0 0.00 0.0 0 2.7 8 270 M M 4 18 12 220
================================================================================
SM 2242 1783 74 82 4.59 0.0 213.8 M 205
================================================================================
AV 72.3 57.5 6.9 FASTST M M 7 MAX(MPH)
MISC ----> 28 180 46 180
================================================================================
NOTES:
# LAST OF SEVERAL OCCURRENCES
COLUMN 17 PEAK WIND IN M.P.H.
PRELIMINARY LOCAL CLIMATOLOGICAL DATA (WS FORM: F-6) , PAGE 2
STATION: TAMPA
MONTH: DECEMBER
YEAR: 2023
LATITUDE: 27 58 N
LONGITUDE: 82 32 W
[TEMPERATURE DATA] [PRECIPITATION DATA] SYMBOLS USED IN COLUMN 16
AVERAGE MONTHLY: 64.9 TOTAL FOR MONTH: 4.59 1 = FOG OR MIST
DPTR FM NORMAL: 0.0 DPTR FM NORMAL: 2.03 2 = FOG REDUCING VISIBILITY
HIGHEST: 82 ON 2 GRTST 24HR 2.96 ON 16-17 TO 1/4 MILE OR LESS
LOWEST: 46 ON 7 3 = THUNDER
SNOW, ICE PELLETS, HAIL 4 = ICE PELLETS
TOTAL MONTH: 0.0 INCH 5 = HAIL
GRTST 24HR 0.0 6 = FREEZING RAIN OR DRIZZLE
GRTST DEPTH: 0 7 = DUSTSTORM OR SANDSTORM:
VSBY 1/2 MILE OR LESS
8 = SMOKE OR HAZE
[NO. OF DAYS WITH] [WEATHER - DAYS WITH] 9 = BLOWING SNOW
X = TORNADO
MAX 32 OR BELOW: 0 0.01 INCH OR MORE: 7
MAX 90 OR ABOVE: 0 0.10 INCH OR MORE: 6
MIN 32 OR BELOW: 0 0.50 INCH OR MORE: 3
MIN 0 OR BELOW: 0 1.00 INCH OR MORE: 1
[HDD (BASE 65) ]
TOTAL THIS MO. 74 CLEAR (SCALE 0-3) 1
DPTR FM NORMAL -31 PTCLDY (SCALE 4-7) 23
TOTAL FM JUL 1 105 CLOUDY (SCALE 8-10) 7
DPTR FM NORMAL -37
[CDD (BASE 65) ]
TOTAL THIS MO. 82
DPTR FM NORMAL -20 [PRESSURE DATA]
TOTAL FM JAN 1 4510 HIGHEST SLP 30.37 ON 21
DPTR FM NORMAL 582 LOWEST SLP 29.45 ON 17
[REMARKS]
#FINAL-12-23#