000
CXUS56 KLKN 011210
CF6TPH
PRELIMINARY LOCAL CLIMATOLOGICAL DATA (WS FORM: F-6)
STATION: TONOPAH AIRPORT NV
MONTH: MAY
YEAR: 2023
LATITUDE: 38 3 N
LONGITUDE: 117 5 W
TEMPERATURE IN F: :PCPN: SNOW: WIND :SUNSHINE: SKY :PK WND
================================================================================
1 2 3 4 5 6A 6B 7 8 9 10 11 12 13 14 15 16 17 18
12Z AVG MX 2MIN
DY MAX MIN AVG DEP HDD CDD WTR SNW DPTH SPD SPD DIR MIN PSBL S-S WX SPD DR
================================================================================
1 67 51 59 5 6 0 0.00 M M M 20 M M M 0 37 M
2 53 35 44 -10 21 0 0.00 M M M 20 M M M 0 34 M
3 56 38 47 -8 18 0 0.00 M M M M M M M 0 M M
4 50 36 43 -12 22 0 M M M M M M M M M M M
5 54 33 44 -11 21 0 M M M M 11 M M M M 18 M
6 54 32 43 -13 22 0 0.00 M M M 11 M M M M 17 M
7 62 34 48 -8 17 0 0.00 M M M M M M M 0 M M
8 64 46 55 -1 10 0 0.00 M M M 12 M M M 0 21 M
9 60 36 48 -9 17 0 0.00 M M M 10 M M M 0 20 M
10 62 38 50 -7 15 0 0.00 M M M 14 M M M 0 25 M
11 67 43 55 -2 10 0 0.00 M M M 9 M M M 0 17 M
12 71 43 57 -1 8 0 0.00 M M M 13 280 M M 0 24 330
13 71 48 60 2 5 0 0.00 M M M 14 20 M M 0 24 20
14 64 49 57 -1 8 0 0.13 M M M 18 50 M M 0 3 29 50
15 75 50 63 4 2 0 0.00 M M 9.0 12 200 M M 0 14 210
16 79 53 66 7 0 1 0.00 M M 9.0 18 180 M M 0 30 270
17 78 35 57 -2 8 0 0.00 M M 10.0 13 12 M M 0 22 270
18 79 55 67 7 0 2 0.00 M M 10.0 12 270 M M 0 25 10
19 80 55 68 8 0 3 0.00 M M 79.0 12 10 M M 0 25 10
20 80 56 68 8 0 3 0.00 M M 15.0 15 10 M M 0 3 40 40
21 81 50 66 5 0 1 0.00 M M M 17 240 M M 0 3 28 250
22 78 52 65 4 0 0 0.01 M M M M M M M M M M
23 76 37 57 -4 8 0 0.16 M M M M M M M 0 3 M M
24 74 54 64 2 1 0 0.01 M M 17.7 32 10 M M 3 38 49 10
25 76 47 62 0 3 0 0.00 M M 11.0 22 180 M M 1 36 190
26 75 51 63 1 2 0 0.00 M M 11.1 32 300 M M 2 41 290
27 76 45 61 -2 4 0 T M M 9.5 28 330 M M 1 38 330
28 79 52 66 3 0 1 0.00 M M 12.8 28 190 M M 2 38 160
29 79 47 63 0 2 0 0.00 M M 9.8 25 180 M M 0 36 190
30 78 44 61 -3 4 0 0.00 M M 10.4 25 190 M M 0 35 180
31 77 48 63 -1 2 0 0.00 M M 13.6 30 320 M M 2 39 300
================================================================================
SM 2175 1393 236 11 0.31 M 227.9 M 11
================================================================================
AV 70.2 44.9 16.3 FASTST M M 0 MAX(MPH)
MISC ----> # 32 10 49 10
================================================================================
NOTES:
# LAST OF SEVERAL OCCURRENCES
COLUMN 17 PEAK WIND IN M.P.H.
PRELIMINARY LOCAL CLIMATOLOGICAL DATA (WS FORM: F-6) , PAGE 2
STATION: TONOPAH AIRPORT NV
MONTH: MAY
YEAR: 2023
LATITUDE: 38 3 N
LONGITUDE: 117 5 W
[TEMPERATURE DATA] [PRECIPITATION DATA] SYMBOLS USED IN COLUMN 16
AVERAGE MONTHLY: 57.5 TOTAL FOR MONTH: 0.31 1 = FOG OR MIST
DPTR FM NORMAL: -1.5 DPTR FM NORMAL: -0.20 2 = FOG REDUCING VISIBILITY
HIGHEST: 81 ON 21 GRTST 24HR 0.16 ON 23-23 TO 1/4 MILE OR LESS
LOWEST: 32 ON 6 3 = THUNDER
SNOW, ICE PELLETS, HAIL 4 = ICE PELLETS
TOTAL MONTH: M 5 = HAIL
GRTST 24HR M ON M 6 = FREEZING RAIN OR DRIZZLE
GRTST DEPTH: M ON M 7 = DUSTSTORM OR SANDSTORM:
VSBY 1/2 MILE OR LESS
8 = SMOKE OR HAZE
[NO. OF DAYS WITH] [WEATHER - DAYS WITH] 9 = BLOWING SNOW
X = TORNADO
MAX 32 OR BELOW: 0 0.01 INCH OR MORE: 4
MAX 90 OR ABOVE: 0 0.10 INCH OR MORE: 2
MIN 32 OR BELOW: 1 0.50 INCH OR MORE: 0
MIN 0 OR BELOW: 0 1.00 INCH OR MORE: 0
[HDD (BASE 65) ]
TOTAL THIS MO. 236 CLEAR (SCALE 0-3) 27
DPTR FM NORMAL 21 PTCLDY (SCALE 4-7) 0
TOTAL FM JUL 1 5694 CLOUDY (SCALE 8-10) 4
DPTR FM NORMAL 469
[CDD (BASE 65) ]
TOTAL THIS MO. 11
DPTR FM NORMAL -20 [PRESSURE DATA]
TOTAL FM JAN 1 13 HIGHEST SLP 29.91 ON 27
DPTR FM NORMAL -18 LOWEST SLP 29.63 ON 31
[REMARKS]
#FINAL-05-23#