000
CXUS54 KFWD 010830
CF6TPL
PRELIMINARY LOCAL CLIMATOLOGICAL DATA (WS FORM: F-6)
STATION: TEMPLE
MONTH: DECEMBER
YEAR: 2021
LATITUDE: 31 8 N
LONGITUDE: 97 25 W
TEMPERATURE IN F: :PCPN: SNOW: WIND :SUNSHINE: SKY :PK WND
================================================================================
1 2 3 4 5 6A 6B 7 8 9 10 11 12 13 14 15 16 17 18
12Z AVG MX 2MIN
DY MAX MIN AVG DEP HDD CDD WTR SNW DPTH SPD SPD DIR MIN PSBL S-S WX SPD DR
================================================================================
1 77 48 63 11 2 0 0.00 M M 6.8 12 210 M M 1 12 M M
2 79 45 62 11 3 0 0.00 M M 5.0 10 170 M M 2 128 M M
3 74 58 66 15 0 1 0.00 M M 9.1 17 170 M M 5 12 21 170
4 76 60 68 17 0 3 0.00 M M 7.9 16 190 M M 6 1 M M
5 77 62 70 20 0 5 0.00 M M 11.2 21 190 M M 8 1 31 180
6 70 36 53 3 12 0 0.04 M M 12.1 22 360 M M 3 1 33 350
7 68 33 51 1 14 0 0.00 M M 6.5 13 180 M M 0 M M
8 73 40 57 7 8 0 0.00 M M 6.0 16 160 M M 0 M M
9 82 61 72 23 0 7 0.00 M M 12.8 18 190 M M 4 1 25 200
10 84 64 74 25 0 9 0.00 M M 15.0 23 170 M M 6 12 32 180
11 68 31 50 1 15 0 0.00 M M 11.2 22 340 M M 2 43 340
12 59 23 41 -8 24 0 0.00 M M 5.8 10 170 M M 0 M M
13 68 40 54 5 11 0 0.00 M M 7.7 13 160 M M 6 1 M M
14 75 57 66 18 0 1 0.00 M M 7.4 22 170 M M 9 12 30 160
15 81 67 74 26 0 9 0.01 M M 19.2 26 170 M M 9 37 170
16 78 68 73 25 0 8 0.00 M M 10.8 20 180 M M 8 1 28 180
17 79 68 74 26 0 9 0.00 M M 15.2 24 170 M M 7 35 160
18 69 41 55 7 10 0 0.10 M M 13.5 25 350 M M 6 13 35 360
19 53 36 45 -3 20 0 0.00 M M 8.2 14 10 M M 4 M M
20 57 40 49 1 16 0 0.01 M M 3.3 9 60 M M 4 M M
21 65 31 48 1 17 0 0.00 M M 6.7 13 160 M M 1 12 M M
22 71 45 58 11 7 0 0.00 M M 10.8 15 150 M M 0 1 M M
23 71 53 62 15 3 0 0.00 M M 15.4 26 170 M M 4 1 35 170
24 77 60 69 22 0 4 0.00 M M 18.1 26 190 M M 4 32 190
25 79 59 69 22 0 4 0.00 M M 9.3 18 180 M M 5 25 180
26 76 57 67 20 0 2 0.00 M M 13.9 28 170 M M 5 12 36 170
27 77 63 70 23 0 5 0.00 M M 12.4 22 180 M M 8 28 180
28 79 59 69 22 0 4 0.00 M M 12.3 21 170 M M 5 1 30 180
29 78 57 68 21 0 3 0.00 M M 4.9 12 160 M M 4 128 M M
30 80 47 64 17 1 0 0.00 M M 5.5 13 150 M M 1 12 M M
31 78 61 70 23 0 5 0.00 M M 13.8 21 170 M M 7 1 28 170
================================================================================
SM 2278 1570 163 79 0.16 M 317.9 M 134
================================================================================
AV 73.5 50.6 10.3 FASTST M M 4 MAX(MPH)
MISC ----> 28 170 43 340
================================================================================
NOTES:
# LAST OF SEVERAL OCCURRENCES
COLUMN 17 PEAK WIND IN M.P.H.
PRELIMINARY LOCAL CLIMATOLOGICAL DATA (WS FORM: F-6) , PAGE 2
STATION: TEMPLE
MONTH: DECEMBER
YEAR: 2021
LATITUDE: 31 8 N
LONGITUDE: 97 25 W
[TEMPERATURE DATA] [PRECIPITATION DATA] SYMBOLS USED IN COLUMN 16
AVERAGE MONTHLY: 62.1 TOTAL FOR MONTH: 0.16 1 = FOG OR MIST
DPTR FM NORMAL: 13.6 DPTR FM NORMAL: -2.53 2 = FOG REDUCING VISIBILITY
HIGHEST: 84 ON 10 GRTST 24HR 0.10 ON 18-18 TO 1/4 MILE OR LESS
LOWEST: 23 ON 12 3 = THUNDER
SNOW, ICE PELLETS, HAIL 4 = ICE PELLETS
TOTAL MONTH: M 5 = HAIL
GRTST 24HR M ON M 6 = FREEZING RAIN OR DRIZZLE
GRTST DEPTH: M ON M 7 = DUSTSTORM OR SANDSTORM:
VSBY 1/2 MILE OR LESS
8 = SMOKE OR HAZE
[NO. OF DAYS WITH] [WEATHER - DAYS WITH] 9 = BLOWING SNOW
X = TORNADO
MAX 32 OR BELOW: 0 0.01 INCH OR MORE: 4
MAX 90 OR ABOVE: 0 0.10 INCH OR MORE: 0
MIN 32 OR BELOW: 3 0.50 INCH OR MORE: 0
MIN 0 OR BELOW: 0 1.00 INCH OR MORE: 0
[HDD (BASE 65) ]
TOTAL THIS MO. 163 CLEAR (SCALE 0-3) 9
DPTR FM NORMAL -353 PTCLDY (SCALE 4-7) 18
TOTAL FM JUL 1 443 CLOUDY (SCALE 8-10) 4
DPTR FM NORMAL -411
[CDD (BASE 65) ]
TOTAL THIS MO. 79
DPTR FM NORMAL 74 [PRESSURE DATA]
TOTAL FM JAN 1 2684 HIGHEST SLP M ON M
DPTR FM NORMAL 182 LOWEST SLP M ON M
[REMARKS]
#FINAL-12-21#