000
CXUS53 KOAX 011030
CF6TQE
PRELIMINARY LOCAL CLIMATOLOGICAL DATA (WS FORM: F-6)
STATION: TEKAMAH NE
MONTH: NOVEMBER
YEAR: 2021
LATITUDE: 41 46 N
LONGITUDE: 96 11 W
TEMPERATURE IN F: :PCPN: SNOW: WIND :SUNSHINE: SKY :PK WND
================================================================================
1 2 3 4 5 6A 6B 7 8 9 10 11 12 13 14 15 16 17 18
12Z AVG MX 2MIN
DY MAX MIN AVG DEP HDD CDD WTR SNW DPTH SPD SPD DIR MIN PSBL S-S WX SPD DR
================================================================================
1 47 27 37 -7 28 0 0.00 M M 4.0 14 260 M M 7 18 250
2 51 24 38 -6 27 0 0.00 M M 2.5 15 300 M M 2 20 310
3 49 25 37 -6 28 0 0.00 M M 7.4 20 200 M M 8 25 210
4 58 30 44 1 21 0 0.00 M M 9.8 21 200 M M 3 1 28 190
5 66 36 51 9 14 0 0.00 M M 15.0 33 180 M M 1 1 43 190
6 69 34 52 10 13 0 0.00 M M 8.9 17 180 M M 1 128 22 190
7 68 39 54 13 11 0 0.00 M M 10.1 20 200 M M 0 26 170
8 65 36 51 10 14 0 0.00 M M 12.1 26 30 M M 0 1 33 30
9 62 35 49 9 16 0 0.00 M M 8.4 16 360 M M 0 8 23 20
10 54 36 45 5 20 0 0.18 M M 9.1 26 320 M M 8 18 35 310
11 54 36 45 5 20 0 T M M 22.3 40 270 M M 4 55 280
12 37 29 33 -6 32 0 T M M 26.4 40 320 M M 10 58 310
13 50 28 39 0 26 0 0.01 M M 11.8 29 310 M M 7 36 300
14 48 30 39 1 26 0 0.00 M M 9.2 32 300 M M 5 47 300
15 57 32 45 7 20 0 0.00 M M 6.4 13 150 M M 2 17 140
16 72 33 53 16 12 0 0.00 M M 12.4 23 200 M M 0 8 29 170
17 50 28 39 2 26 0 0.00 M M 16.5 33 320 M M 1 42 310
18 43 20 32 -4 33 0 0.00 M M 9.6 22 300 M M 0 29 310
19 51 20 36 0 29 0 0.00 M M 14.6 35 180 M M 0 43 180
20 60 30 45 9 20 0 0.00 M M 6.6 16 30 M M 4 21 10
21 49 24 37 2 28 0 0.00 M M 9.4 30 330 M M 1 38 320
22 47 25 36 1 29 0 0.00 M M 7.6 18 180 M M 2 24 170
23 68 23 46 12 19 0 0.00 M M 14.0 28 180 M M 0 37 190
24 52 31 42 8 23 0 0.00 M M 17.2 37 360 M M 2 47 340
25 34 15 25 -8 40 0 0.00 M M 10.4 29 340 M M 4 39 310
26 56 24 40 7 25 0 0.00 M M 8.1 15 180 M M 2 20 190
27 60 30 45 12 20 0 0.00 M M 11.4 31 310 M M 1 44 330
28 49 19 34 2 31 0 0.00 M M 6.2 16 170 M M 0 20 180
29 72 28 50 18 15 0 0.00 M M 9.5 20 310 M M 0 25 300
30 58 34 46 15 19 0 0.00 M M 5.6 15 190 M M 4 19 180
================================================================================
SM 1656 861 685 0 0.19 M 322.5 M 79
================================================================================
AV 55.2 28.7 10.8 FASTST M M 3 MAX(MPH)
MISC ----> # 40 270 58 310
================================================================================
NOTES:
# LAST OF SEVERAL OCCURRENCES
COLUMN 17 PEAK WIND IN M.P.H.
PRELIMINARY LOCAL CLIMATOLOGICAL DATA (WS FORM: F-6) , PAGE 2
STATION: TEKAMAH NE
MONTH: NOVEMBER
YEAR: 2021
LATITUDE: 41 46 N
LONGITUDE: 96 11 W
[TEMPERATURE DATA] [PRECIPITATION DATA] SYMBOLS USED IN COLUMN 16
AVERAGE MONTHLY: 42.0 TOTAL FOR MONTH: 0.19 1 = FOG OR MIST
DPTR FM NORMAL: 4.4 DPTR FM NORMAL: -1.06 2 = FOG REDUCING VISIBILITY
HIGHEST: 72 ON 29,16 GRTST 24HR 0.18 ON 10-10 TO 1/4 MILE OR LESS
LOWEST: 15 ON 25 3 = THUNDER
SNOW, ICE PELLETS, HAIL 4 = ICE PELLETS
TOTAL MONTH: M 5 = HAIL
GRTST 24HR M ON M 6 = FREEZING RAIN OR DRIZZLE
GRTST DEPTH: M ON M 7 = DUSTSTORM OR SANDSTORM:
VSBY 1/2 MILE OR LESS
8 = SMOKE OR HAZE
[NO. OF DAYS WITH] [WEATHER - DAYS WITH] 9 = BLOWING SNOW
X = TORNADO
MAX 32 OR BELOW: 0 0.01 INCH OR MORE: 2
MAX 90 OR ABOVE: 0 0.10 INCH OR MORE: 1
MIN 32 OR BELOW: 21 0.50 INCH OR MORE: 0
MIN 0 OR BELOW: 0 1.00 INCH OR MORE: 0
[HDD (BASE 65) ]
TOTAL THIS MO. 685 CLEAR (SCALE 0-3) 20
DPTR FM NORMAL -137 PTCLDY (SCALE 4-7) 9
TOTAL FM JUL 1 1030 CLOUDY (SCALE 8-10) 1
DPTR FM NORMAL -324
[CDD (BASE 65) ]
TOTAL THIS MO. 0
DPTR FM NORMAL 0 [PRESSURE DATA]
TOTAL FM JAN 1 1202 HIGHEST SLP 30.54 ON 25
DPTR FM NORMAL 188 LOWEST SLP 29.49 ON 16
[REMARKS]
#FINAL-11-21#