000
CXUS53 KOAX 010930
CF6TQE
PRELIMINARY LOCAL CLIMATOLOGICAL DATA (WS FORM: F-6)
STATION: TEKAMAH NE
MONTH: JULY
YEAR: 2021
LATITUDE: 41 46 N
LONGITUDE: 96 11 W
TEMPERATURE IN F: :PCPN: SNOW: WIND :SUNSHINE: SKY :PK WND
================================================================================
1 2 3 4 5 6A 6B 7 8 9 10 11 12 13 14 15 16 17 18
12Z AVG MX 2MIN
DY MAX MIN AVG DEP HDD CDD WTR SNW DPTH SPD SPD DIR MIN PSBL S-S WX SPD DR
================================================================================
1 88 62 75 0 0 10 0.00 M M 5.6 12 60 M M 1 1 18 60
2 90 61 76 1 0 11 0.00 M M 2.0 8 40 M M 0 15 330
3 89 63 76 1 0 11 0.00 M M 5.0 15 190 M M 1 1 21 200
4 90 63 77 2 0 12 0.00 M M 10.5 21 170 M M 0 18 28 180
5 92 66 79 4 0 14 0.00 M M 8.2 15 200 M M 1 18 19 200
6 91 68 80 4 0 15 0.60 M M 7.9 24 310 M M 2 138 34 300
7 78 61 70 -6 0 5 0.61 M M 10.1 21 360 M M 8 13 27 360
8 77 58 68 -8 0 3 0.01 M M 6.8 17 130 M M 1 1 23 130
9 90 65 78 2 0 13 1.60 M M 11.3 41 310 M M 2 13 58 300
10 76 64 70 -6 0 5 0.83 M M 10.7 30 340 M M 6 138 45 340
11 81 62 72 -4 0 7 0.01 M M 8.5 18 40 M M 3 24 30
12 82 56 69 -7 0 4 0.00 M M 3.0 8 10 M M 1 12 12 350
13 85 59 72 -4 0 7 0.00 M M 6.1 15 180 M M 0 13 20 180
14 86 70 78 2 0 13 0.24 M M 5.7 14 350 M M 5 13 19 350
15 83 65 74 -2 0 9 0.00 M M 6.1 13 50 M M 4 20 40
16 82 61 72 -4 0 7 0.00 M M 4.7 10 120 M M 1 12 13 130
17 83 65 74 -2 0 9 0.02 M M 4.9 13 130 M M 4 1 16 130
18 84 62 73 -3 0 8 0.00 M M 4.0 13 150 M M 2 1 18 150
19 86 59 73 -3 0 8 0.00 M M 2.0 8 110 M M 1 1 11 110
20 87 60 74 -2 0 9 0.00 M M 2.3 8 260 M M 1 12 15 210
21 86 60 73 -3 0 8 0.00 M M 6.1 15 160 M M 2 12 20 190
22 88 65 77 1 0 12 0.00 M M 10.1 21 180 M M 0 1 29 170
23 93 67 80 4 0 15 0.00 M M 9.8 22 180 M M 0 1 28 190
24 93 69 81 5 0 16 0.00 M M 4.8 9 10 M M 1 1 17 20
25 89 63 76 0 0 11 0.00 M M 2.7 10 170 M M 3 12 16 170
26 91 62 77 1 0 12 0.00 M M 7.7 17 180 M M 2 12 22 180
27 96 65 81 5 0 16 0.00 M M 8.1 15 200 M M 0 21 200
28 97 70 84 8 0 19 0.00 M M 8.3 16 200 M M 0 22 210
29 92 71 82 7 0 17 0.00 M M 7.6 16 360 M M 4 1 21 10
30 85 67 76 1 0 11 1.73 M M 7.7 18 40 M M 7 138 24 50
31 82 63 73 -2 0 8 0.36 M M 8.1 15 10 M M 6 138 17 10
================================================================================
SM 2692 1972 0 325 6.01 M 206.4 M 69
================================================================================
AV 86.8 63.6 6.7 FASTST M M 2 MAX(MPH)
MISC ----> 41 310 58 300
================================================================================
NOTES:
# LAST OF SEVERAL OCCURRENCES
COLUMN 17 PEAK WIND IN M.P.H.
PRELIMINARY LOCAL CLIMATOLOGICAL DATA (WS FORM: F-6) , PAGE 2
STATION: TEKAMAH NE
MONTH: JULY
YEAR: 2021
LATITUDE: 41 46 N
LONGITUDE: 96 11 W
[TEMPERATURE DATA] [PRECIPITATION DATA] SYMBOLS USED IN COLUMN 16
AVERAGE MONTHLY: 75.2 TOTAL FOR MONTH: 6.01 1 = FOG OR MIST
DPTR FM NORMAL: -0.4 DPTR FM NORMAL: 2.96 2 = FOG REDUCING VISIBILITY
HIGHEST: 97 ON 28 GRTST 24HR 2.37 ON 9-10 TO 1/4 MILE OR LESS
LOWEST: 56 ON 12 3 = THUNDER
SNOW, ICE PELLETS, HAIL 4 = ICE PELLETS
TOTAL MONTH: M 5 = HAIL
GRTST 24HR M ON M 6 = FREEZING RAIN OR DRIZZLE
GRTST DEPTH: M ON M 7 = DUSTSTORM OR SANDSTORM:
VSBY 1/2 MILE OR LESS
8 = SMOKE OR HAZE
[NO. OF DAYS WITH] [WEATHER - DAYS WITH] 9 = BLOWING SNOW
X = TORNADO
MAX 32 OR BELOW: 0 0.01 INCH OR MORE: 10
MAX 90 OR ABOVE: 11 0.10 INCH OR MORE: 7
MIN 32 OR BELOW: 0 0.50 INCH OR MORE: 5
MIN 0 OR BELOW: 0 1.00 INCH OR MORE: 2
[HDD (BASE 65) ]
TOTAL THIS MO. 0 CLEAR (SCALE 0-3) 23
DPTR FM NORMAL -3 PTCLDY (SCALE 4-7) 8
TOTAL FM JUL 1 0 CLOUDY (SCALE 8-10) 0
DPTR FM NORMAL 0
[CDD (BASE 65) ]
TOTAL THIS MO. 325
DPTR FM NORMAL -8 [PRESSURE DATA]
TOTAL FM JAN 1 762 HIGHEST SLP 30.20 ON 19
DPTR FM NORMAL 108 LOWEST SLP 29.69 ON 9
[REMARKS]
#FINAL-07-21#