000
CXUS54 KFWD 010830
CF6TRL
PRELIMINARY LOCAL CLIMATOLOGICAL DATA (WS FORM: F-6)
STATION: TERRELL
MONTH: FEBRUARY
YEAR: 2022
LATITUDE: 32 42 N
LONGITUDE: 96 16 W
TEMPERATURE IN F: :PCPN: SNOW: WIND :SUNSHINE: SKY :PK WND
================================================================================
1 2 3 4 5 6A 6B 7 8 9 10 11 12 13 14 15 16 17 18
12Z AVG MX 2MIN
DY MAX MIN AVG DEP HDD CDD WTR SNW DPTH SPD SPD DIR MIN PSBL S-S WX SPD DR
================================================================================
1 68 53 61 13 4 0 T M M 5.6 15 140 M M 9 1 20 170
2 58 32 45 -3 20 0 1.15 M M 9.8 20 350 M M 10 16 32 350
3 32 22 27 -21 38 0 0.22 M M 12.2 22 360 M M 10 16 31 330
4 35 21 28 -21 37 0 0.00 M M 7.9 16 320 M M 7 24 350
5 47 17 32 -17 33 0 0.00 M M 3.4 14 160 M M 0 17 160
6 54 21 38 -11 27 0 0.00 M M 3.6 15 180 M M 0 21 170
7 58 28 43 -6 22 0 0.00 M M 5.9 21 10 M M 0 27 10
8 64 26 45 -4 20 0 0.00 M M 6.1 17 210 M M 0 24 190
9 70 30 50 1 15 0 0.00 M M 2.2 12 30 M M 0 17 20
10 69 30 50 0 15 0 0.00 M M 2.5 9 220 M M 0 15 260
11 75 40 58 8 7 0 0.00 M M 9.0 22 190 M M 1 30 200
12 55 28 42 -8 23 0 T M M 13.8 28 20 M M 5 42 10
13 63 21 42 -8 23 0 0.00 M M 3.9 16 250 M M 0 23 220
14 71 30 51 1 14 0 0.00 M M 6.5 21 180 M M 0 27 170
15 71 39 55 4 10 0 0.00 M M 14.8 28 170 M M 1 39 140
16 70 60 65 14 0 0 0.04 M M 14.9 24 160 M M 10 1 33 170
17 66 33 50 -1 15 0 0.14 M M 14.4 28 320 M M 10 1 41 300
18 53 27 40 -11 25 0 0.00 M M 5.2 16 350 M M 1 24 360
19 64 26 45 -7 20 0 0.00 M M 2.1 12 120 M M 0 17 130
20 66 35 51 -1 14 0 0.00 M M 11.0 24 170 M M 0 31 160
21 81 56 69 17 0 4 T M M 14.3 29 180 M M 6 1 43 180
22 71 36 54 2 11 0 0.01 M M 13.9 22 320 M M 5 13 33 290
23 35 24 30 -22 35 0 T M M 11.6 22 10 M M 8 16 32 10
24 30 23 27 -26 38 0 T M M 8.6 16 10 M M 10 16 26 350
25 37 24 31 -22 34 0 T M M 9.9 21 20 M M 9 28 20
26 41 35 38 -15 27 0 0.01 M M 7.6 14 20 M M 10 1 17 20
27 56 30 43 -11 22 0 0.00 M M 6.5 17 340 M M 2 1 28 360
28 66 23 45 -9 20 0 0.00 M M 0.9 10 260 M M 0 14 250
================================================================================
SM 1626 870 569 4 1.57 M 228.1 M 114
================================================================================
AV 58.1 31.1 8.1 FASTST M M 4 MAX(MPH)
MISC ----> 29 180 43 180
================================================================================
NOTES:
# LAST OF SEVERAL OCCURRENCES
COLUMN 17 PEAK WIND IN M.P.H.
PRELIMINARY LOCAL CLIMATOLOGICAL DATA (WS FORM: F-6) , PAGE 2
STATION: TERRELL
MONTH: FEBRUARY
YEAR: 2022
LATITUDE: 32 42 N
LONGITUDE: 96 16 W
[TEMPERATURE DATA] [PRECIPITATION DATA] SYMBOLS USED IN COLUMN 16
AVERAGE MONTHLY: 44.6 TOTAL FOR MONTH: 1.57 1 = FOG OR MIST
DPTR FM NORMAL: -6.1 DPTR FM NORMAL: -1.16 2 = FOG REDUCING VISIBILITY
HIGHEST: 81 ON 21 GRTST 24HR 1.37 ON 2- 3 TO 1/4 MILE OR LESS
LOWEST: 17 ON 5 3 = THUNDER
SNOW, ICE PELLETS, HAIL 4 = ICE PELLETS
TOTAL MONTH: M 5 = HAIL
GRTST 24HR M ON M 6 = FREEZING RAIN OR DRIZZLE
GRTST DEPTH: M ON M 7 = DUSTSTORM OR SANDSTORM:
VSBY 1/2 MILE OR LESS
8 = SMOKE OR HAZE
[NO. OF DAYS WITH] [WEATHER - DAYS WITH] 9 = BLOWING SNOW
X = TORNADO
MAX 32 OR BELOW: 2 0.01 INCH OR MORE: 6
MAX 90 OR ABOVE: 0 0.10 INCH OR MORE: 3
MIN 32 OR BELOW: 19 0.50 INCH OR MORE: 1
MIN 0 OR BELOW: 0 1.00 INCH OR MORE: 1
[HDD (BASE 65) ]
TOTAL THIS MO. 569 CLEAR (SCALE 0-3) 15
DPTR FM NORMAL 159 PTCLDY (SCALE 4-7) 5
TOTAL FM JUL 1 1712 CLOUDY (SCALE 8-10) 8
DPTR FM NORMAL -149
[CDD (BASE 65) ]
TOTAL THIS MO. 4
DPTR FM NORMAL -4 [PRESSURE DATA]
TOTAL FM JAN 1 4 HIGHEST SLP 30.67 ON 4
DPTR FM NORMAL 1 LOWEST SLP 29.69 ON 21
[REMARKS]
#FINAL-02-22#