000
CXUS56 KPQR 011537
CF6TTD
PRELIMINARY LOCAL CLIMATOLOGICAL DATA (WS FORM: F-6)
STATION: TROUTDALE OR
MONTH: DECEMBER
YEAR: 2020
LATITUDE: 45 33 N
LONGITUDE: 122 25 W
TEMPERATURE IN F: :PCPN: SNOW: WIND :SUNSHINE: SKY :PK WND
================================================================================
1 2 3 4 5 6A 6B 7 8 9 10 11 12 13 14 15 16 17 18
12Z AVG MX 2MIN
DY MAX MIN AVG DEP HDD CDD WTR SNW DPTH SPD SPD DIR MIN PSBL S-S WX SPD DR
================================================================================
1 52 29 41 -1 24 0 0.00 M M 10.0 30 90 M M 3 12 39 80
2 50 43 47 6 18 0 0.00 M M 26.0 33 90 M M 0 43 100
3 47 41 44 3 21 0 0.00 M M 20.7 30 90 M M 0 37 80
4 49 33 41 0 24 0 0.00 M M 21.6 36 90 M M 0 46 90
5 42 38 40 0 25 0 T M M 30.0 38 90 M M 2 48 90
6 44 38 41 1 24 0 0.10 M M 14.8 30 80 M M 7 1 37 90
7 48 41 45 5 20 0 0.00 M M 22.0 30 90 M M 1 41 90
8 51 38 45 5 20 0 0.33 M M 8.5 22 90 M M 5 1 29 90
9 53 38 46 6 19 0 0.02 M M 1.3 10 230 M M 9 12 13 220
10 47 36 42 3 23 0 0.11 M M 8.6 24 90 M M 6 12 32 90
11 44 37 41 2 24 0 0.56 M M 4.2 14 80 M M 10 1 17 90
12 46 34 40 1 25 0 0.01 M M 14.7 28 80 M M 4 1 35 80
13 41 38 40 1 25 0 0.23 M M 17.5 30 90 M M 10 1 38 80
14 51 40 46 7 19 0 0.01 M M 4.3 16 100 M M 9 1 21 100
15 53 42 48 9 17 0 0.10 M M 7.9 20 220 M M 9 1 25 200
16 52 44 48 10 17 0 0.24 M M 9.7 23 80 M M 9 1 30 90
17 51 40 46 8 19 0 0.02 M M 7.0 21 220 M M 8 28 210
18 53 43 48 10 17 0 0.11 M M 6.0 22 210 M M 8 30 210
19 57 50 54 16 11 0 0.36 M M 6.7 23 220 M M 10 1 34 210
20 57 48 53 15 12 0 1.69 M M 3.9 20 210 M M 10 1 27 220
21 63 44 54 16 11 0 0.46 M M 9.4 29 220 M M 10 1 40 210
22 49 35 42 4 23 0 0.03 M M 6.3 18 220 M M 9 1 24 220
23 47 35 41 3 24 0 0.00 M M 17.3 28 80 M M 1 1 37 80
24 44 39 42 4 23 0 0.00 M M 23.1 31 80 M M 0 39 80
25 40 37 39 1 26 0 0.22 M M 24.4 32 80 M M 8 1 42 80
26 52 37 45 7 20 0 0.02 M M 7.3 20 80 M M 8 1 26 80
27 49 41 45 7 20 0 T M M 19.7 28 90 M M 3 36 90
28 46 38 42 4 23 0 0.00 M M 16.8 26 90 M M 0 33 90
29 42 36 39 1 26 0 T M M 11.3 21 90 M M 5 26 90
30 50 38 44 6 21 0 0.32 M M 11.5 22 80 M M 10 1 29 80
31 53 47 50 12 15 0 0.01 M M 9.5 20 210 M M 9 1 28 210
================================================================================
SM 1523 1218 636 0 4.95 M 402.0 M 183
================================================================================
AV 49.1 39.3 13.0 FASTST M M 6 MAX(MPH)
MISC ----> 38 90 48 90
================================================================================
NOTES:
# LAST OF SEVERAL OCCURRENCES
COLUMN 17 PEAK WIND IN M.P.H.
PRELIMINARY LOCAL CLIMATOLOGICAL DATA (WS FORM: F-6) , PAGE 2
STATION: TROUTDALE OR
MONTH: DECEMBER
YEAR: 2020
LATITUDE: 45 33 N
LONGITUDE: 122 25 W
[TEMPERATURE DATA] [PRECIPITATION DATA] SYMBOLS USED IN COLUMN 16
AVERAGE MONTHLY: 44.2 TOTAL FOR MONTH: 4.95 1 = FOG OR MIST
DPTR FM NORMAL: 5.2 DPTR FM NORMAL: -2.22 2 = FOG REDUCING VISIBILITY
HIGHEST: 63 ON 21 GRTST 24HR 1.81 ON 19-20 TO 1/4 MILE OR LESS
LOWEST: 29 ON 1 3 = THUNDER
SNOW, ICE PELLETS, HAIL 4 = ICE PELLETS
TOTAL MONTH: M 5 = HAIL
GRTST 24HR M ON M 6 = FREEZING RAIN OR DRIZZLE
GRTST DEPTH: M ON M 7 = DUSTSTORM OR SANDSTORM:
VSBY 1/2 MILE OR LESS
8 = SMOKE OR HAZE
[NO. OF DAYS WITH] [WEATHER - DAYS WITH] 9 = BLOWING SNOW
X = TORNADO
MAX 32 OR BELOW: 0 0.01 INCH OR MORE: 20
MAX 90 OR ABOVE: 0 0.10 INCH OR MORE: 13
MIN 32 OR BELOW: 1 0.50 INCH OR MORE: 2
MIN 0 OR BELOW: 0 1.00 INCH OR MORE: 1
[HDD (BASE 65) ]
TOTAL THIS MO. 636 CLEAR (SCALE 0-3) 10
DPTR FM NORMAL -171 PTCLDY (SCALE 4-7) 9
TOTAL FM JUL 1 1503 CLOUDY (SCALE 8-10) 12
DPTR FM NORMAL -408
[CDD (BASE 65) ]
TOTAL THIS MO. 0
DPTR FM NORMAL 0 [PRESSURE DATA]
TOTAL FM JAN 1 520 HIGHEST SLP 30.58 ON 1
DPTR FM NORMAL 180 LOWEST SLP 29.60 ON 21
[REMARKS]
#FINAL-12-20#