000
CXUS51 KPHI 022110
CLMTTN
CLIMATE REPORT
NATIONAL WEATHER SERVICE MOUNT HOLLY NJ
410 PM EST FRI FEB 02 2024
...................................
...THE TRENTON NJ CLIMATE SUMMARY FOR THE MONTH OF JANUARY 2024...
CLIMATE NORMAL PERIOD: 1991 TO 2020
CLIMATE RECORD PERIOD: 1865 TO 2024
WEATHER OBSERVED NORMAL DEPART LAST YEAR`S
VALUE DATE(S) VALUE FROM VALUE DATE(S)
NORMAL
................................................................
TEMPERATURE (F)
RECORD
HIGH 73 01/14/1932
LOW -13 01/22/1984
01/30/1873
HIGHEST 59 MM MM 64
LOWEST 11 MM MM 23
AVG. MAXIMUM 40.7 39.7 1.0 48.0
AVG. MINIMUM 27.3 24.3 3.0 33.1
MEAN 34.0 32.0 2.0 40.5
DAYS MAX >= 90 0 0.0 0.0 0
DAYS MAX <= 32 7 8.3 -1.3 0
DAYS MIN <= 32 20 24.6 -4.6 14
DAYS MIN <= 0 0 0.1 -0.1 0
PRECIPITATION (INCHES)
RECORD
MAXIMUM 8.99 1979
MINIMUM 0.11 1876
TOTALS 5.87 3.29 2.58 3.60
DAILY AVG. 0.19 0.11 0.08 0.12
DAYS >= .01 14 10.2 3.8 13
DAYS >= .10 11 6.0 5.0 7
DAYS >= .50 4 2.1 1.9 3
DAYS >= 1.00 1 0.7 0.3 0
GREATEST
24 HR. TOTAL 2.26 01/09 TO 01/10 1.23
SNOWFALL (INCHES)
RECORDS
TOTAL 33.0 2011
24 HR TOTAL MM
TOTALS 6.9 8.2 -1.3 T
SINCE 7/1 7.0 13.4 -6.4 MM
SNOWDEPTH AVG. 1 0
DAYS >= 1.0 4 2.1 1.9 0
GREATEST
SNOW DEPTH 5 01/20 0 MM
24 HR TOTAL 3.6 01/19 TO 01/19 MM
DEGREE DAYS
HEATING TOTAL 953 1023 -70 749
SINCE 7/1 2657 2835 -178 MM
COOLING TOTAL 0 0 0 0
SINCE 1/1 0 0 0 MM
................................................................
WIND (MPH)
AVERAGE WIND SPEED 6.8
HIGHEST WIND SPEED/DIRECTION 32/150 DATE 01/09
HIGHEST GUST SPEED/DIRECTION 56/170 DATE 01/09
SKY COVER
POSSIBLE SUNSHINE (PERCENT) MM
AVERAGE SKY COVER 0.59
NUMBER OF DAYS FAIR 10
NUMBER OF DAYS PC 7
NUMBER OF DAYS CLOUDY 14
AVERAGE RH (PERCENT) 72
WEATHER CONDITIONS. NUMBER OF DAYS WITH
THUNDERSTORM 0 MIXED PRECIP 0
HEAVY RAIN 2 RAIN 8
LIGHT RAIN 13 FREEZING RAIN 1
LT FREEZING RAIN 1 HEAVY SNOW 0
SNOW 3 LIGHT SNOW 8
SLEET 1 FOG 15
FOG W/VIS <= 1/4 MILE 4 HAZE 0
- INDICATES NEGATIVE NUMBERS.
R INDICATES RECORD WAS SET OR TIED.
MM INDICATES DATA IS MISSING.
T INDICATES TRACE AMOUNT.
$$