000
CXUS53 KAPX 011250
CF6TVC
PRELIMINARY LOCAL CLIMATOLOGICAL DATA (WS FORM: F-6)
STATION: TRAVERSE CITY MI
MONTH: NOVEMBER
YEAR: 2020
LATITUDE: 44 44 N
LONGITUDE: 85 34 W
TEMPERATURE IN F: :PCPN: SNOW: WIND :SUNSHINE: SKY :PK WND
================================================================================
1 2 3 4 5 6A 6B 7 8 9 10 11 12 13 14 15 16 17 18
12Z AVG MX 2MIN
DY MAX MIN AVG DEP HDD CDD WTR SNW DPTH SPD SPD DIR MIN PSBL S-S WX SPD DR
================================================================================
1 50 32 41 -2 24 0 0.15 M M 19.9 40 310 M M 10 1 57 310
2 49 27 38 -4 27 0 0.00 M M 10.6 26 230 M M 6 40 220
3 65 32 49 7 16 0 0.00 M M 6.7 17 220 M M 2 30 230
4 73 53 63 21 2 0 0.00 M M 9.9 18 220 M M 0 30 190
5 67 41 54 13 11 0 0.00 M M 5.7 16 220 M M 3 1 25 200
6 74 43 59 18 6 0 0.00 M M 7.3 18 220 M M 3 1 26 200
7 74 58 66 26 0 1 0.00 M M 10.2 21 220 M M 3 31 240
8 76 55 66 26 0 1 0.00 M M 7.2 16 230 M M 3 23 210
9 78 63 71 31 0 6 T M M 10.7 23 190 M M 3 41 200
10 71 47 59 20 6 0 0.55 M M 7.5 20 300 M M 9 13 30 190
11 61 33 47 8 18 0 T M M 12.8 32 220 M M 7 48 240
12 54 34 44 5 21 0 0.00 M M 6.6 16 210 M M 3 23 200
13 45 32 39 1 26 0 0.04 M M 9.7 20 290 M M 9 1 28 300
14 47 28 38 0 27 0 0.00 M M 8.5 22 160 M M 5 38 150
15 53 36 45 7 20 0 0.48 M M 14.8 25 250 M M 10 18 42 260
16 38 32 35 -2 30 0 T M M 10.3 23 270 M M 10 1 34 270
17 35 29 32 -5 33 0 T M M 13.8 24 310 M M 9 36 320
18 46 22 34 -2 31 0 0.00 M M 7.9 21 200 M M 6 34 190
19 60 45 53 17 12 0 0.00 M M 10.5 21 220 M M 6 34 230
20 57 40 49 13 16 0 0.00 M M 8.6 18 320 M M 6 24 280
21 42 24 33 -2 32 0 0.00 M M 4.6 14 330 M M 3 20 330
22 44 21 33 -2 32 0 T M M 2.8 9 150 M M 5 13 160
23 40 33 37 3 28 0 0.03 M M 9.2 21 320 M M 10 8 28 320
24 35 27 31 -3 34 0 0.12 M M 5.1 13 140 M M 10 1 21 150
25 41 34 38 4 27 0 0.10 M M 2.8 10 40 M M 10 1 15 50
26 46 40 43 10 22 0 T M M 7.6 23 230 M M 9 1 36 230
27 41 33 37 4 28 0 T M M 6.8 17 260 M M 10 5 23 280
28 52 27 40 8 25 0 0.00 M M 10.1 21 220 M M 2 33 230
29 50 37 44 12 21 0 0.00 M M 10.9 18 320 M M 4 31 330
30 37 31 34 2 31 0 0.02 M M 15.8 20 350 M M 10 1 36 330
================================================================================
SM 1601 1089 606 8 1.49 M 274.9 M 186
================================================================================
AV 53.4 36.3 9.2 FASTST M M 6 MAX(MPH)
MISC ----> 40 310 57 310
================================================================================
NOTES:
# LAST OF SEVERAL OCCURRENCES
COLUMN 17 PEAK WIND IN M.P.H.
PRELIMINARY LOCAL CLIMATOLOGICAL DATA (WS FORM: F-6) , PAGE 2
STATION: TRAVERSE CITY MI
MONTH: NOVEMBER
YEAR: 2020
LATITUDE: 44 44 N
LONGITUDE: 85 34 W
[TEMPERATURE DATA] [PRECIPITATION DATA] SYMBOLS USED IN COLUMN 16
AVERAGE MONTHLY: 44.8 TOTAL FOR MONTH: 1.49 1 = FOG OR MIST
DPTR FM NORMAL: 7.5 DPTR FM NORMAL: -1.21 2 = FOG REDUCING VISIBILITY
HIGHEST: 78 ON 9 GRTST 24HR 0.55 ON 10-10 TO 1/4 MILE OR LESS
LOWEST: 21 ON 22 3 = THUNDER
SNOW, ICE PELLETS, HAIL 4 = ICE PELLETS
TOTAL MONTH: M 5 = HAIL
GRTST 24HR M ON M 6 = FREEZING RAIN OR DRIZZLE
GRTST DEPTH: M ON M 7 = DUSTSTORM OR SANDSTORM:
VSBY 1/2 MILE OR LESS
8 = SMOKE OR HAZE
[NO. OF DAYS WITH] [WEATHER - DAYS WITH] 9 = BLOWING SNOW
X = TORNADO
MAX 32 OR BELOW: 0 0.01 INCH OR MORE: 8
MAX 90 OR ABOVE: 0 0.10 INCH OR MORE: 5
MIN 32 OR BELOW: 13 0.50 INCH OR MORE: 1
MIN 0 OR BELOW: 0 1.00 INCH OR MORE: 0
[HDD (BASE 65) ]
TOTAL THIS MO. 606 CLEAR (SCALE 0-3) 8
DPTR FM NORMAL -226 PTCLDY (SCALE 4-7) 10
TOTAL FM JUL 1 1360 CLOUDY (SCALE 8-10) 12
DPTR FM NORMAL -258
[CDD (BASE 65) ]
TOTAL THIS MO. 8
DPTR FM NORMAL 8 [PRESSURE DATA]
TOTAL FM JAN 1 716 HIGHEST SLP 30.55 ON 21
DPTR FM NORMAL 305 LOWEST SLP 29.03 ON 15
[REMARKS]
#FINAL-11-20#