000
CXUS54 KSHV 011300
CF6TYR
PRELIMINARY LOCAL CLIMATOLOGICAL DATA (WS FORM: F-6)
STATION: TYLER
MONTH: MARCH
YEAR: 2022
LATITUDE: 32 22 N
LONGITUDE: 95 24 W
TEMPERATURE IN F: :PCPN: SNOW: WIND :SUNSHINE: SKY :PK WND
================================================================================
1 2 3 4 5 6A 6B 7 8 9 10 11 12 13 14 15 16 17 18
12Z AVG MX 2MIN
DY MAX MIN AVG DEP HDD CDD WTR SNW DPTH SPD SPD DIR MIN PSBL S-S WX SPD DR
================================================================================
1 71 34 53 -2 12 0 0.00 0.0 0 4.5 12 200 M M 0 15 200
2 76 41 59 4 6 0 0.00 0.0 0 4.8 14 250 M M 0 17 220
3 78 44 61 5 4 0 0.00 0.0 0 5.8 14 130 M M 0 19 120
4 79 49 64 8 1 0 0.00 0.0 0 10.3 20 180 M M 3 1 26 180
5 80 63 72 16 0 7 T 0.0 0 13.3 22 180 M M 8 31 170
6 80 53 67 11 0 2 T 0.0 0 14.3 29 320 M M 8 18 37 320
7 53 37 45 -12 20 0 0.01 0.0 0 11.7 28 320 M M 8 35 320
8 41 35 38 -19 27 0 0.15 0.0 0 7.7 17 70 M M 7 13 23 60
9 57 30 44 -13 21 0 0.00 0.0 0 4.4 13 90 M M 0 17 60
10 69 35 52 -6 13 0 0.00 0.0 0 6.4 13 150 M M 1 17 110
11 58 32 45 -13 20 0 0.05 0.0 0 13.6 25 350 M M 9 1 33 350
12 56 25 41 -17 24 0 0.00 0.0 0 5.5 14 360 M M 0 20 360
13 66 31 49 -9 16 0 0.00 0.0 0 11.4 20 170 M M 1 27 190
14 75 45 60 2 5 0 0.81 0.0 0 12.0 26 190 M M 7 13 33 280
15 67 48 58 -1 7 0 T 0.0 0 5.8 21 330 M M 6 128 26 330
16 78 43 61 2 4 0 0.00 0.0 0 4.9 15 190 M M 1 12 19 190
17 75 52 64 5 1 0 T 0.0 0 12.0 25 180 M M 4 18 31 180
18 66 44 55 -5 10 0 0.00 0.0 0 11.9 26 300 M M 3 37 320
19 74 35 55 -5 10 0 0.00 0.0 0 5.2 14 300 M M 0 18 310
20 80 46 63 3 2 0 0.00 0.0 0 10.7 21 140 M M 0 26 130
21 72 60 66 6 0 1 2.61 0.0 0 16.9 47 240 M M 10 13 61 240
22 61 49 55 -6 10 0 0.64 0.0 0 18.3 M M M M 10 13 27 290
23 63 42 53 -8 12 0 0.00 0.0 0 13.4 22 310 M M 0 33 300
24 66 37 52 -9 13 0 0.00 0.0 0 7.2 20 310 M M 0 8 26 290
25 79 40 60 -1 5 0 0.00 0.0 0 4.3 12 20 M M 0 17 30
26 84 47 66 4 0 1 0.00 0.0 0 7.6 20 210 M M 0 28 200
27 87 53 70 8 0 5 0.00 0.0 0 9.4 17 200 M M 0 22 190
28 84 58 71 9 0 6 0.00 0.0 0 13.3 23 190 M M 1 27 180
29 81 67 74 12 0 9 0.00 0.0 0 20.5 33 170 M M 6 47 160
30 75 45 60 -2 5 0 0.56 0.0 0 12.8 35 190 M M 6 13 47 250
31 69 41 55 -7 10 0 0.00 0.0 0 5.8 21 290 M M 1 28 250
================================================================================
SM 2200 1361 258 31 4.83 0.0 305.7 M 100
================================================================================
AV 71.0 43.9 9.9 FASTST M M 3 MAX(MPH)
MISC ----> 47 240 61 240
================================================================================
NOTES:
# LAST OF SEVERAL OCCURRENCES
COLUMN 17 PEAK WIND IN M.P.H.
PRELIMINARY LOCAL CLIMATOLOGICAL DATA (WS FORM: F-6) , PAGE 2
STATION: TYLER
MONTH: MARCH
YEAR: 2022
LATITUDE: 32 22 N
LONGITUDE: 95 24 W
[TEMPERATURE DATA] [PRECIPITATION DATA] SYMBOLS USED IN COLUMN 16
AVERAGE MONTHLY: 57.4 TOTAL FOR MONTH: 4.83 1 = FOG OR MIST
DPTR FM NORMAL: -1.5 DPTR FM NORMAL: 1.11 2 = FOG REDUCING VISIBILITY
HIGHEST: 87 ON 27 GRTST 24HR 2.61 ON 21-21 TO 1/4 MILE OR LESS
LOWEST: 25 ON 12 3 = THUNDER
SNOW, ICE PELLETS, HAIL 4 = ICE PELLETS
TOTAL MONTH: 0.0 INCH 5 = HAIL
GRTST 24HR 0.0 6 = FREEZING RAIN OR DRIZZLE
GRTST DEPTH: 0 7 = DUSTSTORM OR SANDSTORM:
VSBY 1/2 MILE OR LESS
8 = SMOKE OR HAZE
[NO. OF DAYS WITH] [WEATHER - DAYS WITH] 9 = BLOWING SNOW
X = TORNADO
MAX 32 OR BELOW: 0 0.01 INCH OR MORE: 7
MAX 90 OR ABOVE: 0 0.10 INCH OR MORE: 5
MIN 32 OR BELOW: 4 0.50 INCH OR MORE: 4
MIN 0 OR BELOW: 0 1.00 INCH OR MORE: 1
[HDD (BASE 65) ]
TOTAL THIS MO. 258 CLEAR (SCALE 0-3) 19
DPTR FM NORMAL 32 PTCLDY (SCALE 4-7) 9
TOTAL FM JUL 1 1734 CLOUDY (SCALE 8-10) 3
DPTR FM NORMAL -250
[CDD (BASE 65) ]
TOTAL THIS MO. 31
DPTR FM NORMAL -8 [PRESSURE DATA]
TOTAL FM JAN 1 38 HIGHEST SLP 30.51 ON 12
DPTR FM NORMAL -17 LOWEST SLP 29.46 ON 30
[REMARKS]
#FINAL-03-22#