000
CXUS54 KSHV 011400
CF6TYR
PRELIMINARY LOCAL CLIMATOLOGICAL DATA (WS FORM: F-6)
STATION: TYLER
MONTH: NOVEMBER
YEAR: 2023
LATITUDE: 32 22 N
LONGITUDE: 95 24 W
TEMPERATURE IN F: :PCPN: SNOW: WIND :SUNSHINE: SKY :PK WND
================================================================================
1 2 3 4 5 6A 6B 7 8 9 10 11 12 13 14 15 16 17 18
12Z AVG MX 2MIN
DY MAX MIN AVG DEP HDD CDD WTR SNW DPTH SPD SPD DIR MIN PSBL S-S WX SPD DR
================================================================================
1 57 32 45 -17 20 0 0.00 0.0 0 4.5 10 90 M M 0 20 90
2 63 35 49 -13 16 0 0.00 0.0 0 5.1 13 160 M M 0 18 160
3 73 42 58 -3 7 0 0.00 0.0 0 6.9 14 210 M M 0 25 170
4 78 49 64 3 1 0 0.00 0.0 0 6.0 15 210 M M 1 20 190
5 80 58 69 9 0 4 0.00 0.0 0 6.9 15 210 M M 3 21 200
6 80 62 71 11 0 6 0.00 0.0 0 11.5 22 180 M M 1 33 180
7 84 65 75 15 0 10 0.00 0.0 0 12.6 22 180 M M 0 1 31 190
8 82 68 75 16 0 10 0.00 0.0 0 13.9 24 200 M M 4 34 200
9 73 55 64 5 1 0 1.59 0.0 0 6.1 16 10 M M 7 1 21 10
10 57 52 55 -4 10 0 0.11 0.0 0 10.7 18 40 M M 10 18 26 50
11 61 54 58 0 7 0 T 0.0 0 5.3 13 60 M M 10 17 70
12 64 55 60 2 5 0 0.00 0.0 0 4.9 10 60 M M 6 13 20
13 68 55 62 4 3 0 T 0.0 0 6.5 15 50 M M 4 19 40
14 73 52 63 6 2 0 0.03 0.0 0 4.2 12 110 M M 3 15 60
15 73 47 60 3 5 0 0.00 0.0 0 5.1 13 60 M M 1 18 10
16 63 57 60 3 5 0 0.00 0.0 0 5.8 14 210 M M 10 1 18 210
17 69 58 64 8 1 0 0.00 0.0 0 7.4 12 190 M M 9 M M
18 73 55 64 8 1 0 0.00 0.0 0 3.6 10 50 M M 3 1 15 50
19 71 54 63 7 2 0 0.07 0.0 0 9.0 20 150 M M 5 28 140
20 77 57 67 11 0 2 0.01 0.0 0 10.4 21 330 M M 7 18 31 320
21 57 48 53 -2 12 0 0.00 0.0 0 12.0 30 340 M M 9 42 340
22 58 36 47 -8 18 0 0.00 0.0 0 5.5 16 330 M M 0 22 330
23 61 34 48 -7 17 0 0.00 0.0 0 5.8 15 160 M M 1 20 160
24 66 40 53 -1 12 0 0.00 0.0 0 2.8 9 50 M M 1 12 50
25 62 42 52 -2 13 0 0.16 0.0 0 5.6 14 80 M M 4 1 20 90
26 52 36 44 -10 21 0 T 0.0 0 8.6 23 320 M M 4 1 31 320
27 53 31 42 -12 23 0 0.00 0.0 0 4.0 13 10 M M 0 19 350
28 63 36 50 -3 15 0 0.00 0.0 0 2.8 9 210 M M 2 12 170
29 64 37 51 -2 14 0 0.00 0.0 0 7.3 15 200 M M 3 20 190
30 66 51 59 6 6 0 0.42 0.0 0 11.8 21 190 M M 10 13 28 180
================================================================================
SM 2021 1453 237 32 2.39 0.0 212.6 M 118
================================================================================
AV 67.4 48.4 7.1 FASTST M M 4 MAX(MPH)
MISC ----> 30 340 42 340
================================================================================
NOTES:
# LAST OF SEVERAL OCCURRENCES
COLUMN 17 PEAK WIND IN M.P.H.
PRELIMINARY LOCAL CLIMATOLOGICAL DATA (WS FORM: F-6) , PAGE 2
STATION: TYLER
MONTH: NOVEMBER
YEAR: 2023
LATITUDE: 32 22 N
LONGITUDE: 95 24 W
[TEMPERATURE DATA] [PRECIPITATION DATA] SYMBOLS USED IN COLUMN 16
AVERAGE MONTHLY: 57.9 TOTAL FOR MONTH: 2.39 1 = FOG OR MIST
DPTR FM NORMAL: 0.8 DPTR FM NORMAL: -0.87 2 = FOG REDUCING VISIBILITY
HIGHEST: 84 ON 7 GRTST 24HR 1.70 ON 9-10 TO 1/4 MILE OR LESS
LOWEST: 31 ON 27 3 = THUNDER
SNOW, ICE PELLETS, HAIL 4 = ICE PELLETS
TOTAL MONTH: 0.0 INCH 5 = HAIL
GRTST 24HR 0.0 6 = FREEZING RAIN OR DRIZZLE
GRTST DEPTH: 0 7 = DUSTSTORM OR SANDSTORM:
VSBY 1/2 MILE OR LESS
8 = SMOKE OR HAZE
[NO. OF DAYS WITH] [WEATHER - DAYS WITH] 9 = BLOWING SNOW
X = TORNADO
MAX 32 OR BELOW: 0 0.01 INCH OR MORE: 7
MAX 90 OR ABOVE: 0 0.10 INCH OR MORE: 4
MIN 32 OR BELOW: 2 0.50 INCH OR MORE: 1
MIN 0 OR BELOW: 0 1.00 INCH OR MORE: 1
[HDD (BASE 65) ]
TOTAL THIS MO. 237 CLEAR (SCALE 0-3) 14
DPTR FM NORMAL -29 PTCLDY (SCALE 4-7) 10
TOTAL FM JUL 1 311 CLOUDY (SCALE 8-10) 6
DPTR FM NORMAL -22
[CDD (BASE 65) ]
TOTAL THIS MO. 32
DPTR FM NORMAL 4 [PRESSURE DATA]
TOTAL FM JAN 1 3356 HIGHEST SLP 30.52 ON 1
DPTR FM NORMAL 680 LOWEST SLP 29.65 ON 30
[REMARKS]
#FINAL-11-23#