000
CXUS54 KMRX 011030
CF6TYS
PRELIMINARY LOCAL CLIMATOLOGICAL DATA (WS FORM: F-6)
STATION: KNOXVILLE MCGHEE TYSON AIRPORT
MONTH: MARCH
YEAR: 2023
LATITUDE: 35 49 N
LONGITUDE: 83 59 W
TEMPERATURE IN F: :PCPN: SNOW: WIND :SUNSHINE: SKY :PK WND
================================================================================
1 2 3 4 5 6A 6B 7 8 9 10 11 12 13 14 15 16 17 18
12Z AVG MX 2MIN
DY MAX MIN AVG DEP HDD CDD WTR SNW DPTH SPD SPD DIR MIN PSBL S-S WX SPD DR
================================================================================
1 78 46 62 16 3 0 0.13 0.0 0 6.6 23 200 M M 8 138 31 200
2 64 57 61 14 4 0 2.10 0.0 0 5.3 18 310 M M 10 13 23 320
3 75 56 66 19 0 1 0.56 0.0 0 15.9 48 270 M M 8 13 68 260
4 61 43 52 5 13 0 0.00 0.0 0 6.9 21 240 M M 1 26 240
5 69 36 53 5 12 0 0.00 0.0 0 4.4 14 30 M M 0 18 30
6 77 40 59 11 6 0 0.00 0.0 0 7.1 22 230 M M 7 29 230
7 69 47 58 10 7 0 0.00 0.0 0 8.5 21 10 M M 3 27 10
8 58 42 50 2 15 0 0.00 0.0 0 13.8 23 50 M M 7 33 50
9 56 38 47 -2 18 0 0.04 0.0 0 5.6 17 250 M M 9 1 22 240
10 58 41 50 1 15 0 0.07 0.0 0 9.5 22 280 M M 8 1 28 270
11 56 36 46 -3 19 0 T 0.0 0 4.6 15 30 M M 6 20 20
12 51 42 47 -2 18 0 1.07 0.0 0 4.9 14 270 M M 10 1 17 110
13 47 34 41 -9 24 0 0.01 0.0 0 6.8 21 290 M M 8 1 32 280
14 44 30 37 -13 28 0 0.00 0.0 0 6.9 14 340 M M 7 20 340
15 54 26 40 -10 25 0 0.00 0.0 0 6.4 14 50 M M 0 18 50
16 68 28 48 -2 17 0 0.00 0.0 0 6.0 20 240 M M 6 25 260
17 62 39 51 0 14 0 0.32 0.0 0 14.8 31 280 M M 10 1 40 280
18 50 33 42 -9 23 0 0.00 0.0 0 7.6 23 280 M M 6 27 270
19 38 25 32 -19 33 0 0.00 0.0 0 7.1 14 30 M M 2 20 30
20 52 23 38 -14 27 0 0.00 0.0 0 4.2 14 40 M M 1 18 60
21 62 26 44 -8 21 0 T 0.0 0 2.5 10 120 M M 7 12 130
22 56 45 51 -1 14 0 0.53 0.0 0 3.7 12 240 M M 10 1 15 280
23 77 50 64 12 1 0 0.00 0.0 0 9.9 26 220 M M 9 12 36 230
24 79 64 72 19 0 7 0.00 0.0 0 14.7 29 230 M M 7 36 230
25 76 59 68 15 0 3 0.70 0.0 0 15.6 52 250 M M 5 13 71 250
26 78 49 64 11 1 0 0.00 0.0 0 3.5 12 300 M M 4 18 290
27 75 56 66 12 0 1 0.00 0.0 0 9.1 21 270 M M 5 28 280
28 63 46 55 1 10 0 T 0.0 0 7.9 21 330 M M 6 28 280
29 63 36 50 -4 15 0 0.00 0.0 0 3.5 13 10 M M 1 20 80
30 70 35 53 -2 12 0 0.00 0.0 0 2.3 8 330 M M 1 12 330
31 72 46 59 4 6 0 0.08 0.0 0 7.9 28 200 M M 9 44 210
================================================================================
SM 1958 1274 401 12 5.61 0.0 233.5 M 181
================================================================================
AV 63.2 41.1 7.5 FASTST M M 6 MAX(MPH)
MISC ----> 52 250 71 250
================================================================================
NOTES:
# LAST OF SEVERAL OCCURRENCES
COLUMN 17 PEAK WIND IN M.P.H.
PRELIMINARY LOCAL CLIMATOLOGICAL DATA (WS FORM: F-6) , PAGE 2
STATION: KNOXVILLE MCGHEE TYSON AIRPORT
MONTH: MARCH
YEAR: 2023
LATITUDE: 35 49 N
LONGITUDE: 83 59 W
[TEMPERATURE DATA] [PRECIPITATION DATA] SYMBOLS USED IN COLUMN 16
AVERAGE MONTHLY: 52.1 TOTAL FOR MONTH: 5.61 1 = FOG OR MIST
DPTR FM NORMAL: 1.5 DPTR FM NORMAL: 0.72 2 = FOG REDUCING VISIBILITY
HIGHEST: 79 ON 24 GRTST 24HR 2.23 ON 1- 2 TO 1/4 MILE OR LESS
LOWEST: 23 ON 20 3 = THUNDER
SNOW, ICE PELLETS, HAIL 4 = ICE PELLETS
TOTAL MONTH: 0.0 INCH 5 = HAIL
GRTST 24HR 0.0 6 = FREEZING RAIN OR DRIZZLE
GRTST DEPTH: 0 7 = DUSTSTORM OR SANDSTORM:
VSBY 1/2 MILE OR LESS
8 = SMOKE OR HAZE
[NO. OF DAYS WITH] [WEATHER - DAYS WITH] 9 = BLOWING SNOW
X = TORNADO
MAX 32 OR BELOW: 0 0.01 INCH OR MORE: 11
MAX 90 OR ABOVE: 0 0.10 INCH OR MORE: 7
MIN 32 OR BELOW: 6 0.50 INCH OR MORE: 5
MIN 0 OR BELOW: 0 1.00 INCH OR MORE: 2
[HDD (BASE 65) ]
TOTAL THIS MO. 401 CLEAR (SCALE 0-3) 8
DPTR FM NORMAL -51 PTCLDY (SCALE 4-7) 14
TOTAL FM JUL 1 2833 CLOUDY (SCALE 8-10) 9
DPTR FM NORMAL -442
[CDD (BASE 65) ]
TOTAL THIS MO. 12
DPTR FM NORMAL 7 [PRESSURE DATA]
TOTAL FM JAN 1 22 HIGHEST SLP 30.43 ON 21
DPTR FM NORMAL 17 LOWEST SLP 29.09 ON 3
[REMARKS]
#FINAL-03-23#