000
CXUS54 KMRX 021422
CLMTYS
CLIMATE REPORT
NATIONAL WEATHER SERVICE MORRISTOWN, TN
1022 AM EDT WED AUG 02 2023
...................................
...THE KNOXVILLE MCGHEE TYSON AIRPORT CLIMATE SUMMARY FOR THE MONTH OF JULY 2023...
CLIMATE NORMAL PERIOD: 1991 TO 2020
CLIMATE RECORD PERIOD: 1871 TO 2023
WEATHER OBSERVED NORMAL DEPART
VALUE DATE(S) VALUE FROM
NORMAL
................................................
TEMPERATURE (F)
HIGHEST 94 07/28
LOWEST 62 07/11
07/12
AVG. MAXIMUM 87.6 88.4 -0.8
AVG. MINIMUM 69.3 68.7 0.6
MEAN 78.5 78.5 -0.0
DAYS MAX >= 90 9
DAYS MAX <= 32 0
DAYS MIN <= 32 0
DAYS MIN <= 0 0
PRECIPITATION (INCHES)
RECORD
MAXIMUM 13.16 1917
MINIMUM 0.33 1995
TOTALS 5.22 5.25 -0.03
DAYS >= .01 13
DAYS >= .10 9
DAYS >= .50 2
DAYS >= 1.00 2
GREATEST
24 HR. TOTAL 1.78 07/20 TO 07/20
SNOWFALL (INCHES)
TOTALS 0.0 0.0 0.0
SINCE 7/1 0.0
SNOWDEPTH AVG. 0
DAYS >= TRACE 0
GREATEST
SNOW DEPTH 0
DEGREE DAYS
HEATING TOTAL 0 0 0
SINCE 7/1 0 0 0
COOLING TOTAL 424 420 4
SINCE 1/1 840 915 -75
................................................
WEATHER CONDITIONS. NUMBER OF DAYS WITH
THUNDERSTORM 13 RAIN 8
SNOW 0 FOG 16
FOG W/VIS <= 1/4 MILE 3
- INDICATES NEGATIVE NUMBERS.
R INDICATES RECORD WAS SET OR TIED.
MM INDICATES DATA IS MISSING.
T INDICATES TRACE AMOUNT.
$$