000
CXUS53 KLSX 011904
CLMUIN
CLIMATE REPORT
NATIONAL WEATHER SERVICE ST LOUIS MO
104 PM CST FRI DEC 01 2023
...................................
...THE QUINCY IL CLIMATE SUMMARY FOR THE MONTH OF NOVEMBER 2023...
CLIMATE NORMAL PERIOD 1991 TO 2020
CLIMATE RECORD PERIOD 1901 TO 2023
WEATHER OBSERVED NORMAL DEPART LAST YEAR`S
VALUE DATE(S) VALUE FROM VALUE
NORMAL
..............................................................
TEMPERATURE (F)
RECORD
HIGH 84 11/08/1915
11/07/1915
LOW -11 11/30/1964
HIGHEST 75 11/08 81
LOWEST 11 11/28 14
AVG. MAXIMUM 55.2 51.2 4.0 53.5
AVG. MINIMUM 34.2 33.4 0.8 33.1
MEAN 44.7 42.3 2.4 43.3
DAYS MAX >= 90 0 0.0 0.0 0
DAYS MAX <= 32 2 1.6 0.4 4
DAYS MIN <= 32 12 14.3 -2.3 16
DAYS MIN <= 0 0 0.0 0.0 0
PRECIPITATION (INCHES)
RECORD
MAXIMUM 11.17 1985
MINIMUM T 1914
TOTALS 0.36 2.41 -2.05 1.49
DAILY AVG. 0.01 0.08 -0.07 0.05
DAYS >= .01 MM 8.0 MM 6
DAYS >= .10 MM 4.8 MM 3
DAYS >= .50 0 1.7 -1.7 1
DAYS >= 1.00 0 0.5 -0.5 0
GREATEST
24 HR. TOTAL 0.31 11/20 TO 11/20
DEGREE DAYS
HEATING TOTAL 601 682 -81 649
SINCE 7/1 891 1091 -200 MM
COOLING TOTAL 0 1 -1 6
SINCE 1/1 1279 1153 126 MM
..............................................................
WIND (MPH)
HIGHEST WIND SPEED/DIRECTION 25/200 DATE 11/03
HIGHEST GUST SPEED/DIRECTION 36/200 DATE 11/16
SKY COVER
POSSIBLE SUNSHINE (PERCENT) MM
NUMBER OF DAYS FAIR 24
NUMBER OF DAYS PC 3
NUMBER OF DAYS CLOUDY 3
WEATHER CONDITIONS. NUMBER OF DAYS WITH
THUNDERSTORM 0 MIXED PRECIP 0
HEAVY RAIN 0 RAIN 4
LIGHT RAIN 7 FREEZING RAIN 0
LT FREEZING RAIN 0 HAIL 0
HEAVY SNOW 0 SNOW 1
LIGHT SNOW 2 SLEET 0
FOG 6 FOG W/VIS <= 1/4 MILE 1
HAZE 6
- INDICATES NEGATIVE NUMBERS.
R INDICATES RECORD WAS SET OR TIED.
MM INDICATES DATA IS MISSING.
T INDICATES TRACE AMOUNT.
...MONTHLY...
NO RECORDS OF NOTE.
...DAILY...
RECORD LOW TEMPERATURE OF 21 DEGREES SET ON 11/01. PREVIOUS 23 IN
1954.
$$