000
CXUS53 KLSX 011724
CLSUIN
CLIMATE REPORT
NATIONAL WEATHER SERVICE ST LOUIS MO
1223 PM CDT TUE JUN 01 2021
...................................
...THE QUINCY IL CLIMATE SUMMARY FOR THE SEASON, FROM
3/1/2021 TO 5/31/2021...
CLIMATE NORMAL PERIOD 1991 TO 2020
CLIMATE RECORD PERIOD 1901 TO 2021
WEATHER OBSERVED NORMAL DEPART LAST YEAR`S
VALUE DATE(S) VALUE FROM VALUE
NORMAL
..............................................................
TEMPERATURE (F)
RECORD
HIGH 103 05/30/1934
LOW -13 03/05/1960
HIGHEST 85 05/24
05/26
LOWEST 23 04/01
03/02
03/01
AVG. MAXIMUM 63.6 62.9 0.7
AVG. MINIMUM 44.4 43.0 1.4
MEAN 54.0 53.0 1.0
DAYS MAX >= 90 0
DAYS MAX <= 32 0
DAYS MAX >= 100 0
DAYS MIN <= 32 12
DAYS MIN <= 0 0
PRECIPITATION (INCHES)
RECORD
MAXIMUM 25.78 1973
MINIMUM 4.20 1956
TOTALS 14.79 10.82 3.97
DAYS >= .01 36
DAYS >= .10 18
DAYS >= .50 10
DAYS >= 1.00 5
GREATEST
24 HR. TOTAL 2.27 04/10 TO 04/11
DEGREE DAYS
HEATING TOTAL 1088 1211 -123
SINCE 7/1 5408 5474 -66
COOLING TOTAL 96 104 -8
SINCE 1/1 96 103 -7
..............................................................
WIND (MPH)
HIGHEST WIND SPEED/DIRECTION 39/240 DATE 04/07
HIGHEST GUST SPEED/DIRECTION 60/240 DATE 04/07
WEATHER CONDITIONS. NUMBER OF DAYS WITH
THUNDERSTORM 12 HAIL 0
FOG W/VIS <= 1/4 MILE 4
- INDICATES NEGATIVE NUMBERS.
R INDICATES RECORD WAS SET OR TIED.
MM INDICATES DATA IS MISSING.
T INDICATES TRACE AMOUNT.
...SEASONAL...
16TH WETTEST SPRING ON RECORD (14.79 INCHES).
10TH (TIE) MOST OCCURRENCES WITH AT LEAST ONE INCH OF
PRECIPITATION (5 DAYS).
...MONTHLY...
17TH WETTEST APRIL ON RECORD (5.42 INCHES).
15TH WARMEST MARCH ON RECORD (47.2 DEGREES).
11TH WETTEST MARCH ON RECORD (4.54 INCHES).
...DAILY...
3 RECORD PRECIPITATION VALUES SET (05/18, 04/07, AND 03/18).
$$