000
CXUS56 KEKA 030339
CF6UKI
PRELIMINARY LOCAL CLIMATOLOGICAL DATA (WS FORM: F-6)
STATION: UKIAH CA
MONTH: JUNE
YEAR: 2021
LATITUDE: 39 7 N
LONGITUDE: 123 12 W
TEMPERATURE IN F: :PCPN: SNOW: WIND :SUNSHINE: SKY :PK WND
================================================================================
1 2 3 4 5 6A 6B 7 8 9 10 11 12 13 14 15 16 17 18
12Z AVG MX 2MIN
DY MAX MIN AVG DEP HDD CDD WTR SNW DPTH SPD SPD DIR MIN PSBL S-S WX SPD DR
================================================================================
1 104 60 82 16 0 17 0.00 M M 3.9 13 140 M M 0 18 140
2 99 54 77 11 0 12 0.00 M M 3.7 13 360 M M 0 19 350
3 99 60 80 14 0 15 0.00 M M 5.9 22 320 M M 0 33 320
4 93 60 77 11 0 12 0.00 M M 6.2 17 310 M M 0 24 340
5 92 56 74 8 0 9 0.00 M M 6.1 16 320 M M 0 8 23 290
6 84 52 68 1 0 3 0.00 M M 7.3 20 290 M M 0 29 290
7 75 50 63 -4 2 0 0.00 M M 8.2 23 340 M M 0 31 340
8 70 45 58 -9 7 0 0.00 M M 7.6 18 280 M M 0 25 260
9 70 45 58 -9 7 0 0.00 M M 7.2 23 330 M M 1 30 290
10 77 43 60 -8 5 0 0.00 M M 4.4 17 310 M M 0 22 310
11 78 49 64 -4 1 0 T M M 3.7 15 260 M M 5 19 260
12 86 59 73 5 0 8 0.00 M M 4.3 14 330 M M 4 18 300
13 84 60 72 4 0 7 0.00 M M 4.6 17 230 M M 6 22 240
14 78 58 68 0 0 3 T M M 6.7 21 330 M M 4 26 340
15 83 50 67 -2 0 2 0.00 M M 6.0 16 300 M M 0 21 310
16 97 51 74 5 0 9 0.00 M M 3.7 13 340 M M 0 17 300
17 104 55 80 11 0 15 0.00 M M 4.0 14 350 M M 0 19 340
18 109 59 84 15 0 19 0.00 M M 2.9 14 330 M M 0 17 330
19 105 60 83 13 0 18 0.00 M M 5.7 15 160 M M 0 23 150
20 100 59 80 10 0 15 0.00 M M 7.1 18 160 M M 0 25 150
21 88 54 71 1 0 6 0.00 M M 9.2 20 140 M M 0 28 140
22 84 54 69 -1 0 4 0.00 M M 5.9 16 140 M M 2 23 130
23 86 54 70 -1 0 5 0.00 M M 4.7 14 350 M M 2 19 350
24 91 54 73 2 0 8 0.00 0.0 M 6.5 15 130 M M 0 20 120
25 98 56 77 6 0 12 0.00 M M 5.3 14 360 M M 0 19 350
26 108 58 83 11 0 18 0.00 0.0 M 3.2 14 350 M M 0 20 340
27 104 60 82 10 0 17 0.00 0.0 M 5.9 14 30 M M 0 19 170
28 97 60 79 7 0 14 0.00 0.0 M 5.2 16 340 M M 0 24 300
29 98 63 81 9 0 16 0.00 0.0 M 7.9 20 300 M M 0 28 320
30 100 63 82 10 0 17 0.00 0.0 M 5.1 18 350 M M 0 24 350
================================================================================
SM 2741 1661 22 281 T 0.0 168.1 M 24
================================================================================
AV 91.4 55.4 5.6 FASTST M M 1 MAX(MPH)
MISC ----> # 23 340 33 320
================================================================================
NOTES:
# LAST OF SEVERAL OCCURRENCES
COLUMN 17 PEAK WIND IN M.P.H.
PRELIMINARY LOCAL CLIMATOLOGICAL DATA (WS FORM: F-6) , PAGE 2
STATION: UKIAH CA
MONTH: JUNE
YEAR: 2021
LATITUDE: 39 7 N
LONGITUDE: 123 12 W
[TEMPERATURE DATA] [PRECIPITATION DATA] SYMBOLS USED IN COLUMN 16
AVERAGE MONTHLY: 73.4 TOTAL FOR MONTH: T 1 = FOG OR MIST
DPTR FM NORMAL: 4.5 DPTR FM NORMAL: -0.34 2 = FOG REDUCING VISIBILITY
HIGHEST: 109 ON 18 GRTST 24HR T ON 11-11 TO 1/4 MILE OR LESS
LOWEST: 43 ON 10 3 = THUNDER
SNOW, ICE PELLETS, HAIL 4 = ICE PELLETS
TOTAL MONTH: 0.0 INCH 5 = HAIL
GRTST 24HR 0.0 6 = FREEZING RAIN OR DRIZZLE
GRTST DEPTH: M ON M 7 = DUSTSTORM OR SANDSTORM:
VSBY 1/2 MILE OR LESS
8 = SMOKE OR HAZE
[NO. OF DAYS WITH] [WEATHER - DAYS WITH] 9 = BLOWING SNOW
X = TORNADO
MAX 32 OR BELOW: 0 0.01 INCH OR MORE: 0
MAX 90 OR ABOVE: 17 0.10 INCH OR MORE: 0
MIN 32 OR BELOW: 0 0.50 INCH OR MORE: 0
MIN 0 OR BELOW: 0 1.00 INCH OR MORE: 0
[HDD (BASE 65) ]
TOTAL THIS MO. 22 CLEAR (SCALE 0-3) 26
DPTR FM NORMAL -7 PTCLDY (SCALE 4-7) 4
TOTAL FM JUL 1 2564 CLOUDY (SCALE 8-10) 0
DPTR FM NORMAL -316
[CDD (BASE 65) ]
TOTAL THIS MO. 281
DPTR FM NORMAL 133 [PRESSURE DATA]
TOTAL FM JAN 1 362 HIGHEST SLP 30.25 ON 10
DPTR FM NORMAL 156 LOWEST SLP 29.62 ON 19
[REMARKS]
#FINAL-06-21#