000
CXUS56 KSTO 080534
CF6VCB
PRELIMINARY LOCAL CLIMATOLOGICAL DATA (WS FORM: F-6)
STATION: VACAVILLE
MONTH: NOVEMBER
YEAR: 2022
LATITUDE: 38 22 N
LONGITUDE: 121-58 E
TEMPERATURE IN F: :PCPN: SNOW: WIND :SUNSHINE: SKY :PK WND
================================================================================
1 2 3 4 5 6A 6B 7 8 9 10 11 12 13 14 15 16 17 18
12Z AVG MX 2MIN
DY MAX MIN AVG DEP HDD CDD WTR SNW DPTH SPD SPD DIR MIN PSBL S-S WX SPD DR
================================================================================
1 62 49 56 -3 9 0 0.19 M M 12.5 29 260 M M 4 18 35 260
2 63 45 54 -4 11 0 T M M 7.8 17 290 M M 3 25 310
3 65 34 50 -8 15 0 0.00 M M 7.5 23 10 M M 0 31 350
4 66 36 51 -7 14 0 0.00 M M 2.5 8 160 M M 1 12 130
5 63 47 55 -3 10 0 0.00 M M 7.9 15 210 M M 8 1 20 210
6 66 46 56 -1 9 0 0.02 M M 8.3 20 240 M M 4 1 27 240
7 61 46 54 -3 11 0 0.47 M M 7.3 23 300 M M 6 1 32 290
8 53 46 50 -6 15 0 0.80 M M 5.9 15 240 M M 7 1 21 230
9 62 42 52 -4 13 0 0.00 M M 5.5 13 240 M M 2 17 220
10 62 34 48 -8 17 0 0.00 M M 3.1 13 360 M M 0 18 350
11 61 34 48 -7 17 0 0.00 M M 2.0 8 20 M M 0 10 30
12 62 39 51 -4 14 0 0.00 M M 3.2 10 360 M M 4 13 360
13 65 35 50 -5 15 0 0.00 M M 7.6 21 360 M M 0 27 360
14 61 30 46 -8 19 0 0.00 M M 3.0 13 20 M M 0 17 20
15 70 32 51 -3 14 0 0.00 M M 9.6 23 360 M M 0 32 360
16 69 34 52 -2 13 0 0.00 M M 3.6 13 20 M M 0 17 20
17 66 33 50 -3 15 0 0.00 M M 2.5 8 40 M M 0 10 80
18 71 36 54 1 11 0 0.00 M M 10.9 22 360 M M 0 29 340
19 66 36 51 -2 14 0 0.00 M M 7.9 20 360 M M 0 27 360
20 65 29 47 -5 18 0 0.00 M M 2.5 12 30 M M 0 15 10
21 67 29 48 -4 17 0 0.00 M M 2.2 10 30 M M 0 14 40
22 65 31 48 -4 17 0 0.00 0.0 M 1.1 7 130 M M 0 8 140
23 72 35 54 2 11 0 0.00 0.0 M 1.5 9 150 M M 0 12 150
24 69 34 52 1 13 0 0.00 0.0 M 3.4 10 60 M M 0 15 20
25 67 35 51 0 14 0 0.00 M M 1.5 9 30 M M 0 18 12 10
26 71 36 54 3 11 0 0.00 M M 3.5 13 360 M M 0 18 17 360
27 68 33 51 1 14 0 0.00 M M 1.4 8 30 M M 0 9 30
28 66 37 52 2 13 0 0.00 M M 6.8 22 320 M M 0 29 310
29 61 31 46 -4 19 0 0.00 M M 3.1 17 360 M M 0 22 350
30 60 26 43 -7 22 0 0.00 M M 5.5 15 210 M M 0 21 220
================================================================================
SM 1945 1090 425 0 1.48 0.0 151.1 M 39
================================================================================
AV 64.8 36.3 5.0 FASTST M M 1 MAX(MPH)
MISC ----> 29 260 35 260
================================================================================
NOTES:
# LAST OF SEVERAL OCCURRENCES
COLUMN 17 PEAK WIND IN M.P.H.
PRELIMINARY LOCAL CLIMATOLOGICAL DATA (WS FORM: F-6) , PAGE 2
STATION: VACAVILLE
MONTH: NOVEMBER
YEAR: 2022
LATITUDE: 38 22 N
LONGITUDE: 121-58 E
[TEMPERATURE DATA] [PRECIPITATION DATA] SYMBOLS USED IN COLUMN 16
AVERAGE MONTHLY: 50.6 TOTAL FOR MONTH: 1.48 1 = FOG OR MIST
DPTR FM NORMAL: -3.4 DPTR FM NORMAL: -0.83 2 = FOG REDUCING VISIBILITY
HIGHEST: 72 ON 23 GRTST 24HR 1.19 ON 7- 8 TO 1/4 MILE OR LESS
LOWEST: 26 ON 30 3 = THUNDER
SNOW, ICE PELLETS, HAIL 4 = ICE PELLETS
TOTAL MONTH: 0.0 INCH 5 = HAIL
GRTST 24HR 0.0 6 = FREEZING RAIN OR DRIZZLE
GRTST DEPTH: M ON M 7 = DUSTSTORM OR SANDSTORM:
VSBY 1/2 MILE OR LESS
8 = SMOKE OR HAZE
[NO. OF DAYS WITH] [WEATHER - DAYS WITH] 9 = BLOWING SNOW
X = TORNADO
MAX 32 OR BELOW: 0 0.01 INCH OR MORE: 4
MAX 90 OR ABOVE: 0 0.10 INCH OR MORE: 3
MIN 32 OR BELOW: 7 0.50 INCH OR MORE: 1
MIN 0 OR BELOW: 0 1.00 INCH OR MORE: 0
[HDD (BASE 65) ]
TOTAL THIS MO. 425 CLEAR (SCALE 0-3) 23
DPTR FM NORMAL 93 PTCLDY (SCALE 4-7) 7
TOTAL FM JUL 1 479 CLOUDY (SCALE 8-10) 0
DPTR FM NORMAL 58
[CDD (BASE 65) ]
TOTAL THIS MO. 0
DPTR FM NORMAL -2 [PRESSURE DATA]
TOTAL FM JAN 1 1791 HIGHEST SLP 30.40 ON 16
DPTR FM NORMAL 400 LOWEST SLP 29.55 ON 8
[REMARKS]
#FINAL-11-22#