000
CXUS56 KSTO 031729
CF6VCB
PRELIMINARY LOCAL CLIMATOLOGICAL DATA (WS FORM: F-6)
STATION: VACAVILLE AIRPORT CA
MONTH: OCTOBER
YEAR: 2020
LATITUDE: 38 22 N
LONGITUDE: 121 58 W
TEMPERATURE IN F: :PCPN: SNOW: WIND :SUNSHINE: SKY :PK WND
================================================================================
1 2 3 4 5 6A 6B 7 8 9 10 11 12 13 14 15 16 17 18
12Z AVG MX 2MIN
DY MAX MIN AVG DEP HDD CDD WTR SNW DPTH SPD SPD DIR MIN PSBL S-S WX SPD DR
================================================================================
1 95 63 79 11 0 14 0.00 0.0 0 2.9 10 30 M M 2 8 13 30
2 93 60 77 9 0 12 0.00 0.0 0 2.1 8 220 M M 2 8 10 210
3 97 56 77 9 0 12 0.00 0.0 0 1.4 7 180 M M 0 8 11 170
4 97 51 74 7 0 9 0.00 0.0 0 2.7 15 220 M M 0 18 19 220
5 95 52 74 7 0 9 0.00 0.0 0 2.7 13 360 M M 0 8 17 350
6 94 52 73 6 0 8 0.00 0.0 0 3.2 9 180 M M 0 8 13 180
7 88 52 70 3 0 5 0.00 0.0 0 4.5 13 210 M M 0 8 18 180
8 78 57 68 2 0 3 0.00 0.0 0 7.4 14 230 M M 0 8 22 220
9 78 48 63 -3 2 0 0.00 0.0 0 4.2 12 220 M M 0 18 15 200
10 79 54 67 1 0 2 0.00 0.0 0 6.6 16 240 M M 1 21 230
11 85 51 68 3 0 3 0.00 0.0 0 7.8 21 10 M M 0 27 30
12 90 51 71 6 0 6 0.00 0.0 0 3.6 16 20 M M 0 22 20
13 92 51 72 7 0 7 0.00 0.0 0 2.1 8 30 M M 0 12 30
14 97 57 77 13 0 12 0.00 0.0 0 8.6 22 350 M M 0 31 350
15 94 64 79 15 0 14 0.00 0.0 0 12.8 24 10 M M 0 33 360
16 96 60 78 14 0 13 0.00 0.0 0 10.2 21 360 M M 0 29 350
17 96 55 76 12 0 11 0.00 0.0 0 4.6 14 360 M M 0 17 20
18 94 53 74 11 0 9 0.00 0.0 0 3.4 13 20 M M 0 19 30
19 91 51 71 8 0 6 0.00 0.0 0 1.7 12 340 M M 0 13 10
20 93 51 72 9 0 7 0.00 0.0 0 3.8 14 20 M M 0 19 20
21 93 52 73 11 0 8 0.00 0.0 0 3.0 17 360 M M 0 25 30
22 82 47 65 3 0 0 0.00 0.0 0 8.6 23 30 M M 0 31 30
23 79 43 61 -1 4 0 0.00 0.0 0 3.7 10 220 M M 0 15 220
24 73 43 58 -4 7 0 0.00 0.0 0 6.5 17 220 M M 0 24 210
25 73 49 61 0 4 0 0.00 0.0 0 15.7 32 360 M M 0 45 360
26 75 55 65 4 0 0 0.00 0.0 0 18.1 30 360 M M 0 40 350
27 77 44 61 1 4 0 0.00 0.0 0 6.7 21 360 M M 0 27 350
28 77 39 58 -2 7 0 0.00 0.0 0 1.6 7 130 M M 0 10 140
29 78 40 59 -1 6 0 0.00 0.0 0 1.6 7 90 M M 0 8 9 20
30 79 41 60 0 5 0 0.00 0.0 0 1.4 7 190 M M 0 8 10 10
31 82 42 62 3 3 0 0.00 0.0 0 3.0 8 20 M M 0 12 20
================================================================================
SM 2690 1584 42 170 0.00 0.0 166.2 M 5
================================================================================
AV 86.8 51.1 5.4 FASTST M M 0 MAX(MPH)
MISC ----> # 32 360 # 45 360
================================================================================
NOTES:
# LAST OF SEVERAL OCCURRENCES
COLUMN 17 PEAK WIND IN M.P.H.
PRELIMINARY LOCAL CLIMATOLOGICAL DATA (WS FORM: F-6) , PAGE 2
STATION: VACAVILLE AIRPORT CA
MONTH: OCTOBER
YEAR: 2020
LATITUDE: 38 22 N
LONGITUDE: 121 58 W
[TEMPERATURE DATA] [PRECIPITATION DATA] SYMBOLS USED IN COLUMN 16
AVERAGE MONTHLY: 68.9 TOTAL FOR MONTH: 0.00 1 = FOG OR MIST
DPTR FM NORMAL: 5.0 DPTR FM NORMAL: -1.20 2 = FOG REDUCING VISIBILITY
HIGHEST: 97 ON 14, 4 GRTST 24HR 0.00 ON 31-31 TO 1/4 MILE OR LESS
LOWEST: 39 ON 28 3 = THUNDER
SNOW, ICE PELLETS, HAIL 4 = ICE PELLETS
TOTAL MONTH: 0.0 INCH 5 = HAIL
GRTST 24HR 0.0 6 = FREEZING RAIN OR DRIZZLE
GRTST DEPTH: 0 7 = DUSTSTORM OR SANDSTORM:
VSBY 1/2 MILE OR LESS
8 = SMOKE OR HAZE
[NO. OF DAYS WITH] [WEATHER - DAYS WITH] 9 = BLOWING SNOW
X = TORNADO
MAX 32 OR BELOW: 0 0.01 INCH OR MORE: 0
MAX 90 OR ABOVE: 16 0.10 INCH OR MORE: 0
MIN 32 OR BELOW: 0 0.50 INCH OR MORE: 0
MIN 0 OR BELOW: 0 1.00 INCH OR MORE: 0
[HDD (BASE 65) ]
TOTAL THIS MO. 42 CLEAR (SCALE 0-3) 31
DPTR FM NORMAL -49 PTCLDY (SCALE 4-7) 0
TOTAL FM JUL 1 42 CLOUDY (SCALE 8-10) 0
DPTR FM NORMAL -58
[CDD (BASE 65) ]
TOTAL THIS MO. 170
DPTR FM NORMAL 115 [PRESSURE DATA]
TOTAL FM JAN 1 1834 HIGHEST SLP M ON M
DPTR FM NORMAL 539 LOWEST SLP 29.72 ON 21
[REMARKS]
#FINAL-10-20#