000
CXUS54 KCRP 222311
CF6VCT
PRELIMINARY LOCAL CLIMATOLOGICAL DATA (WS FORM: F-6)
STATION: VICTORIA
MONTH: MARCH
YEAR: 2022
LATITUDE: 28 51 N
LONGITUDE: 96 55 W
TEMPERATURE IN F: :PCPN: SNOW: WIND :SUNSHINE: SKY :PK WND
================================================================================
1 2 3 4 5 6A 6B 7 8 9 10 11 12 13 14 15 16 17 18
12Z AVG MX 2MIN
DY MAX MIN AVG DEP HDD CDD WTR SNW DPTH SPD SPD DIR MIN PSBL S-S WX SPD DR
================================================================================
1 73 32 53 -8 12 0 0.00 0.0 0 5.5 14 140 M M 0 8 17 130
2 76 38 57 -5 8 0 0.00 0.0 0 5.5 17 140 M M 3 12 21 150
3 77 47 62 0 3 0 0.00 0.0 0 M M M M M 5 128 M M
4 83 56 70 8 0 5 0.00 0.0 0 11.0 26 150 M M 7 12 36 150
5 83 62 73 11 0 8 0.00 0.0 0 16.4 33 160 M M 6 12 43 170
6 83 69 76 14 0 11 T 0.0 0 18.0 29 160 M M 8 18 37 160
7 73 50 62 -1 3 0 T 0.0 0 15.8 26 10 M M 10 1 37 360
8 50 44 47 -16 18 0 0.03 0.0 0 11.7 21 20 M M 9 1 27 20
9 63 41 52 -11 13 0 0.00 0.0 0 8.4 16 30 M M 2 8 23 20
10 75 35 55 -8 10 0 0.00 0.0 0 7.5 17 150 M M 4 1 21 140
11 62 40 51 -13 14 0 0.01 0.0 0 17.6 32 350 M M 8 18 45 350
12 59 24 42 -22 23 0 0.00 0.0 0 6.6 22 350 M M 0 8 33 10
13 69 27 48 -16 17 0 0.00 0.0 0 9.5 24 160 M M 5 35 140
14 81 51 66 2 0 1 0.08 0.0 0 12.2 26 300 M M 6 1 41 290
15 81 50 66 2 0 1 T 0.0 0 10.9 22 300 M M 0 30 290
16 82 42 62 -2 3 0 0.00 0.0 0 7.4 20 170 M M 0 24 170
17 75 50 63 -2 2 0 0.05 0.0 0 10.7 28 150 M M 7 128 35 140
18 77 50 64 -1 1 0 0.00 0.0 0 12.6 25 330 M M 2 1 37 330
19 80 42 61 -4 4 0 0.00 0.0 0 6.2 16 140 M M 0 21 120
20 76 38 57 -8 8 0 T 0.0 0 12.2 28 130 M M 2 18 36 130
21 76 64 70 4 0 5 0.20 0.0 0 19.6 37 150 M M 10 18 51 160
22 76 49 63 -3 2 0 0.59 0.0 0 13.7 29 290 M M 3 13 39 290
23 74 44 59 -7 6 0 0.00 0.0 0 8.1 20 300 M M 0 27 290
24 76 45 61 -5 4 0 0.00 0.0 0 10.9 26 300 M M 0 32 310
25 89 43 66 0 0 1 0.00 0.0 0 4.5 12 130 M M 0 16 300
26 88 49 69 3 0 4 0.00 0.0 0 9.6 20 160 M M 3 12 26 140
27 85 57 71 4 0 6 0.00 0.0 0 13.3 24 150 M M 2 1 32 190
28 84 55 70 3 0 5 0.00 0.0 0 13.9 26 150 M M 4 1 39 150
29 83 71 77 10 0 12 0.00 0.0 0 22.9 33 150 M M 9 18 43 170
30 89 59 74 7 0 9 0.03 0.0 0 16.6 35 160 M M 4 18 48 160
31 82 47 65 -2 0 0 0.00 0.0 0 6.8 17 30 M M 0 26 30
================================================================================
SM 2380 1471 151 68 0.99 0.0 345.6 M 119
================================================================================
AV 76.8 47.5 11.5 FASTST M M 4 MAX(MPH)
MISC ----> 37 150 51 160
================================================================================
NOTES:
# LAST OF SEVERAL OCCURRENCES
COLUMN 17 PEAK WIND IN M.P.H.
PRELIMINARY LOCAL CLIMATOLOGICAL DATA (WS FORM: F-6) , PAGE 2
STATION: VICTORIA
MONTH: MARCH
YEAR: 2022
LATITUDE: 28 51 N
LONGITUDE: 96 55 W
[TEMPERATURE DATA] [PRECIPITATION DATA] SYMBOLS USED IN COLUMN 16
AVERAGE MONTHLY: 62.1 TOTAL FOR MONTH: 0.99 1 = FOG OR MIST
DPTR FM NORMAL: -2.3 DPTR FM NORMAL: -2.00 2 = FOG REDUCING VISIBILITY
HIGHEST: 89 ON 30,25 GRTST 24HR 0.66 ON 21-22 TO 1/4 MILE OR LESS
LOWEST: 24 ON 12 3 = THUNDER
SNOW, ICE PELLETS, HAIL 4 = ICE PELLETS
TOTAL MONTH: 0.0 INCH 5 = HAIL
GRTST 24HR 0.0 6 = FREEZING RAIN OR DRIZZLE
GRTST DEPTH: 0 7 = DUSTSTORM OR SANDSTORM:
VSBY 1/2 MILE OR LESS
8 = SMOKE OR HAZE
[NO. OF DAYS WITH] [WEATHER - DAYS WITH] 9 = BLOWING SNOW
X = TORNADO
MAX 32 OR BELOW: 0 0.01 INCH OR MORE: 7
MAX 90 OR ABOVE: 0 0.10 INCH OR MORE: 2
MIN 32 OR BELOW: 3 0.50 INCH OR MORE: 1
MIN 0 OR BELOW: 0 1.00 INCH OR MORE: 0
[HDD (BASE 65) ]
TOTAL THIS MO. 151 CLEAR (SCALE 0-3) 15
DPTR FM NORMAL 42 PTCLDY (SCALE 4-7) 11
TOTAL FM JUL 1 1092 CLOUDY (SCALE 8-10) 5
DPTR FM NORMAL -48
[CDD (BASE 65) ]
TOTAL THIS MO. 68
DPTR FM NORMAL -24 [PRESSURE DATA]
TOTAL FM JAN 1 104 HIGHEST SLP 30.58 ON 12
DPTR FM NORMAL -39 LOWEST SLP 29.50 ON 30
[REMARKS]
#FINAL-03-22#