000
CXUS52 KMLB 010723
CF6VRB
PRELIMINARY LOCAL CLIMATOLOGICAL DATA (WS FORM: F-6)
STATION: VERO BEACH
MONTH: JANUARY
YEAR: 2022
LATITUDE: 27 39 N
LONGITUDE: 80 25 W
TEMPERATURE IN F: :PCPN: SNOW: WIND :SUNSHINE: SKY :PK WND
================================================================================
1 2 3 4 5 6A 6B 7 8 9 10 11 12 13 14 15 16 17 18
12Z AVG MX 2MIN
DY MAX MIN AVG DEP HDD CDD WTR SNW DPTH SPD SPD DIR MIN PSBL S-S WX SPD DR
================================================================================
1 85 59 72 9 0 7 0.00 0.0 0 7.3 16 190 M M 2 12 23 160
2 84 61 73 10 0 8 0.00 0.0 0 8.3 17 190 M M 2 12 23 200
3 73 50 62 -1 3 0 0.02 0.0 0 10.0 25 300 M M 3 1 30 300
4 75 52 64 1 1 0 T 0.0 0 7.0 18 90 M M 4 23 90
5 78 53 66 3 0 1 0.00 0.0 0 5.7 16 130 M M 4 21 310
6 77 55 66 3 0 1 0.00 0.0 0 4.2 13 320 M M 4 15 330
7 77 58 68 5 0 3 0.00 0.0 0 6.6 16 30 M M 3 21 40
8 79 66 73 10 0 8 0.00 0.0 0 11.8 17 100 M M 3 24 80
9 80 65 73 10 0 8 0.00 0.0 0 11.6 23 130 M M 4 27 140
10 81 63 72 9 0 7 0.17 0.0 0 6.5 22 30 M M 7 13 26 30
11 72 59 66 4 0 1 0.00 0.0 0 13.7 22 20 M M 6 28 10
12 70 59 65 3 0 0 0.05 0.0 0 8.5 18 60 M M 8 18 24 60
13 77 54 66 4 0 1 0.00 0.0 0 6.4 16 310 M M 4 20 300
14 70 41 56 -6 9 0 0.00 0.0 0 8.1 20 310 M M 0 24 300
15 73 38 56 -6 9 0 0.00 0.0 0 4.7 14 120 M M 0 17 120
16 72 57 65 3 0 0 0.87 0.0 0 13.4 24 180 M M 5 123 33 180
17 68 44 56 -6 9 0 0.00 0.0 0 11.4 28 270 M M 0 33 270
18 62 37 50 -12 15 0 0.00 0.0 0 5.5 12 50 M M 0 1 16 40
19 74 47 61 -1 4 0 0.00 0.0 0 4.9 17 120 M M 4 24 130
20 77 48 63 1 2 0 0.00 0.0 0 3.5 13 120 M M 4 1 15 160
21 77 58 68 6 0 3 0.07 0.0 0 6.6 15 10 M M 6 12 18 360
22 65 57 61 -1 4 0 T 0.0 0 11.9 20 340 M M 10 1 28 330
23 58 43 51 -12 14 0 0.00 0.0 0 10.1 16 290 M M 10 1 21 300
24 63 34 49 -14 16 0 0.00 0.0 0 5.1 13 330 M M 0 16 320
25 66 41 54 -9 11 0 0.03 0.0 0 2.3 9 20 M M 5 1 12 10
26 69 59 64 1 1 0 0.50 0.0 0 6.8 13 10 M M 10 1 18 10
27 75 62 69 6 0 4 0.00 0.0 0 9.2 21 350 M M 6 1 26 340
28 72 58 65 2 0 0 0.00 0.0 0 11.5 21 290 M M 8 1 27 300
29 58 35 47 -16 18 0 0.00 0.0 0 14.8 25 290 M M 1 36 290
30 58 30 44 -19 21 0 0.00 0.0 0 6.9 15 10 M M 0 19 350
31 65 28 47 -16 18 0 0.00 0.0 0 4.2 15 10 M M 0 20 350
================================================================================
SM 2230 1571 155 52 1.71 0.0 248.5 M 123
================================================================================
AV 71.9 50.7 8.0 FASTST M M 4 MAX(MPH)
MISC ----> 28 270 36 290
================================================================================
NOTES:
# LAST OF SEVERAL OCCURRENCES
COLUMN 17 PEAK WIND IN M.P.H.
PRELIMINARY LOCAL CLIMATOLOGICAL DATA (WS FORM: F-6) , PAGE 2
STATION: VERO BEACH
MONTH: JANUARY
YEAR: 2022
LATITUDE: 27 39 N
LONGITUDE: 80 25 W
[TEMPERATURE DATA] [PRECIPITATION DATA] SYMBOLS USED IN COLUMN 16
AVERAGE MONTHLY: 61.3 TOTAL FOR MONTH: 1.71 1 = FOG OR MIST
DPTR FM NORMAL: -1.5 DPTR FM NORMAL: -1.03 2 = FOG REDUCING VISIBILITY
HIGHEST: 85 ON 1 GRTST 24HR 0.87 ON 16-16 TO 1/4 MILE OR LESS
LOWEST: 28 ON 31 3 = THUNDER
SNOW, ICE PELLETS, HAIL 4 = ICE PELLETS
TOTAL MONTH: 0.0 INCH 5 = HAIL
GRTST 24HR 0.0 6 = FREEZING RAIN OR DRIZZLE
GRTST DEPTH: 0 7 = DUSTSTORM OR SANDSTORM:
VSBY 1/2 MILE OR LESS
8 = SMOKE OR HAZE
[NO. OF DAYS WITH] [WEATHER - DAYS WITH] 9 = BLOWING SNOW
X = TORNADO
MAX 32 OR BELOW: 0 0.01 INCH OR MORE: 7
MAX 90 OR ABOVE: 0 0.10 INCH OR MORE: 3
MIN 32 OR BELOW: 2 0.50 INCH OR MORE: 2
MIN 0 OR BELOW: 0 1.00 INCH OR MORE: 0
[HDD (BASE 65) ]
TOTAL THIS MO. 155 CLEAR (SCALE 0-3) 12
DPTR FM NORMAL 18 PTCLDY (SCALE 4-7) 16
TOTAL FM JUL 1 178 CLOUDY (SCALE 8-10) 3
DPTR FM NORMAL -75
[CDD (BASE 65) ]
TOTAL THIS MO. 52
DPTR FM NORMAL -16 [PRESSURE DATA]
TOTAL FM JAN 1 52 HIGHEST SLP 30.40 ON 8
DPTR FM NORMAL -16 LOWEST SLP 29.75 ON 16
[REMARKS]
#FINAL-01-22#