000
CXUS56 KPQR 181201
CF6VUO
PRELIMINARY LOCAL CLIMATOLOGICAL DATA (WS FORM: F-6)
STATION: VANCOUVER WA
MONTH: APRIL
YEAR: 2024
LATITUDE: 45 37 N
LONGITUDE: 122 39 W
TEMPERATURE IN F: :PCPN: SNOW: WIND :SUNSHINE: SKY :PK WND
================================================================================
1 2 3 4 5 6A 6B 7 8 9 10 11 12 13 14 15 16 17 18
12Z AVG MX 2MIN
DY MAX MIN AVG DEP HDD CDD WTR SNW DPTH SPD SPD DIR MIN PSBL S-S WX SPD DR
================================================================================
1 70 38 54 5 11 0 0.00 M M 0.5 6 340 M M 0 9 110
2 76 43 60 11 5 0 T M M 4.1 16 310 M M 3 8 23 310
3 53 42 48 -2 17 0 0.06 M M 4.3 14 320 M M 7 21 320
4 49 39 44 -6 21 0 0.27 M M 5.3 12 130 M M 7 1 16 130
5 53 39 46 -4 19 0 0.08 M M 2.4 16 310 M M 8 23 310
6 52 43 48 -2 17 0 0.26 M M 3.6 12 190 M M 9 1 20 170
7 57 45 51 1 14 0 0.06 M M 2.6 12 320 M M 9 17 330
8 56 45 51 1 14 0 T M M 4.1 10 190 M M 10 17 220
9 65 47 56 6 9 0 T M M 5.0 14 320 M M 7 21 310
10 67 36 52 2 13 0 0.00 M M 3.3 9 320 M M 1 14 320
11 65 42 54 3 11 0 0.02 M M 2.8 15 270 M M 3 20 260
12 69 47 58 7 7 0 0.00 M M 4.5 14 290 M M 4 20 300
13 68 45 57 6 8 0 0.00 M M 3.5 9 140 M M 1 13 160
14 68 49 59 8 6 0 0.00 M M 6.2 17 310 M M 1 26 310
15 57 47 52 1 13 0 0.02 M M 5.8 16 290 M M 9 26 300
16 57 40 49 -3 16 0 T M M 6.0 16 320 M M 4 25 300
17 65 35 50 -2 15 0 0.00 M M 4.7 15 280 M M 0 21 300
================================================================================
SM 1047 722 216 0 0.77 M 68.7 M 83
================================================================================
AV 61.6 42.5 4.0 FASTST M M 5 MAX(MPH)
MISC ----> 17 310 # 26 310
================================================================================
NOTES:
# LAST OF SEVERAL OCCURRENCES
COLUMN 17 PEAK WIND IN M.P.H.
PRELIMINARY LOCAL CLIMATOLOGICAL DATA (WS FORM: F-6) , PAGE 2
STATION: VANCOUVER WA
MONTH: APRIL
YEAR: 2024
LATITUDE: 45 37 N
LONGITUDE: 122 39 W
[TEMPERATURE DATA] [PRECIPITATION DATA] SYMBOLS USED IN COLUMN 16
AVERAGE MONTHLY: 52.0 TOTAL FOR MONTH: 0.77 1 = FOG OR MIST
DPTR FM NORMAL: 1.6 DPTR FM NORMAL: -1.01 2 = FOG REDUCING VISIBILITY
HIGHEST: 76 ON 2 GRTST 24HR 0.34 ON 4- 5 TO 1/4 MILE OR LESS
LOWEST: 35 ON 17 3 = THUNDER
SNOW, ICE PELLETS, HAIL 4 = ICE PELLETS
TOTAL MONTH: M 5 = HAIL
GRTST 24HR M ON M 6 = FREEZING RAIN OR DRIZZLE
GRTST DEPTH: M ON M 7 = DUSTSTORM OR SANDSTORM:
VSBY 1/2 MILE OR LESS
8 = SMOKE OR HAZE
[NO. OF DAYS WITH] [WEATHER - DAYS WITH] 9 = BLOWING SNOW
X = TORNADO
MAX 32 OR BELOW: 0 0.01 INCH OR MORE: 7
MAX 90 OR ABOVE: 0 0.10 INCH OR MORE: 2
MIN 32 OR BELOW: 0 0.50 INCH OR MORE: 0
MIN 0 OR BELOW: 0 1.00 INCH OR MORE: 0
[HDD (BASE 65) ]
TOTAL THIS MO. 216 CLEAR (SCALE 0-3) 7
DPTR FM NORMAL -32 PTCLDY (SCALE 4-7) 6
TOTAL FM JUL 1 3596 CLOUDY (SCALE 8-10) 4
DPTR FM NORMAL -334
[CDD (BASE 65) ]
TOTAL THIS MO. 0
DPTR FM NORMAL 0 [PRESSURE DATA]
TOTAL FM JAN 1 0 HIGHEST SLP M ON M
DPTR FM NORMAL 0 LOWEST SLP 29.71 ON 12
[REMARKS]