000
CXUS51 KAKQ 011157
CF6WAL
PRELIMINARY LOCAL CLIMATOLOGICAL DATA (WS FORM: F-6)
STATION: WALLOPS ISLAND VA
MONTH: JULY
YEAR: 2022
LATITUDE: 37 55 N
LONGITUDE: 75 28 W
TEMPERATURE IN F: :PCPN: SNOW: WIND :SUNSHINE: SKY :PK WND
================================================================================
1 2 3 4 5 6A 6B 7 8 9 10 11 12 13 14 15 16 17 18
12Z AVG MX 2MIN
DY MAX MIN AVG DEP HDD CDD WTR SNW DPTH SPD SPD DIR MIN PSBL S-S WX SPD DR
================================================================================
1 85 71 78 1 0 13 0.00 0.0 0 13.0 24 190 M M 1 31 200
2 88 73 81 3 0 16 0.00 0.0 0 13.1 25 190 M M 0 33 190
3 88 69 79 1 0 14 T 0.0 0 6.0 14 80 M M 4 1 18 90
4 86 68 77 -1 0 12 0.00 0.0 0 8.1 17 50 M M 0 1 20 50
5 85 69 77 -1 0 12 0.12 0.0 0 11.7 25 200 M M 3 13 33 200
6 93 73 83 5 0 18 0.72 0.0 0 6.8 16 200 M M 4 13 18 280
7 85 72 79 1 0 14 0.37 0.0 0 6.3 17 70 M M 7 13 20 70
8 80 72 76 -2 0 11 0.00 0.0 0 6.7 12 60 M M 6 15 50
9 78 68 73 -5 0 8 0.33 0.0 0 11.0 24 50 M M 10 1 28 40
10 77 67 72 -6 0 7 0.08 0.0 0 11.3 22 50 M M 6 26 50
11 79 65 72 -6 0 7 0.00 0.0 0 8.2 15 50 M M 5 19 50
12 87 68 78 0 0 13 T 0.0 0 10.5 23 310 M M 1 3 36 320
13 90 73 82 3 0 17 T 0.0 0 6.8 14 200 M M 3 18 250
14 91 75 83 4 0 18 T 0.0 0 6.7 13 260 M M 4 17 260
15 82 72 77 -2 0 12 T 0.0 0 5.8 15 340 M M 5 3 21 340
16 85 71 78 -1 0 13 0.04 0.0 0 6.0 15 140 M M 6 1 20 140
17 85 72 79 0 0 14 0.00 0.0 0 8.8 16 190 M M 2 22 40
18 88 76 82 3 0 17 0.00 0.0 0 11.8 22 190 M M 1 27 190
19 91 77 84 5 0 19 0.00 0.0 0 6.7 15 100 M M 3 21 260
20 91 73 82 4 0 17 T 0.0 0 7.9 18 170 M M 2 23 180
21 95 75 85 7 0 20 0.48 0.0 0 8.9 28 290 M M 4 13 37 310
22 91 76 84 6 0 19 0.00 0.0 0 7.3 13 270 M M 2 18 250
23 95 77 86 8 0 21 0.00 0.0 0 7.5 16 190 M M 0 24 200
24 90 76 83 5 0 18 0.00 0.0 0 12.5 24 190 M M 0 30 210
25 90 73 82 4 0 17 0.30 0.0 0 11.4 28 290 M M 3 13 43 300
26 85 75 80 2 0 15 0.05 0.0 0 5.2 15 60 M M 5 1 17 50
27 90 77 84 6 0 19 0.01 0.0 0 6.8 12 200 M M 5 18 260
28 94 77 86 8 0 21 0.05 0.0 0 7.0 15 330 M M 3 13 22 230
29 88 75 82 4 0 17 0.01 0.0 0 6.0 20 210 M M 2 3 27 150
30 91 70 81 3 0 16 0.00 0.0 0 7.3 16 360 M M 1 22 360
31 87 67 77 -1 0 12 T 0.0 0 6.1 14 180 M M 2 18 140
================================================================================
SM 2710 2242 0 467 2.56 0.0 259.2 M 100
================================================================================
AV 87.4 72.3 8.4 FASTST M M 3 MAX(MPH)
MISC ----> # 28 290 43 300
================================================================================
NOTES:
# LAST OF SEVERAL OCCURRENCES
COLUMN 17 PEAK WIND IN M.P.H.
PRELIMINARY LOCAL CLIMATOLOGICAL DATA (WS FORM: F-6) , PAGE 2
STATION: WALLOPS ISLAND VA
MONTH: JULY
YEAR: 2022
LATITUDE: 37 55 N
LONGITUDE: 75 28 W
[TEMPERATURE DATA] [PRECIPITATION DATA] SYMBOLS USED IN COLUMN 16
AVERAGE MONTHLY: 79.9 TOTAL FOR MONTH: 2.56 1 = FOG OR MIST
DPTR FM NORMAL: 1.7 DPTR FM NORMAL: -1.81 2 = FOG REDUCING VISIBILITY
HIGHEST: 95 ON 23,21 GRTST 24HR 1.09 ON 6- 7 TO 1/4 MILE OR LESS
LOWEST: 65 ON 11 3 = THUNDER
SNOW, ICE PELLETS, HAIL 4 = ICE PELLETS
TOTAL MONTH: 0.0 INCH 5 = HAIL
GRTST 24HR 0.0 6 = FREEZING RAIN OR DRIZZLE
GRTST DEPTH: 0 7 = DUSTSTORM OR SANDSTORM:
VSBY 1/2 MILE OR LESS
8 = SMOKE OR HAZE
[NO. OF DAYS WITH] [WEATHER - DAYS WITH] 9 = BLOWING SNOW
X = TORNADO
MAX 32 OR BELOW: 0 0.01 INCH OR MORE: 12
MAX 90 OR ABOVE: 13 0.10 INCH OR MORE: 6
MIN 32 OR BELOW: 0 0.50 INCH OR MORE: 1
MIN 0 OR BELOW: 0 1.00 INCH OR MORE: 0
[HDD (BASE 65) ]
TOTAL THIS MO. 0 CLEAR (SCALE 0-3) 16
DPTR FM NORMAL 0 PTCLDY (SCALE 4-7) 14
TOTAL FM JUL 1 0 CLOUDY (SCALE 8-10) 1
DPTR FM NORMAL 0
[CDD (BASE 65) ]
TOTAL THIS MO. 467
DPTR FM NORMAL 56 [PRESSURE DATA]
TOTAL FM JAN 1 822 HIGHEST SLP 30.19 ON 31
DPTR FM NORMAL 57 LOWEST SLP 29.71 ON 21
[REMARKS]
#FINAL-07-22#