000
CXUS51 KAKQ 010810
CF6WAL
PRELIMINARY LOCAL CLIMATOLOGICAL DATA (WS FORM: F-6)
STATION: WALLOPS ISLAND VA
MONTH: JANUARY
YEAR: 2022
LATITUDE: 37 55 N
LONGITUDE: 75 28 W
TEMPERATURE IN F: :PCPN: SNOW: WIND :SUNSHINE: SKY :PK WND
================================================================================
1 2 3 4 5 6A 6B 7 8 9 10 11 12 13 14 15 16 17 18
12Z AVG MX 2MIN
DY MAX MIN AVG DEP HDD CDD WTR SNW DPTH SPD SPD DIR MIN PSBL S-S WX SPD DR
================================================================================
1 71 51 61 22 4 0 0.07 0.0 0 8.9 23 230 M M 9 12 32 220
2 71 54 63 24 2 0 0.38 0.0 0 10.3 23 220 M M 6 1 31 240
3 54 25 40 1 25 0 1.57 3.0 0 17.1 31 20 M M 8 12 42 20
4 40 20 30 -9 35 0 0.00 0.0 2 5.0 14 150 M M 0 18 320
5 48 36 42 4 23 0 0.26 0.0 0 6.9 16 150 M M 8 12 21 250
6 49 39 44 6 21 0 T 0.0 0 8.1 21 60 M M 2 26 60
7 43 26 35 -3 30 0 0.04 T 0 17.4 25 320 M M 5 1 35 330
8 37 23 30 -8 35 0 0.00 0.0 0 6.7 17 320 M M 0 21 320
9 54 26 40 2 25 0 0.47 0.0 0 10.2 22 190 M M 6 1 28 190
10 51 24 38 0 27 0 0.06 0.0 0 10.4 25 320 M M 3 34 330
11 31 17 24 -14 41 0 0.00 0.0 0 8.0 18 310 M M 1 30 320
12 48 18 33 -5 32 0 0.00 0.0 0 8.7 21 200 M M 1 26 210
13 46 26 36 -2 29 0 0.00 0.0 0 3.7 9 40 M M 1 13 20
14 52 31 42 4 23 0 0.00 0.0 0 14.0 24 330 M M 1 33 300
15 31 21 26 -12 39 0 0.00 0.0 0 10.0 18 340 M M 1 28 360
16 53 20 37 -1 28 0 1.06 0.0 0 14.6 36 110 M M 6 1 49 110
17 50 35 43 5 22 0 0.02 0.0 0 18.9 29 290 M M 5 1 40 290
18 42 24 33 -5 32 0 0.00 0.0 0 10.8 26 290 M M 2 36 290
19 51 24 38 1 27 0 T 0.0 0 11.3 21 190 M M 3 26 200
20 51 29 40 3 25 0 0.31 1.0 0 9.4 16 10 M M 6 1 22 350
21 29 21 25 -12 40 0 0.04 0.5 1 14.0 20 360 M M 10 1 26 360
22 35 17 26 -11 39 0 0.09 1.5 2 7.6 17 340 M M 5 1 23 350
23 36 16 26 -11 39 0 0.00 0.0 2 3.6 8 220 M M 1 13 210
24 40 22 31 -7 34 0 0.00 0.0 1 6.5 16 200 M M 1 22 200
25 47 32 40 2 25 0 0.00 0.0 T 6.1 15 200 M M 7 20 190
26 35 22 29 -9 36 0 0.00 0.0 0 9.5 18 360 M M 3 25 360
27 37 19 28 -10 37 0 0.00 0.0 0 4.1 9 350 M M 0 11 20
28 42 26 34 -4 31 0 0.34 3.0 0 7.5 16 350 M M 7 1 22 360
29 31 20 26 -12 39 0 0.53 6.5 9 17.0 25 320 M M 7 1 38 300
30 29 13 21 -17 44 0 0.00 0.0 6 6.6 18 310 M M 2 25 310
31 39 26 33 -5 32 0 0.00 0.0 5 11.3 22 40 M M 2 28 50
================================================================================
SM 1373 803 921 0 5.24 15.5 304.2 M 119
================================================================================
AV 44.3 25.9 9.8 FASTST M M 4 MAX(MPH)
MISC ----> 36 110 49 110
================================================================================
NOTES:
# LAST OF SEVERAL OCCURRENCES
COLUMN 17 PEAK WIND IN M.P.H.
PRELIMINARY LOCAL CLIMATOLOGICAL DATA (WS FORM: F-6) , PAGE 2
STATION: WALLOPS ISLAND VA
MONTH: JANUARY
YEAR: 2022
LATITUDE: 37 55 N
LONGITUDE: 75 28 W
[TEMPERATURE DATA] [PRECIPITATION DATA] SYMBOLS USED IN COLUMN 16
AVERAGE MONTHLY: 35.1 TOTAL FOR MONTH: 5.24 1 = FOG OR MIST
DPTR FM NORMAL: -2.8 DPTR FM NORMAL: 2.09 2 = FOG REDUCING VISIBILITY
HIGHEST: 71 ON 2, 1 GRTST 24HR 2.22 ON 2- 3 TO 1/4 MILE OR LESS
LOWEST: 13 ON 30 3 = THUNDER
SNOW, ICE PELLETS, HAIL 4 = ICE PELLETS
TOTAL MONTH: 15.5 INCHES 5 = HAIL
GRTST 24HR 6.5 ON 29-29 6 = FREEZING RAIN OR DRIZZLE
GRTST DEPTH: 9 ON 29 7 = DUSTSTORM OR SANDSTORM:
VSBY 1/2 MILE OR LESS
8 = SMOKE OR HAZE
[NO. OF DAYS WITH] [WEATHER - DAYS WITH] 9 = BLOWING SNOW
X = TORNADO
MAX 32 OR BELOW: 5 0.01 INCH OR MORE: 14
MAX 90 OR ABOVE: 0 0.10 INCH OR MORE: 8
MIN 32 OR BELOW: 26 0.50 INCH OR MORE: 3
MIN 0 OR BELOW: 0 1.00 INCH OR MORE: 2
[HDD (BASE 65) ]
TOTAL THIS MO. 921 CLEAR (SCALE 0-3) 16
DPTR FM NORMAL 79 PTCLDY (SCALE 4-7) 12
TOTAL FM JUL 1 2062 CLOUDY (SCALE 8-10) 3
DPTR FM NORMAL -162
[CDD (BASE 65) ]
TOTAL THIS MO. 0
DPTR FM NORMAL 0 [PRESSURE DATA]
TOTAL FM JAN 1 0 HIGHEST SLP 30.67 ON 8
DPTR FM NORMAL 0 LOWEST SLP 29.20 ON 17
[REMARKS]
#FINAL-01-22#