000
CXUS56 KLKN 120804
CF6WMC
PRELIMINARY LOCAL CLIMATOLOGICAL DATA (WS FORM: F-6)
STATION: WINNEMUCCA AIRPORT NV
MONTH: DECEMBER
YEAR: 2021
LATITUDE: 40 54 N
LONGITUDE: 117 48 W
TEMPERATURE IN F: :PCPN: SNOW: WIND :SUNSHINE: SKY :PK WND
================================================================================
1 2 3 4 5 6A 6B 7 8 9 10 11 12 13 14 15 16 17 18
12Z AVG MX 2MIN
DY MAX MIN AVG DEP HDD CDD WTR SNW DPTH SPD SPD DIR MIN PSBL S-S WX SPD DR
================================================================================
1 60 22 41 8 24 0 0.00 0.0 0 2.6 10 150 M M 0 12 150
2 61 18 40 7 25 0 0.00 0.0 0 2.3 8 150 M M 0 10 140
3 60 17 39 6 26 0 0.00 0.0 0 2.8 9 150 M M 0 12 140
4 61 16 39 7 26 0 0.00 0.0 0 1.9 9 160 M M 0 12 170
5 59 25 42 10 23 0 0.00 0.0 0 5.2 16 260 M M 0 8 22 290
6 45 21 33 1 32 0 0.00 0.0 0 3.4 10 40 M M 6 14 40
7 53 19 36 4 29 0 0.00 0.0 0 4.2 12 60 M M 1 16 50
8 52 18 35 4 30 0 0.00 0.0 0 6.9 21 230 M M 4 27 230
9 42 19 31 0 34 0 0.13 T 0 6.1 14 310 M M 6 1 19 350
10 37 14 26 -5 39 0 0.00 0.0 0 5.8 14 170 M M 2 20 170
11 39 24 32 1 33 0 0.00 0.0 0 14.1 22 180 M M 7 30 170
12 50 35 43 12 22 0 0.01 0.0 0 13.4 21 180 M M 9 29 190
13 52 38 45 15 20 0 T 0.0 0 23.0 40 150 M M 8 51 150
14 42 6 24 -6 41 0 0.50 5.9 0 7.8 24 160 M M 8 18 37 170
15 30 7 19 -11 46 0 0.05 3.4 6 10.0 20 170 M M 8 1 28 180
16 37 26 32 2 33 0 0.24 3.9 9 6.4 17 180 M M 8 1 23 180
17 30 1 16 -14 49 0 0.00 0.0 8 3.2 10 150 M M 1 28 12 150
18 25 0 13 -17 52 0 0.00 0.0 6 1.7 7 280 M M 9 128 9 260
19 27 7 17 -13 48 0 0.00 0.0 6 3.4 9 40 M M 7 8 11 30
20 30 2 16 -14 49 0 0.00 0.0 6 2.6 10 40 M M 0 1 13 60
21 33 3 18 -12 47 0 0.00 0.0 5 3.8 17 40 M M 1 22 50
22 38 18 28 -2 37 0 0.04 0.0 5 7.0 17 200 M M 10 1 25 200
23 39 31 35 5 30 0 0.15 0.0 5 10.4 21 170 M M 10 1 31 150
24 44 33 39 9 26 0 0.23 0.2 2 14.1 35 220 M M 6 1 55 220
25 44 28 36 6 29 0 0.28 2.1 1 18.7 30 230 M M 6 12 44 220
26 35 22 29 -1 36 0 0.37 3.8 4 16.8 30 270 M M 8 12 42 230
27 35 17 26 -4 39 0 0.06 1.2 6 11.6 36 220 M M 9 12 51 200
28 26 17 22 -8 43 0 0.03 0.5 5 6.2 14 180 M M 10 1 18 180
29 32 21 27 -3 38 0 0.23 4.9 5 6.5 13 240 M M 10 1 17 240
30 35 26 31 1 34 0 0.00 0.0 10 9.9 20 170 M M 9 28 160
31 34 10 22 -8 43 0 T T 6 8.1 21 260 M M 9 1 31 330
================================================================================
SM 1287 561 1083 0 2.32 25.9 239.9 M 172
================================================================================
AV 41.5 18.1 7.7 FASTST M M 6 MAX(MPH)
MISC ----> 40 150 55 220
================================================================================
NOTES:
# LAST OF SEVERAL OCCURRENCES
COLUMN 17 PEAK WIND IN M.P.H.
PRELIMINARY LOCAL CLIMATOLOGICAL DATA (WS FORM: F-6) , PAGE 2
STATION: WINNEMUCCA AIRPORT NV
MONTH: DECEMBER
YEAR: 2021
LATITUDE: 40 54 N
LONGITUDE: 117 48 W
[TEMPERATURE DATA] [PRECIPITATION DATA] SYMBOLS USED IN COLUMN 16
AVERAGE MONTHLY: 29.8 TOTAL FOR MONTH: 2.32 1 = FOG OR MIST
DPTR FM NORMAL: -0.9 DPTR FM NORMAL: 1.30 2 = FOG REDUCING VISIBILITY
HIGHEST: 61 ON 4, 2 GRTST 24HR 0.65 ON 25-26 TO 1/4 MILE OR LESS
LOWEST: 0 ON 18 3 = THUNDER
SNOW, ICE PELLETS, HAIL 4 = ICE PELLETS
TOTAL MONTH: 25.9 INCHES 5 = HAIL
GRTST 24HR 5.9 ON 14-14 6 = FREEZING RAIN OR DRIZZLE
GRTST DEPTH: 10 ON 30 7 = DUSTSTORM OR SANDSTORM:
VSBY 1/2 MILE OR LESS
8 = SMOKE OR HAZE
[NO. OF DAYS WITH] [WEATHER - DAYS WITH] 9 = BLOWING SNOW
X = TORNADO
MAX 32 OR BELOW: 7 0.01 INCH OR MORE: 13
MAX 90 OR ABOVE: 0 0.10 INCH OR MORE: 8
MIN 32 OR BELOW: 28 0.50 INCH OR MORE: 1
MIN 0 OR BELOW: 1 1.00 INCH OR MORE: 0
[HDD (BASE 65) ]
TOTAL THIS MO. 1083 CLEAR (SCALE 0-3) 10
DPTR FM NORMAL 20 PTCLDY (SCALE 4-7) 10
TOTAL FM JUL 1 2335 CLOUDY (SCALE 8-10) 11
DPTR FM NORMAL -155
[CDD (BASE 65) ]
TOTAL THIS MO. 0
DPTR FM NORMAL 0 [PRESSURE DATA]
TOTAL FM JAN 1 1055 HIGHEST SLP 30.54 ON 17
DPTR FM NORMAL 372 LOWEST SLP 29.42 ON 14
[REMARKS]
#FINAL-12-21#