000
CXUS55 KLKN 042211
CLSWMC
CLIMATE REPORT
NATIONAL WEATHER SERVICE ELKO, NV
211 PM PST WED JAN 04 2023
...................................
...THE WINNEMUCCA AIRPORT NV CLIMATE SUMMARY FOR THE SEASON, FROM
9/1/2022 TO 11/30/2022...
CLIMATE NORMAL PERIOD 1991 TO 2020
CLIMATE RECORD PERIOD 1877 TO 2023
WEATHER OBSERVED NORMAL DEPART LAST YEAR`S
VALUE DATE(S) VALUE FROM VALUE
NORMAL
..............................................................
TEMPERATURE (F)
RECORD
HIGH 106 09/06/2022
LOW -10 11/25/2010
HIGHEST 106R 09/06 95 11 101
LOWEST 11/20 6 -7 12
AVG. MAXIMUM 69.0 68.6 0.4 69.3
AVG. MINIMUM 30.5 31.5 -1.0 33.7
MEAN 49.8 50.0 -0.2 51.5
DAYS MAX >= 90 12 7.0 5.0 8
DAYS MAX <= 32 1 0.9 0.1 0
DAYS MIN <= 32 52 50.6 1.4 38
DAYS MIN <= 0 1 0.5 0.5 0
PRECIPITATION (INCHES)
RECORD
MAXIMUM 4.79 1998
MINIMUM 0.07 1929
TOTALS 1.08 1.81 -0.73 3.19
DAILY AVG. 0.01 0.02 -0.01 0.03
DAYS >= .01 13 13.5 -0.5 13
DAYS >= .10 5 5.7 -0.7 6
DAYS >= .50 0 0.4 -0.4 2
DAYS >= 1.00 0 0.1 -0.1 1
SNOWFALL (INCHES)
RECORDS
TOTAL 19.6 1985
TOTALS 2.5 3.1 -0.6 T
DAYS >= 1.0 1 1.0 0.0 0
GREATEST
SNOW DEPTH 0 0
DEGREE DAYS
HEATING TOTAL 1501 1410 91 1245
COOLING TOTAL 136 49 87 43
..............................................................
WIND (MPH)
AVERAGE WIND SPEED 6.0
HIGHEST WIND SPEED/DIRECTION 44/280 DATE 11/01
HIGHEST GUST SPEED/DIRECTION 61/270 DATE 11/01
AVERAGE RH (PERCENT) 45
WEATHER CONDITIONS. NUMBER OF DAYS WITH
THUNDERSTORM 3 MIXED PRECIP 0
HEAVY RAIN 2 RAIN 4
LIGHT RAIN 12 FREEZING RAIN 0
LT FREEZING RAIN 0 HAIL 0
HEAVY SNOW 1 SNOW 1
LIGHT SNOW 5 SLEET 0
FOG 9 FOG W/VIS <= 1/4 MILE 1
HAZE 17
- INDICATES NEGATIVE NUMBERS.
R INDICATES RECORD WAS SET OR TIED.
MM INDICATES DATA IS MISSING.
T INDICATES TRACE AMOUNT.
=====================================================================
...COOLER THAN NORMAL METEOROLOGICAL FALL IN WINNEMUCCA...
...DRIER THAN NORMAL METEORLOGICAL FALL IN WINNEMUCCA...
$$