000
CXUS55 KRIW 011110
CF6WRL
PRELIMINARY LOCAL CLIMATOLOGICAL DATA (WS FORM: F-6)
STATION: WORLAND WY
MONTH: FEBRUARY
YEAR: 2023
LATITUDE: 43 58 N
LONGITUDE: 107 57 W
TEMPERATURE IN F: :PCPN: SNOW: WIND :SUNSHINE: SKY :PK WND
================================================================================
1 2 3 4 5 6A 6B 7 8 9 10 11 12 13 14 15 16 17 18
12Z AVG MX 2MIN
DY MAX MIN AVG DEP HDD CDD WTR SNW DPTH SPD SPD DIR MIN PSBL S-S WX SPD DR
================================================================================
1 22 -12 5 -13 60 0 0.01 M M 2.2 10 190 M M 1 12 250
2 28 -6 11 -7 54 0 0.00 M M 3.4 12 210 M M 0 13 210
3 25 0 13 -6 52 0 0.00 M M 2.6 9 250 M M 0 12 250
4 38 1 20 1 45 0 0.00 M M 4.8 12 210 M M 0 13 200
5 34 5 20 1 45 0 0.00 M M 2.3 10 30 M M 3 11 30
6 42 18 30 11 35 0 0.00 M M 5.6 15 340 M M 6 20 340
7 37 5 21 1 44 0 0.00 M M 5.7 15 170 M M 0 21 170
8 32 8 20 0 45 0 T M M 8.2 26 350 M M 4 1 36 360
9 31 9 20 0 45 0 0.00 M M 7.4 20 320 M M 2 28 320
10 34 0 17 -3 48 0 0.00 M M 5.8 20 180 M M 0 25 170
11 32 4 18 -3 47 0 0.00 M M 3.7 12 170 M M 0 13 160
12 38 7 23 2 42 0 0.00 M M 2.7 10 210 M M 0 13 160
13 38 5 22 0 43 0 0.00 M M 3.7 17 150 M M 0 22 160
14 29 12 21 -1 44 0 0.02 M M 14.8 36 330 M M 8 128 47 350
15 15 -13 1 -21 64 0 0.00 M M 6.2 18 310 M M 1 23 320
16 18 -18 0 -23 65 0 0.00 M M 4.7 16 170 M M 0 20 180
17 25 -7 9 -14 56 0 0.00 M M 3.9 9 180 M M 0 12 240
18 29 -8 11 -13 54 0 0.00 M M 3.5 14 170 M M 3 16 170
19 34 5 20 -4 45 0 0.00 M M 4.5 15 260 M M 3 20 270
20 39 19 29 5 36 0 0.00 M M 4.3 10 130 M M 5 M M
21 33 6 20 -5 45 0 0.04 M M 10.6 26 310 M M 6 1 35 350
22 6 -9 -1 -27 66 0 T M M 8.9 16 340 M M 10 128 20 340
23 -5 -27 -16 -42 81 0 T M M 3.5 12 160 M M 1 1 13 160
24 1 -30 -14 -40 79 0 0.00 M M 2.7 10 170 M M 0 12 170
25 27 -15 6 -21 59 0 0.00 M M 3.2 9 190 M M 0 14 170
26 38 3 21 -7 44 0 0.00 M M 3.8 9 100 M M 0 14 200
27 38 11 25 -3 40 0 0.00 M M 5.6 15 140 M M 1 19 140
28 34 5 20 -9 45 0 0.00 M M 4.4 12 180 M M 2 15 270
================================================================================
SM 792 -22 1428 0 0.07 M 142.7 M 56
================================================================================
AV 28.3 -0.8 5.1 FASTST M M 2 MAX(MPH)
MISC ----> 36 330 47 350
================================================================================
NOTES:
# LAST OF SEVERAL OCCURRENCES
COLUMN 17 PEAK WIND IN M.P.H.
PRELIMINARY LOCAL CLIMATOLOGICAL DATA (WS FORM: F-6) , PAGE 2
STATION: WORLAND WY
MONTH: FEBRUARY
YEAR: 2023
LATITUDE: 43 58 N
LONGITUDE: 107 57 W
[TEMPERATURE DATA] [PRECIPITATION DATA] SYMBOLS USED IN COLUMN 16
AVERAGE MONTHLY: 13.8 TOTAL FOR MONTH: 0.07 1 = FOG OR MIST
DPTR FM NORMAL: -8.8 DPTR FM NORMAL: -0.10 2 = FOG REDUCING VISIBILITY
HIGHEST: 42 ON 6 GRTST 24HR 0.06 ON 25-25 TO 1/4 MILE OR LESS
LOWEST: -30 ON 24 3 = THUNDER
SNOW, ICE PELLETS, HAIL 4 = ICE PELLETS
TOTAL MONTH: M 5 = HAIL
GRTST 24HR M ON M 6 = FREEZING RAIN OR DRIZZLE
GRTST DEPTH: M ON M 7 = DUSTSTORM OR SANDSTORM:
VSBY 1/2 MILE OR LESS
8 = SMOKE OR HAZE
[NO. OF DAYS WITH] [WEATHER - DAYS WITH] 9 = BLOWING SNOW
X = TORNADO
MAX 32 OR BELOW: 15 0.01 INCH OR MORE: 3
MAX 90 OR ABOVE: 0 0.10 INCH OR MORE: 0
MIN 32 OR BELOW: 28 0.50 INCH OR MORE: 0
MIN 0 OR BELOW: 12 1.00 INCH OR MORE: 0
[HDD (BASE 65) ]
TOTAL THIS MO. 1428 CLEAR (SCALE 0-3) 20
DPTR FM NORMAL 241 PTCLDY (SCALE 4-7) 6
TOTAL FM JUL 1 6536 CLOUDY (SCALE 8-10) 2
DPTR FM NORMAL 500
[CDD (BASE 65) ]
TOTAL THIS MO. 0
DPTR FM NORMAL 0 [PRESSURE DATA]
TOTAL FM JAN 1 0 HIGHEST SLP 30.62 ON 9
DPTR FM NORMAL 0 LOWEST SLP 29.36 ON 21
[REMARKS]
#FINAL-02-23#