000
CXUS56 KMTR 011000
CF6WVI
PRELIMINARY LOCAL CLIMATOLOGICAL DATA (WS FORM: F-6)
STATION: WATSONVILLE AIRPORT
MONTH: NOVEMBER
YEAR: 2023
LATITUDE: 36 55 N
LONGITUDE: 121 47 W
TEMPERATURE IN F: :PCPN: SNOW: WIND :SUNSHINE: SKY :PK WND
================================================================================
1 2 3 4 5 6A 6B 7 8 9 10 11 12 13 14 15 16 17 18
12Z AVG MX 2MIN
DY MAX MIN AVG DEP HDD CDD WTR SNW DPTH SPD SPD DIR MIN PSBL S-S WX SPD DR
================================================================================
1 83 40 62 4 3 0 0.00 M M 2.5 8 230 M M 0 10 220
2 78 41 60 2 5 0 0.00 M M 2.2 8 180 M M 0 11 210
3 84 46 65 7 0 0 0.00 M M 3.2 13 250 M M 0 18 260
4 78 50 64 6 1 0 0.00 M M 3.9 10 190 M M 2 1 15 200
5 72 53 63 5 2 0 T M M 2.4 9 270 M M 8 12 14 230
6 66 52 59 2 6 0 0.31 M M 2.7 10 220 M M 10 12 14 270
7 66 45 56 -1 9 0 0.00 M M 2.9 12 280 M M 5 12 15 270
8 67 42 55 -2 10 0 0.00 M M 3.8 9 230 M M 0 14 230
9 69 39 54 -2 11 0 0.00 M M 3.3 10 270 M M 0 15 280
10 70 40 55 -1 10 0 0.00 M M 3.5 12 270 M M 0 8 17 280
11 74 43 59 3 6 0 0.00 M M 2.8 9 270 M M 0 13 280
12 72 45 59 3 6 0 0.00 M M 3.4 13 220 M M 2 18 220
13 64 48 56 0 9 0 0.00 M M 3.3 10 240 M M 5 14 210
14 71 46 59 4 6 0 0.00 M M 3.5 12 280 M M 1 17 270
15 75 48 62 7 3 0 0.11 M M 4.9 23 140 M M 8 1 31 130
16 70 54 62 7 3 0 T M M 3.1 9 220 M M 6 13 230
17 70 50 60 5 5 0 T M M 5.8 17 140 M M 4 25 150
18 63 55 59 5 6 0 1.65 M M 7.1 16 250 M M 10 13 22 250
19 65 43 54 0 11 0 0.00 M M 3.7 12 210 M M 0 16 60
20 68 40 54 0 11 0 0.00 M M 3.7 10 100 M M 0 13 100
21 74 39 57 3 8 0 0.00 M M 2.5 7 330 M M 0 10 110
22 73 39 56 3 9 0 0.00 M M 2.3 8 70 M M 0 8 11 280
23 67 44 56 3 9 0 0.00 M M 2.8 12 240 M M 0 15 240
24 64 37 51 -2 14 0 0.00 M M 3.4 12 260 M M 0 14 240
25 66 36 51 -2 14 0 0.00 M M 3.2 10 120 M M 0 17 70
26 66 39 53 1 12 0 0.00 M M 2.9 14 120 M M 0 17 120
27 69 38 54 2 11 0 0.00 M M 3.7 8 270 M M 0 12 190
28 66 38 52 0 13 0 0.00 M M 2.8 10 260 M M 0 15 250
29 66 48 57 5 8 0 0.02 M M 3.0 15 260 M M 5 22 260
30 65 41 53 1 12 0 0.00 M M 2.9 13 290 M M 4 21 260
================================================================================
SM 2101 1319 233 0 2.09 M 101.2 M 70
================================================================================
AV 70.0 44.0 3.4 FASTST M M 2 MAX(MPH)
MISC ----> 23 140 31 130
================================================================================
NOTES:
# LAST OF SEVERAL OCCURRENCES
COLUMN 17 PEAK WIND IN M.P.H.
PRELIMINARY LOCAL CLIMATOLOGICAL DATA (WS FORM: F-6) , PAGE 2
STATION: WATSONVILLE AIRPORT
MONTH: NOVEMBER
YEAR: 2023
LATITUDE: 36 55 N
LONGITUDE: 121 47 W
[TEMPERATURE DATA] [PRECIPITATION DATA] SYMBOLS USED IN COLUMN 16
AVERAGE MONTHLY: 57.0 TOTAL FOR MONTH: 2.09 1 = FOG OR MIST
DPTR FM NORMAL: 2.0 DPTR FM NORMAL: -0.01 2 = FOG REDUCING VISIBILITY
HIGHEST: 84 ON 3 GRTST 24HR 1.65 ON 18-18 TO 1/4 MILE OR LESS
LOWEST: 36 ON 25 3 = THUNDER
SNOW, ICE PELLETS, HAIL 4 = ICE PELLETS
TOTAL MONTH: M 5 = HAIL
GRTST 24HR M ON M 6 = FREEZING RAIN OR DRIZZLE
GRTST DEPTH: M ON M 7 = DUSTSTORM OR SANDSTORM:
VSBY 1/2 MILE OR LESS
8 = SMOKE OR HAZE
[NO. OF DAYS WITH] [WEATHER - DAYS WITH] 9 = BLOWING SNOW
X = TORNADO
MAX 32 OR BELOW: 0 0.01 INCH OR MORE: 4
MAX 90 OR ABOVE: 0 0.10 INCH OR MORE: 3
MIN 32 OR BELOW: 0 0.50 INCH OR MORE: 1
MIN 0 OR BELOW: 0 1.00 INCH OR MORE: 1
[HDD (BASE 65) ]
TOTAL THIS MO. 233 CLEAR (SCALE 0-3) 20
DPTR FM NORMAL -71 PTCLDY (SCALE 4-7) 6
TOTAL FM JUL 1 537 CLOUDY (SCALE 8-10) 4
DPTR FM NORMAL -169
[CDD (BASE 65) ]
TOTAL THIS MO. 0
DPTR FM NORMAL -3 [PRESSURE DATA]
TOTAL FM JAN 1 95 HIGHEST SLP M ON M
DPTR FM NORMAL -31 LOWEST SLP 29.72 ON 15
[REMARKS]
#FINAL-11-23#