000
CXUS54 KFWD 010730
CF6XBP
PRELIMINARY LOCAL CLIMATOLOGICAL DATA (WS FORM: F-6)
STATION: BRIDGEPORT
MONTH: JUNE
YEAR: 2021
LATITUDE: 33 10 N
LONGITUDE: 96 30 W
TEMPERATURE IN F: :PCPN: SNOW: WIND :SUNSHINE: SKY :PK WND
================================================================================
1 2 3 4 5 6A 6B 7 8 9 10 11 12 13 14 15 16 17 18
12Z AVG MX 2MIN
DY MAX MIN AVG DEP HDD CDD WTR SNW DPTH SPD SPD DIR MIN PSBL S-S WX SPD DR
================================================================================
1 74 60 67 -8 0 2 0.00 M M 4.3 8 320 M M 6 M M
2 80 57 69 -6 0 4 0.09 M M 1.9 7 280 M M 3 8 18 280
3 82 59 71 -4 0 6 0.00 M M 3.3 9 140 M M 1 M M
4 83 60 72 -4 0 7 0.00 M M 2.5 10 160 M M 1 1 16 160
5 83 66 75 -1 0 10 0.13 M M 3.6 9 170 M M 6 3 9 170
6 86 64 75 -1 0 10 0.00 M M 5.9 12 180 M M 3 1 17 170
7 81 66 74 -2 0 9 0.92 M M 4.6 9 200 M M 4 3 21 10
8 88 69 79 2 0 14 0.02 M M 5.9 16 220 M M 2 32 220
9 90 74 82 5 0 17 0.00 M M 7.0 12 170 M M 5 18 170
10 91 76 84 7 0 19 0.00 M M 6.9 10 160 M M 3 16 180
11 93 74 84 7 0 19 0.00 M M 8.2 15 190 M M 1 22 190
12 93 71 82 4 0 17 0.01 M M 5.1 14 200 M M 2 21 40
13 95 70 83 5 0 18 0.00 M M 1.4 6 310 M M 1 M M
14 95 73 84 6 0 19 0.00 M M 3.1 9 10 M M 1 17 10
15 93 69 81 3 0 16 0.00 M M 1.5 6 80 M M 1 M M
16 94 67 81 2 0 16 0.00 M M 1.8 6 150 M M 0 1 M M
17 95 66 81 2 0 16 0.00 M M 3.3 7 190 M M 0 M M
18 94 71 83 4 0 18 0.00 M M 5.0 9 170 M M 1 M M
19 94 65 80 1 0 15 0.00 M M 5.0 9 180 M M 0 M M
20 95 75 85 6 0 20 0.00 M M 9.0 14 180 M M 0 18 190
21 85 68 77 -3 0 12 0.04 M M 8.6 22 20 M M 5 33 20
22 85 58 72 -8 0 7 0.00 M M 4.6 9 150 M M 2 M M
23 95 72 84 4 0 19 0.00 M M 8.3 15 180 M M 3 22 190
24 96 78 87 7 0 22 0.00 M M 10.5 16 190 M M 0 22 180
25 95 77 86 6 0 21 0.00 M M 11.9 17 160 M M 1 22 170
26 93 76 85 5 0 20 0.00 M M 9.0 17 170 M M 3 22 170
27 91 74 83 2 0 18 0.00 M M 5.4 10 170 M M 3 25 330
28 87 72 80 -1 0 15 0.25 M M 3.9 12 140 M M 4 18 20 100
29 89 72 81 0 0 16 0.24 M M 3.9 9 150 M M 7 1 17 170
30 91 70 81 0 0 16 0.00 M M 2.4 7 210 M M 4 18 M M
================================================================================
SM 2686 2069 0 438 1.70 M 157.7 M 73
================================================================================
AV 89.5 69.0 5.3 FASTST M M 2 MAX(MPH)
MISC ----> 22 20 33 20
================================================================================
NOTES:
# LAST OF SEVERAL OCCURRENCES
COLUMN 17 PEAK WIND IN M.P.H.
PRELIMINARY LOCAL CLIMATOLOGICAL DATA (WS FORM: F-6) , PAGE 2
STATION: BRIDGEPORT
MONTH: JUNE
YEAR: 2021
LATITUDE: 33 10 N
LONGITUDE: 96 30 W
[TEMPERATURE DATA] [PRECIPITATION DATA] SYMBOLS USED IN COLUMN 16
AVERAGE MONTHLY: 79.3 TOTAL FOR MONTH: 1.70 1 = FOG OR MIST
DPTR FM NORMAL: 0.9 DPTR FM NORMAL: -2.52 2 = FOG REDUCING VISIBILITY
HIGHEST: 96 ON 24 GRTST 24HR 0.92 ON 7- 7 TO 1/4 MILE OR LESS
LOWEST: 57 ON 2 3 = THUNDER
SNOW, ICE PELLETS, HAIL 4 = ICE PELLETS
TOTAL MONTH: M 5 = HAIL
GRTST 24HR M ON M 6 = FREEZING RAIN OR DRIZZLE
GRTST DEPTH: M ON M 7 = DUSTSTORM OR SANDSTORM:
VSBY 1/2 MILE OR LESS
8 = SMOKE OR HAZE
[NO. OF DAYS WITH] [WEATHER - DAYS WITH] 9 = BLOWING SNOW
X = TORNADO
MAX 32 OR BELOW: 0 0.01 INCH OR MORE: 8
MAX 90 OR ABOVE: 18 0.10 INCH OR MORE: 4
MIN 32 OR BELOW: 0 0.50 INCH OR MORE: 1
MIN 0 OR BELOW: 0 1.00 INCH OR MORE: 0
[HDD (BASE 65) ]
TOTAL THIS MO. 0 CLEAR (SCALE 0-3) 21
DPTR FM NORMAL -1 PTCLDY (SCALE 4-7) 9
TOTAL FM JUL 1 2738 CLOUDY (SCALE 8-10) 0
DPTR FM NORMAL -225
[CDD (BASE 65) ]
TOTAL THIS MO. 438
DPTR FM NORMAL 38 [PRESSURE DATA]
TOTAL FM JAN 1 655 HIGHEST SLP M ON M
DPTR FM NORMAL -22 LOWEST SLP M ON M
[REMARKS]
#FINAL-06-21#