519
CXUS54 KFWD 010731
CF6XBP
PRELIMINARY LOCAL CLIMATOLOGICAL DATA (WS FORM: F-6)
STATION: BRIDGEPORT
MONTH: MAY
YEAR: 2020
LATITUDE: 33 10 N
LONGITUDE: 96 30 W
TEMPERATURE IN F: :PCPN: SNOW: WIND :SUNSHINE: SKY :PK WND
================================================================================
1 2 3 4 5 6A 6B 7 8 9 10 11 12 13 14 15 16 17 18
12Z AVG MX 2MIN
DY MAX MIN AVG DEP HDD CDD WTR SNW DPTH SPD SPD DIR MIN PSBL S-S WX SPD DR
================================================================================
1 88 63 76 9 0 11 0.00 0.0 0 11.5 22 180 M M 0 28 200
2 89 64 77 10 0 12 0.00 0.0 0 10.5 17 170 M M 0 25 170
3 92 70 81 14 0 16 0.00 0.0 0 7.4 10 210 M M 0 17 150
4 94 70 82 15 0 17 0.02 0.0 0 9.4 15 330 M M 0 3 22 190
5 77 50 64 -4 1 0 0.00 0.0 0 8.7 16 40 M M 4 28 30
6 82 47 65 -3 0 0 0.00 0.0 0 2.0 8 70 M M 0 M M
7 84 51 68 0 0 3 0.34 0.0 0 12.0 24 170 M M 2 3 32 180
8 73 46 60 -8 5 0 0.00 0.0 0 10.1 18 10 M M 5 28 360
9 73 42 58 -11 7 0 0.00 0.0 0 2.8 9 110 M M 2 M M
10 77 44 61 -8 4 0 0.00 0.0 0 2.8 9 90 M M 0 M M
11 79 52 66 -3 0 1 0.00 0.0 0 7.0 14 150 M M 1 21 130
12 82 65 74 4 0 9 0.02 0.0 0 7.4 13 210 M M 6 3 17 200
13 84 64 74 4 0 9 0.00 0.0 0 9.0 16 160 M M 6 22 160
14 88 62 75 5 0 10 0.58 0.0 0 9.2 15 170 M M 3 3 36 190
15 87 60 74 4 0 9 1.11 0.0 0 8.5 17 70 M M 6 3 30 70
16 65 61 63 -7 2 0 1.08 0.0 0 4.6 9 350 M M 9 3 17 350
17 82 61 72 1 0 7 0.00 0.0 0 5.4 13 350 M M 1 18 340
18 90 57 74 3 0 9 0.00 0.0 0 3.1 8 170 M M 0 M M
19 90 65 78 7 0 13 0.00 0.0 0 5.0 9 90 M M 0 M M
20 78 66 72 0 0 7 0.00 0.0 0 7.0 9 80 M M 8 M M
21 87 67 77 5 0 12 0.01 0.0 0 5.4 12 150 M M 4 1 16 140
22 91 63 77 5 0 12 0.19 0.0 0 8.7 16 160 M M 2 3 31 160
23 89 63 76 4 0 11 1.84 0.0 0 10.1 20 40 M M 4 3 27 40
24 89 65 77 4 0 12 0.36 0.0 0 8.8 21 150 M M 4 3 33 290
25 71 63 67 -6 0 2 0.57 0.0 0 3.3 9 300 M M 7 M M
26 75 58 67 -6 0 2 0.01 0.0 0 3.3 8 290 M M 5 M M
27 84 55 70 -4 0 5 0.00 0.0 0 1.2 6 90 M M 2 1 M M
28 85 62 74 0 0 9 0.00 0.0 0 2.7 9 360 M M 1 M M
29 86 62 74 0 0 9 0.00 0.0 0 3.7 8 100 M M 0 M M
30 85 58 72 -2 0 7 0.00 0.0 0 2.6 7 140 M M 0 8 M M
31 85 57 71 -4 0 6 0.00 0.0 0 2.3 8 150 M M 2 8 M M
================================================================================
SM 2581 1833 19 220 6.13 0.0 195.5 M 84
================================================================================
AV 83.3 59.1 6.3 FASTST M M 3 MAX(MPH)
MISC ----> # 24 170 # 36 190
================================================================================
NOTES:
# LAST OF SEVERAL OCCURRENCES
COLUMN 17 PEAK WIND IN M.P.H.
PRELIMINARY LOCAL CLIMATOLOGICAL DATA (WS FORM: F-6) , PAGE 2
STATION: BRIDGEPORT
MONTH: MAY
YEAR: 2020
LATITUDE: 33 10 N
LONGITUDE: 96 30 W
[TEMPERATURE DATA] [PRECIPITATION DATA] SYMBOLS USED IN COLUMN 16
AVERAGE MONTHLY: 71.2 TOTAL FOR MONTH: 6.13 1 = FOG OR MIST
DPTR FM NORMAL: 0.6 DPTR FM NORMAL: 0.90 2 = FOG REDUCING VISIBILITY
HIGHEST: 94 ON 4 GRTST 24HR 1.84 ON 23-23 TO 1/4 MILE OR LESS
LOWEST: 42 ON 9 3 = THUNDER
SNOW, ICE PELLETS, HAIL 4 = ICE PELLETS
TOTAL MONTH: 0.0 INCH 5 = HAIL
GRTST 24HR 0.0 6 = FREEZING RAIN OR DRIZZLE
GRTST DEPTH: 0 7 = DUSTSTORM OR SANDSTORM:
VSBY 1/2 MILE OR LESS
8 = SMOKE OR HAZE
[NO. OF DAYS WITH] [WEATHER - DAYS WITH] 9 = BLOWING SNOW
X = TORNADO
MAX 32 OR BELOW: 0 0.01 INCH OR MORE: 12
MAX 90 OR ABOVE: 5 0.10 INCH OR MORE: 8
MIN 32 OR BELOW: 0 0.50 INCH OR MORE: 5
MIN 0 OR BELOW: 0 1.00 INCH OR MORE: 3
[HDD (BASE 65) ]
TOTAL THIS MO. 19 CLEAR (SCALE 0-3) 18
DPTR FM NORMAL -7 PTCLDY (SCALE 4-7) 11
TOTAL FM JUL 1 2551 CLOUDY (SCALE 8-10) 2
DPTR FM NORMAL -412
[CDD (BASE 65) ]
TOTAL THIS MO. 220
DPTR FM NORMAL 22 [PRESSURE DATA]
TOTAL FM JAN 1 344 HIGHEST SLP M ON M
DPTR FM NORMAL 67 LOWEST SLP M ON M
[REMARKS]
#FINAL-05-20#