000
CXUS54 KTSA 010850
CF6XNA
PRELIMINARY LOCAL CLIMATOLOGICAL DATA (WS FORM: F-6)
STATION: HIGHFILL ARKANSAS
MONTH: JUNE
YEAR: 2021
LATITUDE: 36 16 N
LONGITUDE: 94 19 W
TEMPERATURE IN F: :PCPN: SNOW: WIND :SUNSHINE: SKY :PK WND
================================================================================
1 2 3 4 5 6A 6B 7 8 9 10 11 12 13 14 15 16 17 18
12Z AVG MX 2MIN
DY MAX MIN AVG DEP HDD CDD WTR SNW DPTH SPD SPD DIR MIN PSBL S-S WX SPD DR
================================================================================
1 63 57 60 -11 5 0 0.50 0.0 M 7.7 15 70 M M 10 1 25 80
2 69 56 63 -8 2 0 T 0.0 M 4.5 10 340 M M 8 1 15 20
3 82 53 68 -4 0 3 0.00 0.0 M 2.3 9 70 M M 2 12 17 60
4 84 56 70 -2 0 5 0.00 0.0 M 2.7 9 190 M M 1 1 13 190
5 80 57 69 -3 0 4 0.00 0.0 M 6.4 17 130 M M 3 1 22 140
6 81 66 74 2 0 9 0.23 0.0 M 6.9 21 130 M M 4 13 29 120
7 77 62 70 -3 0 5 0.57 0.0 M 5.8 16 140 M M 4 1 27 120
8 86 68 77 4 0 12 0.00 0.0 M 3.9 12 190 M M 5 1 17 200
9 89 66 78 5 0 13 0.16 0.0 M 3.9 10 220 M M 4 13 16 220
10 91 71 81 7 0 16 0.00 0.0 M 3.0 8 230 M M 3 12 13 230
11 90 70 80 6 0 15 0.00 0.0 M 6.3 17 180 M M 2 1 22 180
12 94 73 84 10 0 19 0.00 0.0 M 5.1 12 170 M M 2 19 50
13 90 69 80 6 0 15 0.00 0.0 M 6.3 15 40 M M 1 26 60
14 92 61 77 2 0 12 0.00 0.0 M 2.9 9 130 M M 0 12 140
15 94 63 79 4 0 14 0.00 0.0 M 2.4 8 350 M M 0 13 340
16 93 69 81 6 0 16 0.00 0.0 M 3.1 9 180 M M 1 14 320
17 95 72 84 8 0 19 0.00 0.0 M 5.3 12 250 M M 0 19 250
18 93 71 82 6 0 17 0.00 0.0 M 7.7 14 190 M M 0 19 200
19 89 69 79 3 0 14 0.00 0.0 M 6.6 16 170 M M 0 1 20 180
20 91 68 80 4 0 15 0.00 0.0 M 11.0 21 190 M M 0 30 200
21 79 57 68 -8 0 3 0.69 0.0 0 8.4 22 360 M M 4 13 32 360
22 81 53 67 -10 0 2 0.00 0.0 0 4.4 15 190 M M 0 21 180
23 86 58 72 -5 0 7 0.00 0.0 0 10.2 18 170 M M 2 26 180
24 91 72 82 5 0 17 0.00 0.0 M 12.8 23 180 M M 3 29 180
25 91 77 84 7 0 19 0.00 0.0 M 13.2 25 180 M M 3 34 170
26 84 72 78 1 0 13 0.11 0.0 M 10.0 24 260 M M 4 18 40 240
27 85 68 77 -1 0 12 0.42 0.0 M 7.1 23 170 M M 6 13 31 330
28 87 70 79 1 0 14 0.14 0.0 M 6.1 24 110 M M 5 13 33 110
29 88 69 79 1 0 14 T 0.0 M 4.2 15 170 M M 2 1 20 190
30 86 71 79 1 0 14 0.47 0.0 M 3.7 24 220 M M 3 13 33 220
================================================================================
SM 2581 1964 7 338 3.29 0.0 183.9 M 82
================================================================================
AV 86.0 65.5 6.1 FASTST M M 3 MAX(MPH)
MISC ----> 25 180 40 240
================================================================================
NOTES:
# LAST OF SEVERAL OCCURRENCES
COLUMN 17 PEAK WIND IN M.P.H.
PRELIMINARY LOCAL CLIMATOLOGICAL DATA (WS FORM: F-6) , PAGE 2
STATION: HIGHFILL ARKANSAS
MONTH: JUNE
YEAR: 2021
LATITUDE: 36 16 N
LONGITUDE: 94 19 W
[TEMPERATURE DATA] [PRECIPITATION DATA] SYMBOLS USED IN COLUMN 16
AVERAGE MONTHLY: 75.8 TOTAL FOR MONTH: 3.29 1 = FOG OR MIST
DPTR FM NORMAL: 0.8 DPTR FM NORMAL: -1.00 2 = FOG REDUCING VISIBILITY
HIGHEST: 95 ON 17 GRTST 24HR 0.88 ON 31- 1 TO 1/4 MILE OR LESS
LOWEST: 53 ON 22, 3 3 = THUNDER
SNOW, ICE PELLETS, HAIL 4 = ICE PELLETS
TOTAL MONTH: 0.0 INCH 5 = HAIL
GRTST 24HR 0.0 6 = FREEZING RAIN OR DRIZZLE
GRTST DEPTH: 0 7 = DUSTSTORM OR SANDSTORM:
VSBY 1/2 MILE OR LESS
8 = SMOKE OR HAZE
[NO. OF DAYS WITH] [WEATHER - DAYS WITH] 9 = BLOWING SNOW
X = TORNADO
MAX 32 OR BELOW: 0 0.01 INCH OR MORE: 9
MAX 90 OR ABOVE: 12 0.10 INCH OR MORE: 9
MIN 32 OR BELOW: 0 0.50 INCH OR MORE: 3
MIN 0 OR BELOW: 0 1.00 INCH OR MORE: 0
[HDD (BASE 65) ]
TOTAL THIS MO. 7 CLEAR (SCALE 0-3) 18
DPTR FM NORMAL 3 PTCLDY (SCALE 4-7) 11
TOTAL FM JUL 1 4062 CLOUDY (SCALE 8-10) 1
DPTR FM NORMAL 208
[CDD (BASE 65) ]
TOTAL THIS MO. 338
DPTR FM NORMAL 36 [PRESSURE DATA]
TOTAL FM JAN 1 416 HIGHEST SLP M ON M
DPTR FM NORMAL -36 LOWEST SLP 29.68 ON 20
[REMARKS]
#FINAL-06-21#