000
CXAK56 PAJK 011310
CF6YAK
PRELIMINARY LOCAL CLIMATOLOGICAL DATA (WS FORM: F-6)
STATION: YAKUTAT
MONTH: MARCH
YEAR: 2023
LATITUDE: 59 31 N
LONGITUDE: 139 40 W
TEMPERATURE IN F: :PCPN: SNOW: WIND :SUNSHINE: SKY :PK WND
================================================================================
1 2 3 4 5 6A 6B 7 8 9 10 11 12 13 14 15 16 17 18
12Z AVG MX 2MIN
DY MAX MIN AVG DEP HDD CDD WTR SNW DPTH SPD SPD DIR MIN PSBL S-S WX SPD DR
================================================================================
1 32 27 30 -1 35 0 1.85 M M 13.2 24 70 M M 10 12 27 70
2 34 28 31 0 34 0 0.30 M M 12.4 24 190 M M 9 12 32 210
3 33 10 22 -9 43 0 T M M 4.9 14 60 M M 2 8 18 60
4 31 4 18 -13 47 0 0.00 M M 1.5 5 280 M M 0 M M
5 34 1 18 -13 47 0 0.00 M M 0.3 5 90 M M 0 1 5 90
6 36 2 19 -12 46 0 0.00 M M 0.3 6 220 M M 0 1 7 180
7 39 7 23 -8 42 0 0.00 M M 1.4 8 220 M M 2 12 8 220
8 40 12 26 -5 39 0 0.00 M M 0.6 6 170 M M 1 18 6 180
9 35 16 26 -5 39 0 T M M 3.3 12 340 M M 8 18 15 340
10 37 17 27 -4 38 0 0.00 M M 11.9 26 60 M M 0 1 33 70
11 35 25 30 -1 35 0 0.00 M M 13.6 25 60 M M 0 31 60
12 34 9 22 -9 43 0 0.00 M M 3.2 15 30 M M 1 17 30
13 31 10 21 -10 44 0 0.00 M M 2.4 8 120 M M 2 11 90
14 31 10 21 -10 44 0 0.00 M M 6.9 14 60 M M 8 17 70
15 35 26 31 0 34 0 0.26 M M 10.9 21 80 M M 9 12 29 80
16 41 31 36 4 29 0 1.03 M M 8.1 26 120 M M 9 1 42 110
17 41 34 38 6 27 0 0.58 M M 11.5 26 120 M M 10 1 38 120
18 48 33 41 9 24 0 0.66 M M 8.3 21 70 M M 10 1 33 130
19 39 26 33 1 32 0 0.08 M M 3.5 13 280 M M 6 12 15 300
20 39 23 31 -1 34 0 0.00 M M 5.2 17 270 M M 1 23 280
21 34 25 30 -2 35 0 0.39 M M 6.2 15 70 M M 10 12 19 100
22 36 29 33 1 32 0 1.13 M M 9.7 17 110 M M 9 1 24 110
23 35 32 34 2 31 0 0.45 M M 2.6 9 60 M M 9 1 10 60
24 40 30 35 2 30 0 0.04 M M 2.3 9 230 M M 8 1 12 220
25 40 25 33 0 32 0 0.22 M M 3.8 10 140 M M 7 12 19 140
26 45 17 31 -2 34 0 0.00 M M 2.1 15 340 M M 0 1 19 340
27 41 15 28 -5 37 0 0.00 M M 2.0 12 240 M M 0 14 240
28 38 23 31 -3 34 0 0.00 M M 1.9 8 220 M M 6 9 240
29 39 22 31 -3 34 0 0.00 M M 2.5 12 210 M M 7 14 230
30 34 30 32 -2 33 0 0.13 M M 8.3 13 70 M M 10 1 15 70
31 M M M M M M M M M M M M M M M M M
================================================================================
SM 1107 599 1088 0 7.12 M 164.8 M 154
================================================================================
AV 36.9 20.0 5.5 FASTST M M 5 MAX(MPH)
MISC ----> # 26 60 42 110
================================================================================
NOTES:
# LAST OF SEVERAL OCCURRENCES
COLUMN 17 PEAK WIND IN M.P.H.
PRELIMINARY LOCAL CLIMATOLOGICAL DATA (WS FORM: F-6) , PAGE 2
STATION: YAKUTAT
MONTH: MARCH
YEAR: 2023
LATITUDE: 59 31 N
LONGITUDE: 139 40 W
[TEMPERATURE DATA] [PRECIPITATION DATA] SYMBOLS USED IN COLUMN 16
AVERAGE MONTHLY: 28.4 TOTAL FOR MONTH: 7.12 1 = FOG OR MIST
DPTR FM NORMAL: -3.5 DPTR FM NORMAL: -2.40 2 = FOG REDUCING VISIBILITY
HIGHEST: 48 ON 18 GRTST 24HR 1.87 ON 1- 2 TO 1/4 MILE OR LESS
LOWEST: 1 ON 5 3 = THUNDER
SNOW, ICE PELLETS, HAIL 4 = ICE PELLETS
TOTAL MONTH: M 5 = HAIL
GRTST 24HR M ON M 6 = FREEZING RAIN OR DRIZZLE
GRTST DEPTH: M ON M 7 = DUSTSTORM OR SANDSTORM:
VSBY 1/2 MILE OR LESS
8 = SMOKE OR HAZE
[NO. OF DAYS WITH] [WEATHER - DAYS WITH] 9 = BLOWING SNOW
X = TORNADO
MAX 32 OR BELOW: 4 0.01 INCH OR MORE: 13
MAX 90 OR ABOVE: 0 0.10 INCH OR MORE: 11
MIN 32 OR BELOW: 28 0.50 INCH OR MORE: 5
MIN 0 OR BELOW: 0 1.00 INCH OR MORE: 3
[HDD (BASE 65) ]
TOTAL THIS MO. 1088 CLEAR (SCALE 0-3) 13
DPTR FM NORMAL 62 PTCLDY (SCALE 4-7) 7
TOTAL FM JUL 1 6502 CLOUDY (SCALE 8-10) 11
DPTR FM NORMAL -421
[CDD (BASE 65) ]
TOTAL THIS MO. 0
DPTR FM NORMAL 0 [PRESSURE DATA]
TOTAL FM JAN 1 0 HIGHEST SLP 29.32 ON 31
DPTR FM NORMAL 0 LOWEST SLP 29.28 ON 31
[REMARKS]
#FINAL-03-23#