000
CXAK56 PAJK 011310
CF6YAK
PRELIMINARY LOCAL CLIMATOLOGICAL DATA (WS FORM: F-6)
STATION: YAKUTAT
MONTH: JUNE
YEAR: 2022
LATITUDE: 59 31 N
LONGITUDE: 139 40 W
TEMPERATURE IN F: :PCPN: SNOW: WIND :SUNSHINE: SKY :PK WND
================================================================================
1 2 3 4 5 6A 6B 7 8 9 10 11 12 13 14 15 16 17 18
12Z AVG MX 2MIN
DY MAX MIN AVG DEP HDD CDD WTR SNW DPTH SPD SPD DIR MIN PSBL S-S WX SPD DR
================================================================================
1 79 38 59 10 6 0 0.00 M M 3.6 14 320 M M 0 8 17 330
2 79 40 60 11 5 0 0.00 M M 3.5 10 290 M M 0 14 220
3 78 42 60 10 5 0 0.00 M M 3.5 10 290 M M 0 14 270
4 82 44 63 13 2 0 0.00 M M 7.4 24 120 M M 3 8 34 120
5 59 50 55 5 10 0 0.01 M M 5.2 14 290 M M 6 1 17 300
6 58 46 52 2 13 0 0.36 M M 6.7 22 120 M M 6 1 33 120
7 59 44 52 2 13 0 0.07 M M 5.3 12 290 M M 7 1 15 300
8 63 38 51 0 14 0 0.09 M M 5.9 17 140 M M 3 1 26 170
9 58 45 52 1 13 0 0.28 M M 4.7 13 320 M M 6 1 16 320
10 57 44 51 0 14 0 0.11 M M 6.6 20 110 M M 8 1 29 110
11 61 43 52 1 13 0 0.01 M M 5.8 12 300 M M 5 M M
12 54 48 51 0 14 0 0.04 M M 4.6 10 210 M M 10 18 14 220
13 55 48 52 0 13 0 0.18 M M 4.7 14 230 M M 10 1 18 230
14 55 49 52 0 13 0 0.01 M M 3.8 12 170 M M 10 1 15 160
15 61 47 54 2 11 0 0.00 M M 6.6 14 290 M M 3 19 290
16 66 43 55 3 10 0 0.00 M M 4.7 12 320 M M 0 1 15 320
17 56 51 54 2 11 0 0.00 M M 6.3 13 270 M M 9 18 270
18 57 50 54 2 11 0 T M M 3.6 12 220 M M 10 14 210
19 55 49 52 -1 13 0 0.15 M M 5.4 14 80 M M 10 1 19 80
20 58 46 52 -1 13 0 0.02 M M 3.9 12 190 M M 8 1 17 60
21 58 44 51 -2 14 0 0.11 M M 6.0 14 230 M M 9 18 18 240
22 61 44 53 0 12 0 0.00 M M 6.0 14 270 M M 6 18 280
23 60 46 53 0 12 0 0.00 M M 5.8 14 220 M M 7 18 220
24 M M M M M M M M M M M M M M M M M
25 64 43 54 0 11 0 0.00 M M 5.0 14 240 M M 0 18 230
26 64 44 54 0 11 0 0.00 M M 6.1 15 240 M M 2 1 18 240
27 62 50 56 2 9 0 0.00 M M 7.0 14 240 M M 5 1 17 240
28 61 51 56 2 9 0 0.00 M M 7.3 14 240 M M 6 1 17 240
29 58 51 55 1 10 0 0.00 M M 3.4 9 230 M M 10 1 11 230
30 58 53 56 2 9 0 0.00 M M 3.6 10 250 M M 10 13 240
================================================================================
SM 1796 1331 314 0 1.44 M 152.0 M 169
================================================================================
AV 61.9 45.9 5.2 FASTST M M 6 MAX(MPH)
MISC ----> 24 120 34 120
================================================================================
NOTES:
# LAST OF SEVERAL OCCURRENCES
COLUMN 17 PEAK WIND IN M.P.H.
PRELIMINARY LOCAL CLIMATOLOGICAL DATA (WS FORM: F-6) , PAGE 2
STATION: YAKUTAT
MONTH: JUNE
YEAR: 2022
LATITUDE: 59 31 N
LONGITUDE: 139 40 W
[TEMPERATURE DATA] [PRECIPITATION DATA] SYMBOLS USED IN COLUMN 16
AVERAGE MONTHLY: 53.9 TOTAL FOR MONTH: 1.44 1 = FOG OR MIST
DPTR FM NORMAL: 2.0 DPTR FM NORMAL: -3.97 2 = FOG REDUCING VISIBILITY
HIGHEST: 82 ON 4 GRTST 24HR 0.43 ON 6- 7 TO 1/4 MILE OR LESS
LOWEST: 38 ON 8, 1 3 = THUNDER
SNOW, ICE PELLETS, HAIL 4 = ICE PELLETS
TOTAL MONTH: M 5 = HAIL
GRTST 24HR M ON M 6 = FREEZING RAIN OR DRIZZLE
GRTST DEPTH: M ON M 7 = DUSTSTORM OR SANDSTORM:
VSBY 1/2 MILE OR LESS
8 = SMOKE OR HAZE
[NO. OF DAYS WITH] [WEATHER - DAYS WITH] 9 = BLOWING SNOW
X = TORNADO
MAX 32 OR BELOW: 0 0.01 INCH OR MORE: 13
MAX 90 OR ABOVE: 0 0.10 INCH OR MORE: 6
MIN 32 OR BELOW: 0 0.50 INCH OR MORE: 0
MIN 0 OR BELOW: 0 1.00 INCH OR MORE: 0
[HDD (BASE 65) ]
TOTAL THIS MO. 314 CLEAR (SCALE 0-3) 9
DPTR FM NORMAL -79 PTCLDY (SCALE 4-7) 10
TOTAL FM JUL 1 8913 CLOUDY (SCALE 8-10) 11
DPTR FM NORMAL 205
[CDD (BASE 65) ]
TOTAL THIS MO. 0
DPTR FM NORMAL 0 [PRESSURE DATA]
TOTAL FM JAN 1 0 HIGHEST SLP 30.39 ON 24
DPTR FM NORMAL 0 LOWEST SLP 29.37 ON 10
[REMARKS]
#FINAL-06-22#