000
CXUS52 KTAE 290800
CF6AAF
PRELIMINARY LOCAL CLIMATOLOGICAL DATA (WS FORM: F-6)
STATION: APALACHICOLA
MONTH: MARCH
YEAR: 2024
LATITUDE: 29 43 N
LONGITUDE: 85 2 W
TEMPERATURE IN F: :PCPN: SNOW: WIND :SUNSHINE: SKY :PK WND
================================================================================
1 2 3 4 5 6A 6B 7 8 9 10 11 12 13 14 15 16 17 18
12Z AVG MX 2MIN
DY MAX MIN AVG DEP HDD CDD WTR SNW DPTH SPD SPD DIR MIN PSBL S-S WX SPD DR
================================================================================
1 67 60 64 5 1 0 0.09 0.0 M 9.5 16 110 M M 8 18 28 90
2 74 61 68 9 0 3 0.00 0.0 M 7.3 15 280 M M 3 1 22 180
3 73 57 65 5 0 0 0.00 0.0 M 4.3 10 160 M M 6 12 15 170
4 71 60 66 6 0 1 0.04 0.0 M 8.3 16 100 M M 6 1 24 110
5 69 65 67 7 0 2 4.37 0.0 0 8.0 18 140 M M 10 13 25 40
6 76 59 68 8 0 3 0.00 0.0 0 7.2 18 310 M M 4 12 24 320
7 73 56 65 5 0 0 0.00 0.0 0 4.7 13 170 M M 0 1 18 140
8 73 55 64 4 1 0 0.00 0.0 M 9.5 20 160 M M 5 12 28 160
9 78 63 71 10 0 6 1.15 0.0 M 9.6 18 190 M M 10 123 28 190
10 70 54 62 1 3 0 0.00 0.0 0 9.5 17 340 M M 0 26 360
11 65 45 55 -6 10 0 0.00 0.0 0 5.8 16 50 M M 0 21 60
12 71 41 56 -5 9 0 0.00 0.0 0 4.5 13 180 M M 0 1 17 160
13 70 51 61 0 4 0 0.00 0.0 0 4.0 13 170 M M 4 12 17 150
14 73 56 65 4 0 0 0.00 0.0 0 4.9 15 110 M M 4 128 21 100
15 79 60 70 8 0 5 0.00 0.0 0 5.4 13 180 M M 2 17 200
16 80 65 73 11 0 8 0.00 0.0 0 7.8 16 250 M M 4 1 19 250
17 74 61 68 6 0 3 0.74 0.0 0 5.5 18 150 M M 2 13 24 160
18 75 56 66 4 0 1 0.03 0.0 0 8.7 21 10 M M 6 1 29 350
19 61 43 52 -10 13 0 0.00 0.0 0 9.4 22 30 M M 0 31 30
20 67 41 54 -8 11 0 0.00 0.0 0 4.9 16 250 M M 0 20 250
21 71 45 58 -4 7 0 0.00 0.0 0 4.5 13 170 M M 1 23 140
22 70 57 64 1 1 0 0.89 0.0 0 9.3 22 270 M M 6 13 33 260
23 75 61 68 5 0 3 0.01 0.0 0 10.0 21 360 M M 5 31 340
24 73 55 64 1 1 0 0.00 0.0 M 10.5 20 90 M M 1 34 100
25 75 60 68 5 0 3 0.00 0.0 0 14.3 21 100 M M 4 33 110
26 72 67 70 7 0 5 0.03 0.0 0 12.8 20 160 M M 9 1 33 120
27 70 66 68 4 0 3 0.99 0.0 0 8.0 17 170 M M 10 13 23 170
28 78 56 67 3 0 2 0.00 0.0 0 9.4 22 320 M M 2 29 320
================================================================================
SM 2023 1576 61 48 8.34 0.0 217.6 M 112
================================================================================
AV 72.3 56.3 7.8 FASTST M M 4 MAX(MPH)
MISC ----> # 22 30 34 100
================================================================================
NOTES:
# LAST OF SEVERAL OCCURRENCES
COLUMN 17 PEAK WIND IN M.P.H.
PRELIMINARY LOCAL CLIMATOLOGICAL DATA (WS FORM: F-6) , PAGE 2
STATION: APALACHICOLA
MONTH: MARCH
YEAR: 2024
LATITUDE: 29 43 N
LONGITUDE: 85 2 W
[TEMPERATURE DATA] [PRECIPITATION DATA] SYMBOLS USED IN COLUMN 16
AVERAGE MONTHLY: 64.3 TOTAL FOR MONTH: 8.34 1 = FOG OR MIST
DPTR FM NORMAL: 2.8 DPTR FM NORMAL: 4.35 2 = FOG REDUCING VISIBILITY
HIGHEST: 80 ON 16 GRTST 24HR 4.37 ON 5- 5 TO 1/4 MILE OR LESS
LOWEST: 41 ON 20,12 3 = THUNDER
SNOW, ICE PELLETS, HAIL 4 = ICE PELLETS
TOTAL MONTH: 0.0 INCH 5 = HAIL
GRTST 24HR 0.0 6 = FREEZING RAIN OR DRIZZLE
GRTST DEPTH: 0 7 = DUSTSTORM OR SANDSTORM:
VSBY 1/2 MILE OR LESS
8 = SMOKE OR HAZE
[NO. OF DAYS WITH] [WEATHER - DAYS WITH] 9 = BLOWING SNOW
X = TORNADO
MAX 32 OR BELOW: 0 0.01 INCH OR MORE: 10
MAX 90 OR ABOVE: 0 0.10 INCH OR MORE: 5
MIN 32 OR BELOW: 0 0.50 INCH OR MORE: 5
MIN 0 OR BELOW: 0 1.00 INCH OR MORE: 2
[HDD (BASE 65) ]
TOTAL THIS MO. 61 CLEAR (SCALE 0-3) 12
DPTR FM NORMAL -74 PTCLDY (SCALE 4-7) 12
TOTAL FM JUL 1 1044 CLOUDY (SCALE 8-10) 4
DPTR FM NORMAL -128
[CDD (BASE 65) ]
TOTAL THIS MO. 48
DPTR FM NORMAL 10 [PRESSURE DATA]
TOTAL FM JAN 1 72 HIGHEST SLP M ON M
DPTR FM NORMAL 12 LOWEST SLP 29.69 ON 23
[REMARKS]