000
CXUS56 KPDT 221032
CF6ALW
PRELIMINARY LOCAL CLIMATOLOGICAL DATA (WS FORM: F-6)

                                          STATION:   WALLA WALLA WA
                                          MONTH:     APRIL
                                          YEAR:      2018
                                          LATITUDE:   46  5 N
                                          LONGITUDE: 118 17 W

  TEMPERATURE IN F:       :PCPN:    SNOW:  WIND      :SUNSHINE: SKY     :PK WND
================================================================================
1   2   3   4   5  6A  6B    7    8   9   10  11  12  13   14  15   16   17  18
                                     12Z  AVG MX 2MIN
DY MAX MIN AVG DEP HDD CDD  WTR  SNW DPTH SPD SPD DIR MIN PSBL S-S WX    SPD DR
================================================================================

 1  54  39  47  -3  18   0 0.03  0.0    0 13.1 24 200   M    M   7        30 200
 2  51  33  42  -8  23   0 0.00  0.0    0 13.6 25 250   M    M   5        31 250
 3  57  32  45  -5  20   0 0.00  0.0    0  5.3 16 180   M    M   3        21 220
 4  55  42  49  -1  16   0 0.16  0.0    0  6.5 21 220   M    M   M        25 240
 5  55  48  52   1  13   0 0.14  0.0    0  4.3 13  90   M    M   9 12     14  90
 6  68  49  59   8   6   0    T  0.0    0  6.4 18  20   M    M   7        23  30
 7  61  46  54   3  11   0 0.50  0.0    0  8.8 35 290   M    M   8 138    40 290
 8  55  47  51   0  14   0 0.01  0.0    0 13.0 24 250   M    M  10        29 250
 9  66  39  53   2  12   0 0.00  0.0    0  5.5 16 200   M    M   1        19 200
10  62  43  53   2  12   0    T  0.0    0  8.9 15 190   M    M   4        21 120
11  65  44  55   4  10   0 0.70  0.0    0  6.6 32 290   M    M   7 3      39 280
12  57  42  50  -2  15   0 0.13  0.0    0 19.7 36 240   M    M   5        42 260
13  56  40  48  -4  17   0 0.06  0.0    0 12.9 21 170   M    M   7        26 160
14  65  48  57   5   8   0 0.08  0.0    0  7.6 15 210   M    M   6        20 190
15  65  46  56   4   9   0 0.26  0.0    0  6.9 33 260   M    M   7 3      43 250
16  56  43  50  -2  15   0 0.01  0.0    0 15.6 28 240   M    M   6        34 230
17  56  43  50  -2  15   0 0.00  0.0    0 15.5 28 250   M    M   6        35 240
18  63  35  49  -3  16   0 0.00  0.0    0 10.1 22  40   M    M   1        27  40
19  66  39  53   0  12   0 0.00  0.0    0  4.8 12 170   M    M   1        14 210
20  68  43  56   3   9   0 0.00  0.0    0  7.2 15 270   M    M   1        19 250
21  63  41  52  -1  13   0    T    M    0 11.3 23 240   M    M   4        33 230
================================================================================
SM 1264  882       284   0  2.08     0.0 203.6          M      105
================================================================================
AV 60.2 42.0                               9.7 FASTST   M    M   5    MAX(MPH)
                                 MISC ---->  # 36 240               # 43  250
================================================================================
NOTES:
# LAST OF SEVERAL OCCURRENCES

COLUMN 17 PEAK WIND IN M.P.H.

PRELIMINARY LOCAL CLIMATOLOGICAL DATA (WS FORM: F-6) , PAGE 2

                                          STATION:  WALLA WALLA WA
                                          MONTH:    APRIL
                                          YEAR:     2018
                                          LATITUDE:   46  5 N
                                          LONGITUDE: 118 17 W

[TEMPERATURE DATA]      [PRECIPITATION DATA]       SYMBOLS USED IN COLUMN 16

AVERAGE MONTHLY: 51.1   TOTAL FOR MONTH:   2.08    1 = FOG OR MIST
DPTR FM NORMAL:  -0.3   DPTR FM NORMAL:    0.74    2 = FOG REDUCING VISIBILITY
HIGHEST:    68 ON 20, 6 GRTST 24HR  0.70 ON 11-11      TO 1/4 MILE OR LESS
LOWEST:     32 ON  3                               3 = THUNDER
                        SNOW, ICE PELLETS, HAIL    4 = ICE PELLETS
                        TOTAL MONTH:   0.0 INCH    5 = HAIL
                        GRTST 24HR     0.0         6 = FREEZING RAIN OR DRIZZLE
                        GRTST DEPTH:   0           7 = DUSTSTORM OR SANDSTORM:
                                                       VSBY 1/2 MILE OR LESS
                                                   8 = SMOKE OR HAZE
[NO. OF DAYS WITH]      [WEATHER - DAYS WITH]      9 = BLOWING SNOW
                                                   X = TORNADO
MAX 32 OR BELOW:   0    0.01 INCH OR MORE:  11
MAX 90 OR ABOVE:   0    0.10 INCH OR MORE:   6
MIN 32 OR BELOW:   1    0.50 INCH OR MORE:   2
MIN  0 OR BELOW:   0    1.00 INCH OR MORE:   0

[HDD (BASE 65) ]
TOTAL THIS MO.   284    CLEAR  (SCALE 0-3)   4
DPTR FM NORMAL    -1    PTCLDY (SCALE 4-7)  14
TOTAL FM JUL 1  4314    CLOUDY (SCALE 8-10)  2
DPTR FM NORMAL  -328

[CDD (BASE 65) ]
TOTAL THIS MO.     0
DPTR FM NORMAL     0    [PRESSURE DATA]
TOTAL FM JAN 1     0    HIGHEST SLP 30.04 ON  1
DPTR FM NORMAL     0    LOWEST  SLP 29.40 ON  7

[REMARKS]
