000
CXAK56 PAFC 201320
CF6ANC
PRELIMINARY LOCAL CLIMATOLOGICAL DATA (WS FORM: F-6)

                                          STATION:   ANCHORAGE AK
                                          MONTH:     APRIL
                                          YEAR:      2018
                                          LATITUDE:   61 10 N
                                          LONGITUDE: 150  2 W

  TEMPERATURE IN F:       :PCPN:    SNOW:  WIND      :SUNSHINE: SKY     :PK WND
================================================================================
1   2   3   4   5  6A  6B    7    8   9   10  11  12  13   14  15   16   17  18
                                     12Z  AVG MX 2MIN
DY MAX MIN AVG DEP HDD CDD  WTR  SNW DPTH SPD SPD DIR MIN PSBL S-S WX    SPD DR
================================================================================

 1  45  23  34   3  31   0 0.00  0.0   13  5.1 17  10   M    M   4        25  20
 2  41  29  35   3  30   0 0.00  0.0   13 13.2 18 350   M    M   1        23 350
 3  34  25  30  -2  35   0 0.00  0.0   13  9.9 15 360   M    M   6        17 360
 4  30  20  25  -7  40   0 0.03    T   13 10.6 21 350   M    M  10        26 360
 5  42  23  33   0  32   0 0.00  0.0   13  3.8  9 320   M    M   7         M  M
 6  40  21  31  -2  34   0 0.00  0.0   12  1.4  7  40   M    M   6         M  M
 7  47  26  37   4  28   0 0.00  0.0   11  4.0 10 330   M    M   5        14  10
 8  51  28  40   6  25   0 0.00  0.0   11  4.0 17 150   M    M   6        24 150
 9  49  36  43   9  22   0 0.00  0.0    9  3.8  9 170   M    M   8         M  M
10  50  34  42   7  23   0 0.00  0.0    8  4.3 12 160   M    M   8        15 170
11  49  35  42   7  23   0 0.00  0.0    8  7.5 20 150   M    M   7        30 160
12  53  31  42   7  23   0 0.00  0.0    7  5.1 16 150   M    M   3        30 150
13  52  36  44   8  21   0 0.00  0.0    4  4.4 14 140   M    M   6        25 150
14  53  32  43   7  22   0 0.00  0.0    1  3.6 10 190   M    M   4        13 210
15  50  29  40   3  25   0 0.00  0.0    0  3.4  7 310   M    M   3         M  M
16  49  30  40   3  25   0 0.00  0.0    0  5.7 13 150   M    M   4        22 160
17  47  30  39   2  26   0 0.00  0.0    0  5.3 17 130   M    M   7 8      29 160
18  45  34  40   2  25   0 0.00  0.0    0  5.4 12 180   M    M   8        15 180
19  53  32  43   5  22   0 0.00  0.0    0  4.7 14 190   M    M   5        21 200
================================================================================
SM  880  554       512   0  0.03    T    105.2          M      108
================================================================================
AV 46.3 29.2                               5.5 FASTST   M    M   6    MAX(MPH)
                                 MISC ---->  # 21 350               # 30  160
================================================================================
NOTES:
# LAST OF SEVERAL OCCURRENCES

COLUMN 17 PEAK WIND IN M.P.H.

PRELIMINARY LOCAL CLIMATOLOGICAL DATA (WS FORM: F-6) , PAGE 2

                                          STATION:  ANCHORAGE AK
                                          MONTH:    APRIL
                                          YEAR:     2018
                                          LATITUDE:   61 10 N
                                          LONGITUDE: 150  2 W

[TEMPERATURE DATA]      [PRECIPITATION DATA]       SYMBOLS USED IN COLUMN 16

AVERAGE MONTHLY: 37.7   TOTAL FOR MONTH:   0.03    1 = FOG OR MIST
DPTR FM NORMAL:   3.1   DPTR FM NORMAL:   -0.26    2 = FOG REDUCING VISIBILITY
HIGHEST:    53 ON 19,14 GRTST 24HR  0.03 ON  4- 4      TO 1/4 MILE OR LESS
LOWEST:     20 ON  4                               3 = THUNDER
                        SNOW, ICE PELLETS, HAIL    4 = ICE PELLETS
                        TOTAL MONTH:    T          5 = HAIL
                        GRTST 24HR    T  ON  4- 4  6 = FREEZING RAIN OR DRIZZLE
                        GRTST DEPTH:  13 ON  5, 4  7 = DUSTSTORM OR SANDSTORM:
                                                       VSBY 1/2 MILE OR LESS
                                                   8 = SMOKE OR HAZE
[NO. OF DAYS WITH]      [WEATHER - DAYS WITH]      9 = BLOWING SNOW
                                                   X = TORNADO
MAX 32 OR BELOW:   1    0.01 INCH OR MORE:   1
MAX 90 OR ABOVE:   0    0.10 INCH OR MORE:   0
MIN 32 OR BELOW:  14    0.50 INCH OR MORE:   0
MIN  0 OR BELOW:   0    1.00 INCH OR MORE:   0

[HDD (BASE 65) ]
TOTAL THIS MO.   512    CLEAR  (SCALE 0-3)   3
DPTR FM NORMAL   -65    PTCLDY (SCALE 4-7)  13
TOTAL FM JUL 1  8384    CLOUDY (SCALE 8-10)  3
DPTR FM NORMAL  -714

[CDD (BASE 65) ]
TOTAL THIS MO.     0
DPTR FM NORMAL     0    [PRESSURE DATA]
TOTAL FM JAN 1     0    HIGHEST SLP M ON M
DPTR FM NORMAL     0    LOWEST  SLP 29.23 ON 10

[REMARKS]
