000
CXUS55 KCTP 220700
CF6AOO
PRELIMINARY LOCAL CLIMATOLOGICAL DATA (WS FORM: F-6)

                                          STATION:   ALTOONA
                                          MONTH:     MAY
                                          YEAR:      2018
                                          LATITUDE:   40 17 N
                                          LONGITUDE:  78 19 W

  TEMPERATURE IN F:       :PCPN:    SNOW:  WIND      :SUNSHINE: SKY     :PK WND
================================================================================
1   2   3   4   5  6A  6B    7    8   9   10  11  12  13   14  15   16   17  18
                                     12Z  AVG MX 2MIN
DY MAX MIN AVG DEP HDD CDD  WTR  SNW DPTH SPD SPD DIR MIN PSBL S-S WX    SPD DR
================================================================================

 1  81  44  63   9   2   0 0.00    M    M  8.1 20 290   M    M   0        27 290
 2  86  55  71  17   0   6 0.00  0.0    0 11.5 24 230   M    M   0        30 240
 3  90  67  79  25   0  14 0.01    M    M 10.6 24 270   M    M   4        31 220
 4  83  61  72  17   0   7 0.13    M    M 11.6 30 300   M    M   6        43 310
 5  70  51  61   6   4   0 0.31    M    M  4.8 21 200   M    M   3 1      26 200
 6  57  46  52  -3  13   0 0.23    M    M  4.5 13  20   M    M   9 12     16  20
 7  71  43  57   1   8   0 0.00    M    M  2.5  8  40   M    M   6 128    10  10
 8  75  47  61   5   4   0    T    M    M  3.0 15 150   M    M   4 1      17 150
 9  80  52  66  10   0   1 0.00    M    M  6.5 12 170   M    M   1         M  M
10  79  60  70  14   0   5 0.25    M    M  8.9 26 320   M    M   5 3      40 260
11  71  57  64   7   1   0    T    M    M  5.9 14  10   M    M   5        19 320
12  87  50  69  12   0   4 0.64    M    M  6.7 24 310   M    M   6 13     33 250
13  74  57  66   9   0   1 1.10    M    M  3.9 23 360   M    M  10 13     31  20
14  83  58  71  14   0   6 0.07    M    M  3.6 22 340   M    M   6 123    27 340
15  89  59  74  16   0   9 0.10    M    M  8.8 29 320   M    M   3 38     37 320
16  68  60  64   6   1   0 0.31    M    M  5.2 10 100   M    M  10 1      13 100
17  74  61  68  10   0   3 0.15    M    M  3.6  9 140   M    M   6 1      12 150
18  68  56  62   3   3   0 0.25    M    M  8.3 17 100   M    M   8 18     25  90
19  61  51  56  -3   9   0 0.36    M    M  6.2 13 140   M    M  10 1      15 150
20  80  59  70  11   0   5 0.02    M    M  5.3 17 300   M    M   6 12     22 300
21  80  57  69  10   0   4 0.00    M    M  4.1 12 140   M    M   3 1      16 140
================================================================================
SM 1607 1151        45  65  3.93     0.0 133.6          M      111
================================================================================
AV 76.5 54.8                               6.4 FASTST   M    M   5    MAX(MPH)
                                 MISC ---->  # 30 300               # 43  310
================================================================================
NOTES:
# LAST OF SEVERAL OCCURRENCES

COLUMN 17 PEAK WIND IN M.P.H.

PRELIMINARY LOCAL CLIMATOLOGICAL DATA (WS FORM: F-6) , PAGE 2

                                          STATION:  ALTOONA
                                          MONTH:    MAY
                                          YEAR:     2018
                                          LATITUDE:   40 17 N
                                          LONGITUDE:  78 19 W

[TEMPERATURE DATA]      [PRECIPITATION DATA]       SYMBOLS USED IN COLUMN 16

AVERAGE MONTHLY: 65.7   TOTAL FOR MONTH:   3.93    1 = FOG OR MIST
DPTR FM NORMAL:   9.0   DPTR FM NORMAL:    1.44    2 = FOG REDUCING VISIBILITY
HIGHEST:    90 ON  3    GRTST 24HR  1.10 ON 13-13      TO 1/4 MILE OR LESS
LOWEST:     43 ON  7                               3 = THUNDER
                        SNOW, ICE PELLETS, HAIL    4 = ICE PELLETS
                        TOTAL MONTH:   0.0 INCH    5 = HAIL
                        GRTST 24HR     0.0         6 = FREEZING RAIN OR DRIZZLE
                        GRTST DEPTH:   0           7 = DUSTSTORM OR SANDSTORM:
                                                       VSBY 1/2 MILE OR LESS
                                                   8 = SMOKE OR HAZE
[NO. OF DAYS WITH]      [WEATHER - DAYS WITH]      9 = BLOWING SNOW
                                                   X = TORNADO
MAX 32 OR BELOW:   0    0.01 INCH OR MORE:  14
MAX 90 OR ABOVE:   1    0.10 INCH OR MORE:  11
MIN 32 OR BELOW:   0    0.50 INCH OR MORE:   2
MIN  0 OR BELOW:   0    1.00 INCH OR MORE:   1

[HDD (BASE 65) ]
TOTAL THIS MO.    45    CLEAR  (SCALE 0-3)   5
DPTR FM NORMAL  -143    PTCLDY (SCALE 4-7)  12
TOTAL FM JUL 1  5708    CLOUDY (SCALE 8-10)  4
DPTR FM NORMAL  -398

[CDD (BASE 65) ]
TOTAL THIS MO.    65
DPTR FM NORMAL    54    [PRESSURE DATA]
TOTAL FM JAN 1    77    HIGHEST SLP M ON M
DPTR FM NORMAL    60    LOWEST  SLP 29.69 ON  4

[REMARKS]
