000
CXUS53 KGRR 191017
CF6BIV
PRELIMINARY LOCAL CLIMATOLOGICAL DATA (WS FORM: F-6)

                                          STATION:   HOLLAND
                                          MONTH:     APRIL
                                          YEAR:      2018
                                          LATITUDE:   42 49 N
                                          LONGITUDE:  86 10 W

  TEMPERATURE IN F:       :PCPN:    SNOW:  WIND      :SUNSHINE: SKY     :PK WND
================================================================================
1   2   3   4   5  6A  6B    7    8   9   10  11  12  13   14  15   16   17  18
                                     12Z  AVG MX 2MIN
DY MAX MIN AVG DEP HDD CDD  WTR  SNW DPTH SPD SPD DIR MIN PSBL S-S WX    SPD DR
================================================================================

 1  33  23  28 -15  37   0 0.00    M    M  8.5 17 270   M    M   4        26 310
 2  41  19  30 -13  35   0 0.00    M    M  3.8 13 260   M    M   2        17 270
 3  39  34  37  -7  28   0 0.48    M    M 11.0 20  80   M    M  10 138    28  80
 4  34  28  31 -13  34   0 0.08    M    M 13.9 26 310   M    M  10 18     42 320
 5  37  28  33 -11  32   0    T    M    M  9.5 20 250   M    M   6        23 240
 6  38  28  33 -12  32   0 0.05    M    M 13.0 28 310   M    M   7 1      38 310
 7  30  19  25 -20  40   0 0.00    M    M  7.7 18 310   M    M   7        24 300
 8  38  19  29 -17  36   0 0.00    M    M  5.0 13 310   M    M   1        20 310
 9  40  28  34 -12  31   0 0.03    M    M  5.3 14 300   M    M   6 1      22 240
10  43  26  35 -11  30   0 0.00    M    M  7.6 17 250   M    M   1        22 240
11  52  35  44  -3  21   0 0.02    M    M 10.6 26 220   M    M   7 1      36 210
12  63  46  55   8  10   0 0.32    M    M 13.5 37 230   M    M   2 1      43 220
13  48  39  44  -3  21   0 0.05    M    M 13.2 25 110   M    M  10 1      31 110
14  40  30  35 -13  30   0 0.89    M    M 22.0 35  90   M    M  10 16     46  80
15  35  30  33 -15  32   0 0.65    M    M 11.1 31  90   M    M  10 16     40 110
16  35  32  34 -15  31   0 0.07    M    M 12.0 21 300   M    M  10 1      29 310
17  34  29  32 -17  33   0 0.01    M    M 11.8 22 300   M    M  10        33 280
18  44  33  39 -10  26   0 0.09    M    M  7.5 21  90   M    M  10 1      32  90
================================================================================
SM  724  526       539   0  2.74    M    187.0          M      123
================================================================================
AV 40.2 29.2                              10.4 FASTST   M    M   7    MAX(MPH)
                                 MISC ---->  # 37 230               # 46   80
================================================================================
NOTES:
# LAST OF SEVERAL OCCURRENCES

COLUMN 17 PEAK WIND IN M.P.H.

PRELIMINARY LOCAL CLIMATOLOGICAL DATA (WS FORM: F-6) , PAGE 2

                                          STATION:  HOLLAND
                                          MONTH:    APRIL
                                          YEAR:     2018
                                          LATITUDE:   42 49 N
                                          LONGITUDE:  86 10 W

[TEMPERATURE DATA]      [PRECIPITATION DATA]       SYMBOLS USED IN COLUMN 16

AVERAGE MONTHLY: 34.7   TOTAL FOR MONTH:   2.74    1 = FOG OR MIST
DPTR FM NORMAL: -11.4   DPTR FM NORMAL:    1.03    2 = FOG REDUCING VISIBILITY
HIGHEST:    63 ON 12    GRTST 24HR  0.89 ON 14-14      TO 1/4 MILE OR LESS
LOWEST:     19 ON  8, 7                            3 = THUNDER
                        SNOW, ICE PELLETS, HAIL    4 = ICE PELLETS
                        TOTAL MONTH:    M          5 = HAIL
                        GRTST 24HR    M  ON   M    6 = FREEZING RAIN OR DRIZZLE
                        GRTST DEPTH:  M  ON   M    7 = DUSTSTORM OR SANDSTORM:
                                                       VSBY 1/2 MILE OR LESS
                                                   8 = SMOKE OR HAZE
[NO. OF DAYS WITH]      [WEATHER - DAYS WITH]      9 = BLOWING SNOW
                                                   X = TORNADO
MAX 32 OR BELOW:   1    0.01 INCH OR MORE:  12
MAX 90 OR ABOVE:   0    0.10 INCH OR MORE:   4
MIN 32 OR BELOW:  13    0.50 INCH OR MORE:   2
MIN  0 OR BELOW:   0    1.00 INCH OR MORE:   0

[HDD (BASE 65) ]
TOTAL THIS MO.   539    CLEAR  (SCALE 0-3)   4
DPTR FM NORMAL   196    PTCLDY (SCALE 4-7)   6
TOTAL FM JUL 1  5977    CLOUDY (SCALE 8-10)  8
DPTR FM NORMAL   260

[CDD (BASE 65) ]
TOTAL THIS MO.     0
DPTR FM NORMAL     0    [PRESSURE DATA]
TOTAL FM JAN 1     0    HIGHEST SLP M ON M
DPTR FM NORMAL     0    LOWEST  SLP 29.49 ON  3

[REMARKS]
