000
CXUS51 KRNK 261006
CF6BLF
PRELIMINARY LOCAL CLIMATOLOGICAL DATA (WS FORM: F-6)

                                          STATION:   BLUEFIELD WV
                                          MONTH:     APRIL
                                          YEAR:      2018
                                          LATITUDE:   37 17 N
                                          LONGITUDE:  81 12 W

  TEMPERATURE IN F:       :PCPN:    SNOW:  WIND      :SUNSHINE: SKY     :PK WND
================================================================================
1   2   3   4   5  6A  6B    7    8   9   10  11  12  13   14  15   16   17  18
                                     12Z  AVG MX 2MIN
DY MAX MIN AVG DEP HDD CDD  WTR  SNW DPTH SPD SPD DIR MIN PSBL S-S WX    SPD DR
================================================================================

 1  57  46  52   2  13   0    T  0.0    0  8.1 22 270   M    M   8        29 280
 2  56  43  50  -1  15   0 0.18  0.0    0  2.8 15 300   M    M   8 13     24 320
 3  67  44  56   5   9   0 0.07  0.0    0  7.8 21 230   M    M   4 1      31 190
 4  64  29  47  -5  18   0 0.29  0.0    0 15.4 31 280   M    M   4 1      45 270
 5  48  23  36 -16  29   0 0.00  0.0    0  7.8 17 280   M    M   2        24 300
 6  60  40  50  -2  15   0 0.09  0.0    0 14.5 29 240   M    M   5        38 230
 7  44  24  34 -18  31   0 0.14  0.6    1  6.8 16 260   M    M  10 1      22 250
 8  41  19  30 -23  35   0 0.00  0.0    0  5.4 16 270   M    M   2        21 260
 9  39  30  35 -18  30   0 0.06  0.5    0  4.4 15 160   M    M  10 1      24 170
10  49  31  40 -14  25   0 0.00  0.0    0  5.6 15 310   M    M   7        19 330
11  55  30  43 -11  22   0 0.00  0.0    0  6.3 18 310   M    M   2        25 330
12  70  43  57   3   8   0 0.00  0.0    0 10.6 25 240   M    M   1        36 240
13  77  54  66  12   0   1 0.00  0.0    0  7.8 16 190   M    M   0        24 170
14  79  56  68  13   0   3 0.00  0.0    0  9.1 20 250   M    M   0        28 190
15  64  44  54  -1  11   0 1.88  0.0    0 10.0 25 170   M    M   7 13     40 140
16  44  25  35 -20  30   0 0.07  0.4    T 13.1 24 290   M    M  10 12     36 270
17  56  24  40 -16  25   0    T    T    0 15.0 31 270   M    M   5        49 260
18  75  40  58   2   7   0 0.00  0.0    0 13.6 29 270   M    M   1        41 250
19  62  31  47  -9  18   0 0.13  0.0    0 11.6 25 300   M    M   8 1      37 310
20  55  29  42 -15  23   0 0.00  0.0    0  6.0 14  10   M    M   0        19  10
21  65  35  50  -7  15   0 0.00  0.0    0  4.9 14 170   M    M   0        22 180
22  67  50  59   2   6   0 0.00  0.0    0  7.4 20 140   M    M   0        34 150
23  53  47  50  -7  15   0 0.09  0.0    0 11.3 24 130   M    M   8 1      44 150
24  55  46  51  -7  14   0 0.14  0.0    0  9.2 22 100   M    M   9 1      40 100
25  56  47  52  -6  13   0 0.19  0.0    0  6.6 16 300   M    M  10 12     23 320
================================================================================
SM 1458  930       427   4  3.33     1.5 221.1          M      121
================================================================================
AV 58.3 37.2                               8.8 FASTST   M    M   5    MAX(MPH)
                                 MISC ---->  # 31 280               # 49  260
================================================================================
NOTES:
# LAST OF SEVERAL OCCURRENCES

COLUMN 17 PEAK WIND IN M.P.H.

PRELIMINARY LOCAL CLIMATOLOGICAL DATA (WS FORM: F-6) , PAGE 2

                                          STATION:  BLUEFIELD WV
                                          MONTH:    APRIL
                                          YEAR:     2018
                                          LATITUDE:   37 17 N
                                          LONGITUDE:  81 12 W

[TEMPERATURE DATA]      [PRECIPITATION DATA]       SYMBOLS USED IN COLUMN 16

AVERAGE MONTHLY: 47.8   TOTAL FOR MONTH:   3.33    1 = FOG OR MIST
DPTR FM NORMAL:  -6.6   DPTR FM NORMAL:    0.58    2 = FOG REDUCING VISIBILITY
HIGHEST:    79 ON 14    GRTST 24HR  1.88 ON 15-15      TO 1/4 MILE OR LESS
LOWEST:     19 ON  8                               3 = THUNDER
                        SNOW, ICE PELLETS, HAIL    4 = ICE PELLETS
                        TOTAL MONTH:   1.5 INCHES  5 = HAIL
                        GRTST 24HR   0.6 ON  7- 7  6 = FREEZING RAIN OR DRIZZLE
                        GRTST DEPTH:   1 ON  7     7 = DUSTSTORM OR SANDSTORM:
                                                       VSBY 1/2 MILE OR LESS
                                                   8 = SMOKE OR HAZE
[NO. OF DAYS WITH]      [WEATHER - DAYS WITH]      9 = BLOWING SNOW
                                                   X = TORNADO
MAX 32 OR BELOW:   0    0.01 INCH OR MORE:  12
MAX 90 OR ABOVE:   0    0.10 INCH OR MORE:   7
MIN 32 OR BELOW:  11    0.50 INCH OR MORE:   1
MIN  0 OR BELOW:   0    1.00 INCH OR MORE:   1

[HDD (BASE 65) ]
TOTAL THIS MO.   427    CLEAR  (SCALE 0-3)  10
DPTR FM NORMAL   143    PTCLDY (SCALE 4-7)   7
TOTAL FM JUL 1  5010    CLOUDY (SCALE 8-10)  8
DPTR FM NORMAL   617

[CDD (BASE 65) ]
TOTAL THIS MO.     4
DPTR FM NORMAL   -19    [PRESSURE DATA]
TOTAL FM JAN 1     6    HIGHEST SLP M ON M
DPTR FM NORMAL   -21    LOWEST  SLP 29.48 ON 16

[REMARKS]
