177
CXUS52 KGSP 230817
CF6CLT
PRELIMINARY LOCAL CLIMATOLOGICAL DATA (WS FORM: F-6)

                                          STATION:   CHARLOTTE NC
                                          MONTH:     APRIL
                                          YEAR:      2018
                                          LATITUDE:   35 12 N
                                          LONGITUDE:  80 57 W

  TEMPERATURE IN F:       :PCPN:    SNOW:  WIND      :SUNSHINE: SKY     :PK WND
================================================================================
1   2   3   4   5  6A  6B    7    8   9   10  11  12  13   14  15   16   17  18
                                     12Z  AVG MX 2MIN
DY MAX MIN AVG DEP HDD CDD  WTR  SNW DPTH SPD SPD DIR MIN PSBL S-S WX    SPD DR
================================================================================

 1  77  45  61   5   4   0 0.00  0.0    0  7.2 17 210   M    M   5        22 190
 2  82  60  71  15   0   6 0.00  0.0    0  7.9 16 220   M    M   7        20 220
 3  81  49  65   9   0   0 0.00  0.0    0  8.8 20 200   M    M   5        25 210
 4  75  47  61   5   4   0    T  0.0    0 13.0 22 310   M    M   6        33 300
 5  63  38  51  -6  14   0 0.00  0.0    0  6.3 14 330   M    M   4        20  90
 6  69  41  55  -2  10   0    T  0.0    0  8.3 18 220   M    M   7        25 220
 7  59  37  48  -9  17   0 0.37    T    0  9.5 22  30   M    M  10 14     29  40
 8  54  35  45 -13  20   0 0.03    T    0  7.2 16  20   M    M   7 14     22  30
 9  61  45  53  -5  12   0 0.01  0.0    0  5.1 12 140   M    M   8 18     16 130
10  66  48  57  -1   8   0 0.00  0.0    0  5.9 14  10   M    M   6        21  70
11  66  50  58   0   7   0    T  0.0    0  6.4 14 160   M    M   7        19  70
12  76  46  61   3   4   0 0.00  0.0    0 10.3 23 190   M    M   4 8      29 190
13  79  50  65   6   0   0 0.00  0.0    0 10.9 22 200   M    M   3        30 240
14  82  59  71  12   0   6 0.00  0.0    0 11.7 23 190   M    M   5        31 200
15  78  52  65   6   0   0 1.16  0.0    0 16.8 44 210   M    M   9 13     67 200
16  61  37  49 -11  16   0 0.00  0.0    0 12.8 22 310   M    M   7        31 310
17  72  30  51  -9  14   0 0.00  0.0    0  9.1 22 220   M    M   1        29 230
18  84  49  67   7   0   2 0.00  0.0    0 11.8 26 200   M    M   2        36 210
19  75  44  60   0   5   0 0.00  0.0    0 14.0 24 350   M    M   1        31 350
20  67  38  53  -8  12   0 0.00  0.0    0  5.2 16  30   M    M   0        22  30
21  70  36  53  -8  12   0 0.00  0.0    0  6.0 13 170   M    M   2        15 140
22  70  46  58  -3   7   0 0.00  0.0    0  7.3 17 140   M    M   7        21 120
================================================================================
SM 1567  982       166  14  1.57    T    201.5          M      113
================================================================================
AV 71.2 44.6                               9.2 FASTST   M    M   5    MAX(MPH)
                                 MISC ---->  # 44 210               # 67  200
================================================================================
NOTES:
# LAST OF SEVERAL OCCURRENCES

COLUMN 17 PEAK WIND IN M.P.H.

PRELIMINARY LOCAL CLIMATOLOGICAL DATA (WS FORM: F-6) , PAGE 2

                                          STATION:  CHARLOTTE NC
                                          MONTH:    APRIL
                                          YEAR:     2018
                                          LATITUDE:   35 12 N
                                          LONGITUDE:  80 57 W

[TEMPERATURE DATA]      [PRECIPITATION DATA]       SYMBOLS USED IN COLUMN 16

AVERAGE MONTHLY: 57.9   TOTAL FOR MONTH:   1.57    1 = FOG OR MIST
DPTR FM NORMAL:  -0.5   DPTR FM NORMAL:   -0.68    2 = FOG REDUCING VISIBILITY
HIGHEST:    84 ON 18    GRTST 24HR  1.16 ON 15-15      TO 1/4 MILE OR LESS
LOWEST:     30 ON 17                               3 = THUNDER
                        SNOW, ICE PELLETS, HAIL    4 = ICE PELLETS
                        TOTAL MONTH:    T          5 = HAIL
                        GRTST 24HR    T  ON  8- 8  6 = FREEZING RAIN OR DRIZZLE
                        GRTST DEPTH:   0           7 = DUSTSTORM OR SANDSTORM:
                                                       VSBY 1/2 MILE OR LESS
                                                   8 = SMOKE OR HAZE
[NO. OF DAYS WITH]      [WEATHER - DAYS WITH]      9 = BLOWING SNOW
                                                   X = TORNADO
MAX 32 OR BELOW:   0    0.01 INCH OR MORE:   4
MAX 90 OR ABOVE:   0    0.10 INCH OR MORE:   2
MIN 32 OR BELOW:   1    0.50 INCH OR MORE:   1
MIN  0 OR BELOW:   0    1.00 INCH OR MORE:   1

[HDD (BASE 65) ]
TOTAL THIS MO.   166    CLEAR  (SCALE 0-3)   5
DPTR FM NORMAL     2    PTCLDY (SCALE 4-7)  15
TOTAL FM JUL 1  2944    CLOUDY (SCALE 8-10)  2
DPTR FM NORMAL  -352

[CDD (BASE 65) ]
TOTAL THIS MO.    14
DPTR FM NORMAL    -7    [PRESSURE DATA]
TOTAL FM JAN 1    47    HIGHEST SLP M ON M
DPTR FM NORMAL    21    LOWEST  SLP 29.56 ON 15

[REMARKS]
