000
CXUS53 KIWX 250800
CF6DFI
PRELIMINARY LOCAL CLIMATOLOGICAL DATA (WS FORM: F-6)

                                          STATION:   DEFIANCE MEMORIAL
                                          MONTH:     MAY
                                          YEAR:      2018
                                          LATITUDE:   41 20 N
                                          LONGITUDE:  84 26 W

  TEMPERATURE IN F:       :PCPN:    SNOW:  WIND      :SUNSHINE: SKY     :PK WND
================================================================================
1   2   3   4   5  6A  6B    7    8   9   10  11  12  13   14  15   16   17  18
                                     12Z  AVG MX 2MIN
DY MAX MIN AVG DEP HDD CDD  WTR  SNW DPTH SPD SPD DIR MIN PSBL S-S WX    SPD DR
================================================================================

 1  83  50  67  12   0   2 0.00  0.0    M  9.5 22 210   M    M   0        30 230
 2  85  59  72  17   0   7 0.72  0.0    0 12.8 26 220   M    M   4 13     37 230
 3  74  62  68  13   0   3 1.10  0.0    0  8.4 23 210   M    M   7 13     30 210
 4  74  51  63   7   2   0 0.02  0.0    0 12.6 29 300   M    M   4 3      42 290
 5  77  49  63   7   2   0 0.00  0.0    0  5.0 14 190   M    M   0        19 200
 6  78  54  66  10   0   1    T  0.0    0  8.0 21 340   M    M   1        27 340
 7  70  47  59   2   6   0 0.00  0.0    0  6.9 17  30   M    M   0        24  10
 8  77  42  60   3   5   0 0.00  0.0    0  2.0  6  60   M    M   0         M  M
 9  83  50  67  10   0   2 0.00  0.0    0  8.4 23 210   M    M   4 3      35 230
10  73  53  63   5   2   0 0.10  0.0    0  7.9 20 220   M    M   3 13     26 210
11  57  47  52  -6  13   0    T    M    0 11.4 17  80   M    M   7        23  90
12  56  45  51  -7  14   0 0.02  0.0    0   M   M   M   M    M   M         M  M
13   M   M   M   M   M   M    M    M    M   M   M   M   M    M   M         M  M
14  80  53  67   8   0   2 0.42  0.0    0  5.5 25 320   M    M   2 13     31 320
15   M   M   M   M   M   M 0.06    M    0  5.1 10 340   M    M   6 13     23 340
16  76  53  65   5   0   0 0.00  0.0    M  9.5 13 110   M    M   0         M  M
17  80  50  65   5   0   0 0.00  0.0    M  7.6 17  60   M    M   0 1      23  80
18  69  54  62   2   3   0 0.13  0.0    0 10.8 21  60   M    M   5 1      28  40
19  76  57  67   7   0   2 0.28  0.0    0  6.7 17 300   M    M   6 13     23 300
20  71  59  65   4   0   0 0.00  0.0    0  7.1 14  20   M    M   9        19 320
21  68  56  62   1   3   0 0.15  0.0    0  8.9 17  90   M    M   8 1      23  80
22  79  54  67   6   0   2 0.00  0.0    0  6.6 18 310   M    M   6 18     25 310
23  79  53  66   4   0   1 0.00  0.0    0  3.1 12  70   M    M   0 1      14  70
24  82  52  67   5   0   2 0.00  0.0    0  1.9 10 100   M    M   0        13 200
================================================================================
SM 1647 1150        50  24  3.00     0.0 165.7          M       72
================================================================================
AV 74.9 52.3                               7.5 FASTST   M    M   3    MAX(MPH)
                                 MISC ---->  # 29 300               # 42  290
================================================================================
NOTES:
# LAST OF SEVERAL OCCURRENCES

COLUMN 17 PEAK WIND IN M.P.H.

PRELIMINARY LOCAL CLIMATOLOGICAL DATA (WS FORM: F-6) , PAGE 2

                                          STATION:  DEFIANCE MEMORIAL
                                          MONTH:    MAY
                                          YEAR:     2018
                                          LATITUDE:   41 20 N
                                          LONGITUDE:  84 26 W

[TEMPERATURE DATA]      [PRECIPITATION DATA]       SYMBOLS USED IN COLUMN 16

AVERAGE MONTHLY: 63.6   TOTAL FOR MONTH:   3.00    1 = FOG OR MIST
DPTR FM NORMAL:   5.2   DPTR FM NORMAL:    0.04    2 = FOG REDUCING VISIBILITY
HIGHEST:    85 ON  2    GRTST 24HR  1.10 ON  3- 3      TO 1/4 MILE OR LESS
LOWEST:     42 ON  8                               3 = THUNDER
                        SNOW, ICE PELLETS, HAIL    4 = ICE PELLETS
                        TOTAL MONTH:   0.0 INCH    5 = HAIL
                        GRTST 24HR     0.0         6 = FREEZING RAIN OR DRIZZLE
                        GRTST DEPTH:   0           7 = DUSTSTORM OR SANDSTORM:
                                                       VSBY 1/2 MILE OR LESS
                                                   8 = SMOKE OR HAZE
[NO. OF DAYS WITH]      [WEATHER - DAYS WITH]      9 = BLOWING SNOW
                                                   X = TORNADO
MAX 32 OR BELOW:   0    0.01 INCH OR MORE:  10
MAX 90 OR ABOVE:   0    0.10 INCH OR MORE:   7
MIN 32 OR BELOW:   0    0.50 INCH OR MORE:   2
MIN  0 OR BELOW:   0    1.00 INCH OR MORE:   1

[HDD (BASE 65) ]
TOTAL THIS MO.    50    CLEAR  (SCALE 0-3)  11
DPTR FM NORMAL  -133    PTCLDY (SCALE 4-7)   9
TOTAL FM JUL 1  6101    CLOUDY (SCALE 8-10)  2
DPTR FM NORMAL   -64

[CDD (BASE 65) ]
TOTAL THIS MO.    24
DPTR FM NORMAL     1    [PRESSURE DATA]
TOTAL FM JAN 1    24    HIGHEST SLP M ON M
DPTR FM NORMAL    -5    LOWEST  SLP 29.65 ON  4

[REMARKS]
