000
CXUS53 KUNR 240945
CF6GCC
PRELIMINARY LOCAL CLIMATOLOGICAL DATA (WS FORM: F-6)

                                          STATION:   GILLETTE AIRPORT WY
                                          MONTH:     MAY
                                          YEAR:      2018
                                          LATITUDE:   44 20 N
                                          LONGITUDE: 105 32 W

  TEMPERATURE IN F:       :PCPN:    SNOW:  WIND      :SUNSHINE: SKY     :PK WND
================================================================================
1   2   3   4   5  6A  6B    7    8   9   10  11  12  13   14  15   16   17  18
                                     12Z  AVG MX 2MIN
DY MAX MIN AVG DEP HDD CDD  WTR  SNW DPTH SPD SPD DIR MIN PSBL S-S WX    SPD DR
================================================================================

 1  56  30  43  -5  22   0    T    M    M  4.2 14 340   M    M   7 1      17 350
 2  61  29  45  -3  20   0 0.00    M    M  4.9 13  10   M    M   4        15 360
 3  65  31  48  -1  17   0 0.00    M    M  8.1 22 340   M    M   3        27 320
 4  73  41  57   8   8   0 0.00    M    M 10.1 18 230   M    M   0        23 330
 5  73  45  59   9   6   0 0.00    M    M  9.8 20 330   M    M   0        26 310
 6  77  43  60  10   5   0 0.00    M    M  8.0 20 170   M    M   2        27 160
 7  81  44  63  13   2   0 0.14    M    M  8.6 26 350   M    M   0 38     33 340
 8  70  46  58   8   7   0 0.00    M    M 10.0 21 340   M    M   4        26 320
 9  72  43  58   7   7   0 0.01    M    M  8.4 30 130   M    M   2 3      35 130
10  63  50  57   6   8   0 0.00    M    M  9.4 20 150   M    M   2        24 140
11  53  41  47  -5  18   0 0.19    M    M 10.9 21 170   M    M   9 1      24 170
12  48  40  44  -8  21   0 0.03    M    M  7.8 14  10   M    M  10 1      16  10
13  62  39  51  -1  14   0 0.00    M    M  5.3 14 360   M    M   8 1      17  10
14  68  37  53   1  12   0 0.00    M    M  6.7 25 330   M    M   2 3      31 340
15  76  36  56   3   9   0 0.00    M    M  5.9 14 230   M    M   1        18 230
16  82  49  66  13   0   1 0.00    M    M  9.3 18 250   M    M   0        25 210
17  78  46  62   9   3   0 0.23    M    M 10.3 54 240   M    M   0 138    66 230
18  67  44  56   2   9   0 0.05    M    M 12.7 24 350   M    M   6 1      31 340
19  56  40  48  -6  17   0 0.01    M    M 11.1 17 170   M    M   7 1      21 160
20  64  38  51  -3  14   0 0.00    M    M 17.2 29 160   M    M   1        36 160
21  79  44  62   8   3   0 0.00    M    M  9.6 24 200   M    M   0        33 210
22  78  44  61   6   4   0 0.01    M    M  8.3 30 130   M    M   2 13     37 130
23  77  50  64   9   1   0 0.12    M    M 11.6 38 180   M    M   4 138    47 190
================================================================================
SM 1579  950       227   1  0.79    M    208.2          M       74
================================================================================
AV 68.7 41.3                               9.1 FASTST   M    M   3    MAX(MPH)
                                 MISC ---->  # 54 240               # 66  230
================================================================================
NOTES:
# LAST OF SEVERAL OCCURRENCES

COLUMN 17 PEAK WIND IN M.P.H.

PRELIMINARY LOCAL CLIMATOLOGICAL DATA (WS FORM: F-6) , PAGE 2

                                          STATION:  GILLETTE AIRPORT WY
                                          MONTH:    MAY
                                          YEAR:     2018
                                          LATITUDE:   44 20 N
                                          LONGITUDE: 105 32 W

[TEMPERATURE DATA]      [PRECIPITATION DATA]       SYMBOLS USED IN COLUMN 16

AVERAGE MONTHLY: 55.0   TOTAL FOR MONTH:   0.79    1 = FOG OR MIST
DPTR FM NORMAL:   3.3   DPTR FM NORMAL:   -0.98    2 = FOG REDUCING VISIBILITY
HIGHEST:    82 ON 16    GRTST 24HR  0.23 ON 17-17      TO 1/4 MILE OR LESS
LOWEST:     29 ON  2                               3 = THUNDER
                        SNOW, ICE PELLETS, HAIL    4 = ICE PELLETS
                        TOTAL MONTH:    M          5 = HAIL
                        GRTST 24HR    M  ON   M    6 = FREEZING RAIN OR DRIZZLE
                        GRTST DEPTH:  M  ON   M    7 = DUSTSTORM OR SANDSTORM:
                                                       VSBY 1/2 MILE OR LESS
                                                   8 = SMOKE OR HAZE
[NO. OF DAYS WITH]      [WEATHER - DAYS WITH]      9 = BLOWING SNOW
                                                   X = TORNADO
MAX 32 OR BELOW:   0    0.01 INCH OR MORE:   9
MAX 90 OR ABOVE:   0    0.10 INCH OR MORE:   4
MIN 32 OR BELOW:   3    0.50 INCH OR MORE:   0
MIN  0 OR BELOW:   0    1.00 INCH OR MORE:   0

[HDD (BASE 65) ]
TOTAL THIS MO.   227    CLEAR  (SCALE 0-3)  14
DPTR FM NORMAL   -84    PTCLDY (SCALE 4-7)   7
TOTAL FM JUL 1  7321    CLOUDY (SCALE 8-10)  2
DPTR FM NORMAL    -6

[CDD (BASE 65) ]
TOTAL THIS MO.     1
DPTR FM NORMAL     1    [PRESSURE DATA]
TOTAL FM JAN 1     1    HIGHEST SLP M ON M
DPTR FM NORMAL     1    LOWEST  SLP 29.36 ON 17

[REMARKS]
